{"id":18797,"date":"2024-06-02T20:31:19","date_gmt":"2024-06-02T20:31:19","guid":{"rendered":"https:\/\/gozu.zone\/?post_type=product&#038;p=18797"},"modified":"2024-09-12T05:56:35","modified_gmt":"2024-09-12T05:56:35","slug":"abyss-210-sleeves","status":"publish","type":"product","link":"https:\/\/gozu.zone\/?product=abyss-210-sleeves","title":{"rendered":"Pochettes &#8211; ABYSS &#8211; 210 SLEEVES"},"content":{"rendered":"<p>Voici un mat\u00e9riel exclusif, id\u00e9al pour prot\u00e9ger vos cartes et approfondir l\u2019immersion dans les parties d\u2019Abyss ! 210 prot\u00e8ge-cartes sont disponibles (127 pour le format exploration, 20 pour le format L\u00e9viathan et 63 pour le format des Seigneurs), ce qui couvre le jeu de base et les deux extensions.<\/p>\n","protected":false},"excerpt":{"rendered":"<p>Voici un mat\u00e9riel exclusif, id\u00e9al pour prot\u00e9ger vos cartes et approfondir l\u2019immersion dans les parties d\u2019Abyss !<\/p>\n","protected":false},"featured_media":18798,"comment_status":"open","ping_status":"closed","template":"","meta":{"_acf_changed":false},"product_brand":[],"product_cat":[758,308],"product_tag":[759,136],"class_list":{"0":"post-18797","1":"product","2":"type-product","3":"status-publish","4":"has-post-thumbnail","6":"product_cat-abyss","7":"product_cat-proteges-cartes","8":"product_tag-abyss","9":"product_tag-sleeves","10":"product_shipping_class-livraisonstandard_colis","12":"first","13":"instock","14":"taxable","15":"shipping-taxable","16":"purchasable","17":"product-type-simple"},"acf":[],"yoast_head":"<!-- This site is optimized with the Yoast SEO plugin v25.3 - https:\/\/yoast.com\/wordpress\/plugins\/seo\/ -->\n<title>Acheter Pochettes - ABYSS - 210 SLEEVES - GOZU ZONE - Jeux et Accessoires<\/title>\n<meta name=\"robots\" content=\"index, follow, max-snippet:-1, max-image-preview:large, max-video-preview:-1\" \/>\n<link rel=\"canonical\" href=\"https:\/\/gozu.zone\/?product=abyss-210-sleeves\" \/>\n<meta property=\"og:locale\" content=\"fr_FR\" \/>\n<meta property=\"og:type\" content=\"article\" \/>\n<meta property=\"og:title\" content=\"Acheter Pochettes - ABYSS - 210 SLEEVES - GOZU ZONE - Jeux et Accessoires\" \/>\n<meta property=\"og:description\" content=\"Voici un mat\u00e9riel exclusif, id\u00e9al pour prot\u00e9ger vos cartes et approfondir l\u2019immersion dans les parties d\u2019Abyss !\" \/>\n<meta property=\"og:url\" content=\"https:\/\/gozu.zone\/?product=abyss-210-sleeves\" \/>\n<meta property=\"og:site_name\" content=\"GOZU ZONE\" \/>\n<meta property=\"article:publisher\" content=\"https:\/\/www.facebook.com\/gozuzone\/\" \/>\n<meta property=\"article:modified_time\" content=\"2024-09-12T05:56:35+00:00\" \/>\n<meta property=\"og:image\" content=\"https:\/\/gozu.zone\/wp-content\/uploads\/2024\/06\/set_pochette_abyss.png\" \/>\n\t<meta property=\"og:image:width\" content=\"1000\" \/>\n\t<meta property=\"og:image:height\" content=\"1000\" \/>\n\t<meta property=\"og:image:type\" content=\"image\/png\" \/>\n<meta name=\"twitter:card\" content=\"summary_large_image\" \/>\n<meta name=\"twitter:site\" content=\"@gozuzone\" \/>\n<meta name=\"twitter:label1\" content=\"Dur\u00e9e de lecture estim\u00e9e\" \/>\n\t<meta name=\"twitter:data1\" content=\"1 minute\" \/>\n<script type=\"application\/ld+json\" class=\"yoast-schema-graph\">{\"@context\":\"https:\/\/schema.org\",\"@graph\":[{\"@type\":\"WebPage\",\"@id\":\"https:\/\/gozu.zone\/?product=abyss-210-sleeves\",\"url\":\"https:\/\/gozu.zone\/?product=abyss-210-sleeves\",\"name\":\"Acheter Pochettes - ABYSS - 210 SLEEVES - GOZU ZONE - Jeux et Accessoires\",\"isPartOf\":{\"@id\":\"https:\/\/gozu.zone\/#website\"},\"primaryImageOfPage\":{\"@id\":\"https:\/\/gozu.zone\/?product=abyss-210-sleeves#primaryimage\"},\"image\":{\"@id\":\"https:\/\/gozu.zone\/?product=abyss-210-sleeves#primaryimage\"},\"thumbnailUrl\":\"https:\/\/gozu.zone\/wp-content\/uploads\/2024\/06\/set_pochette_abyss.png\",\"datePublished\":\"2024-06-02T20:31:19+00:00\",\"dateModified\":\"2024-09-12T05:56:35+00:00\",\"breadcrumb\":{\"@id\":\"https:\/\/gozu.zone\/?product=abyss-210-sleeves#breadcrumb\"},\"inLanguage\":\"fr-FR\",\"potentialAction\":[{\"@type\":\"ReadAction\",\"target\":[\"https:\/\/gozu.zone\/?product=abyss-210-sleeves\"]}]},{\"@type\":\"ImageObject\",\"inLanguage\":\"fr-FR\",\"@id\":\"https:\/\/gozu.zone\/?product=abyss-210-sleeves#primaryimage\",\"url\":\"https:\/\/gozu.zone\/wp-content\/uploads\/2024\/06\/set_pochette_abyss.png\",\"contentUrl\":\"https:\/\/gozu.zone\/wp-content\/uploads\/2024\/06\/set_pochette_abyss.png\",\"width\":1000,\"height\":1000,\"caption\":\"set-pochettes-abyss\"},{\"@type\":\"BreadcrumbList\",\"@id\":\"https:\/\/gozu.zone\/?product=abyss-210-sleeves#breadcrumb\",\"itemListElement\":[{\"@type\":\"ListItem\",\"position\":1,\"name\":\"Accueil\",\"item\":\"https:\/\/gozu.zone\/\"},{\"@type\":\"ListItem\",\"position\":2,\"name\":\"BOUTIQUE\",\"item\":\"https:\/\/gozu.zone\/?page_id=308\"},{\"@type\":\"ListItem\",\"position\":3,\"name\":\"Pochettes &#8211; ABYSS &#8211; 210 SLEEVES\"}]},{\"@type\":\"WebSite\",\"@id\":\"https:\/\/gozu.zone\/#website\",\"url\":\"https:\/\/gozu.zone\/\",\"name\":\"GOZU ZONE\",\"description\":\"Toujours plus pour vos jeux\",\"potentialAction\":[{\"@type\":\"SearchAction\",\"target\":{\"@type\":\"EntryPoint\",\"urlTemplate\":\"https:\/\/gozu.zone\/?s={search_term_string}\"},\"query-input\":{\"@type\":\"PropertyValueSpecification\",\"valueRequired\":true,\"valueName\":\"search_term_string\"}}],\"inLanguage\":\"fr-FR\"}]}<\/script>\n<!-- \/ Yoast SEO plugin. -->","yoast_head_json":{"title":"Acheter Pochettes - ABYSS - 210 SLEEVES - GOZU ZONE - Jeux et Accessoires","robots":{"index":"index","follow":"follow","max-snippet":"max-snippet:-1","max-image-preview":"max-image-preview:large","max-video-preview":"max-video-preview:-1"},"canonical":"https:\/\/gozu.zone\/?product=abyss-210-sleeves","og_locale":"fr_FR","og_type":"article","og_title":"Acheter Pochettes - ABYSS - 210 SLEEVES - GOZU ZONE - Jeux et Accessoires","og_description":"Voici un mat\u00e9riel exclusif, id\u00e9al pour prot\u00e9ger vos cartes et approfondir l\u2019immersion dans les parties d\u2019Abyss !","og_url":"https:\/\/gozu.zone\/?product=abyss-210-sleeves","og_site_name":"GOZU ZONE","article_publisher":"https:\/\/www.facebook.com\/gozuzone\/","article_modified_time":"2024-09-12T05:56:35+00:00","og_image":[{"width":1000,"height":1000,"url":"https:\/\/gozu.zone\/wp-content\/uploads\/2024\/06\/set_pochette_abyss.png","type":"image\/png"}],"twitter_card":"summary_large_image","twitter_site":"@gozuzone","twitter_misc":{"Dur\u00e9e de lecture estim\u00e9e":"1 minute"},"schema":{"@context":"https:\/\/schema.org","@graph":[{"@type":"WebPage","@id":"https:\/\/gozu.zone\/?product=abyss-210-sleeves","url":"https:\/\/gozu.zone\/?product=abyss-210-sleeves","name":"Acheter Pochettes - ABYSS - 210 SLEEVES - GOZU ZONE - Jeux et Accessoires","isPartOf":{"@id":"https:\/\/gozu.zone\/#website"},"primaryImageOfPage":{"@id":"https:\/\/gozu.zone\/?product=abyss-210-sleeves#primaryimage"},"image":{"@id":"https:\/\/gozu.zone\/?product=abyss-210-sleeves#primaryimage"},"thumbnailUrl":"https:\/\/gozu.zone\/wp-content\/uploads\/2024\/06\/set_pochette_abyss.png","datePublished":"2024-06-02T20:31:19+00:00","dateModified":"2024-09-12T05:56:35+00:00","breadcrumb":{"@id":"https:\/\/gozu.zone\/?product=abyss-210-sleeves#breadcrumb"},"inLanguage":"fr-FR","potentialAction":[{"@type":"ReadAction","target":["https:\/\/gozu.zone\/?product=abyss-210-sleeves"]}]},{"@type":"ImageObject","inLanguage":"fr-FR","@id":"https:\/\/gozu.zone\/?product=abyss-210-sleeves#primaryimage","url":"https:\/\/gozu.zone\/wp-content\/uploads\/2024\/06\/set_pochette_abyss.png","contentUrl":"https:\/\/gozu.zone\/wp-content\/uploads\/2024\/06\/set_pochette_abyss.png","width":1000,"height":1000,"caption":"set-pochettes-abyss"},{"@type":"BreadcrumbList","@id":"https:\/\/gozu.zone\/?product=abyss-210-sleeves#breadcrumb","itemListElement":[{"@type":"ListItem","position":1,"name":"Accueil","item":"https:\/\/gozu.zone\/"},{"@type":"ListItem","position":2,"name":"BOUTIQUE","item":"https:\/\/gozu.zone\/?page_id=308"},{"@type":"ListItem","position":3,"name":"Pochettes &#8211; ABYSS &#8211; 210 SLEEVES"}]},{"@type":"WebSite","@id":"https:\/\/gozu.zone\/#website","url":"https:\/\/gozu.zone\/","name":"GOZU ZONE","description":"Toujours plus pour vos jeux","potentialAction":[{"@type":"SearchAction","target":{"@type":"EntryPoint","urlTemplate":"https:\/\/gozu.zone\/?s={search_term_string}"},"query-input":{"@type":"PropertyValueSpecification","valueRequired":true,"valueName":"search_term_string"}}],"inLanguage":"fr-FR"}]}},"_links":{"self":[{"href":"https:\/\/gozu.zone\/index.php?rest_route=\/wp\/v2\/product\/18797","targetHints":{"allow":["GET"]}}],"collection":[{"href":"https:\/\/gozu.zone\/index.php?rest_route=\/wp\/v2\/product"}],"about":[{"href":"https:\/\/gozu.zone\/index.php?rest_route=\/wp\/v2\/types\/product"}],"replies":[{"embeddable":true,"href":"https:\/\/gozu.zone\/index.php?rest_route=%2Fwp%2Fv2%2Fcomments&post=18797"}],"wp:featuredmedia":[{"embeddable":true,"href":"https:\/\/gozu.zone\/index.php?rest_route=\/wp\/v2\/media\/18798"}],"wp:attachment":[{"href":"https:\/\/gozu.zone\/index.php?rest_route=%2Fwp%2Fv2%2Fmedia&parent=18797"}],"wp:term":[{"taxonomy":"product_brand","embeddable":true,"href":"https:\/\/gozu.zone\/index.php?rest_route=%2Fwp%2Fv2%2Fproduct_brand&post=18797"},{"taxonomy":"product_cat","embeddable":true,"href":"https:\/\/gozu.zone\/index.php?rest_route=%2Fwp%2Fv2%2Fproduct_cat&post=18797"},{"taxonomy":"product_tag","embeddable":true,"href":"https:\/\/gozu.zone\/index.php?rest_route=%2Fwp%2Fv2%2Fproduct_tag&post=18797"}],"curies":[{"name":"wp","href":"https:\/\/api.w.org\/{rel}","templated":true}]}}