{"id":2513,"date":"2015-09-14T09:21:02","date_gmt":"2015-09-14T09:21:02","guid":{"rendered":"http:\/\/gozu.zone\/?product=rangements-king-of-new-york"},"modified":"2021-09-11T12:17:45","modified_gmt":"2021-09-11T12:17:45","slug":"rangements-king-of-new-york","status":"publish","type":"product","link":"https:\/\/gozu.zone\/?product=rangements-king-of-new-york","title":{"rendered":"Rangements &#8211; King of New York\u2122"},"content":{"rendered":"<p><strong>\u00a0Voici les rangements pour King of New York\u2122 ! Cet ensemble de rangements vous permettra d&rsquo;organiser, de prot\u00e9ger et de ranger le jeu o\u00f9 les coups de pattes sont strat\u00e9giquement prodigu\u00e9s !<\/strong><\/p>\n<p>Ce rangement vous permettra de:<\/p>\n<ul>\n<li><strong>Pouvoir ENFIN placer et ranger vos cartes avec des prot\u00e8ge-cartes dans la bo\u00eete.<\/strong><\/li>\n<li><strong>Placer les extensions du jeu<br \/>\n<\/strong><\/li>\n<\/ul>\n<p>&nbsp;<\/p>\n<p>Comme toujours, ces rangements visent \u00e0:<\/p>\n<ul>\n<li><strong>Prot\u00e9ger et conserver le jeu<\/strong> dans le temps;<\/li>\n<li><strong>Immobiliser le mat\u00e9riel<\/strong> et le stabiliser, m\u00eame quand le jeu est sur la tranche (99% des pi\u00e8ces restent en place);<\/li>\n<li><strong>Gagner du temps <\/strong>pour le rangement et l&rsquo;organisation de la partie;<\/li>\n<li><strong>\u00c9conomiser\u00a0de l&rsquo;espace <\/strong>en rangeant toutes les extensions dans la bo\u00eete de base.<\/li>\n<li><strong>Servir d&rsquo;\u00e9crin<\/strong> \u00e0 votre jeu favori, lui offrant toute la valeur qu&rsquo;il m\u00e9rite;<\/li>\n<li><strong>Etre un beau cadeau<\/strong> pour un de vos amis qui a \u00ab\u00a0tout\u00a0\u00bb. Vous \u00eates ainsi s\u00fbr de le surprendre;<\/li>\n<\/ul>\n<p>&nbsp;<\/p>\n<h4><strong>CONTENU:<\/strong><\/h4>\n<p>Tout le n\u00e9cessaire pour ranger le mat\u00e9riel de votre jeu dans la bo\u00eete de base:<\/p>\n<ul>\n<li>1X <strong>module amovible<\/strong> pour les cubes d&rsquo;\u00e9nergie et les marqueurs : vous pouvez le garder pr\u00e8s de vous pendant la partie et gagner du temps!<\/li>\n<li>1X <strong>module amovible<\/strong> pour les tuiles b\u00e2timents \/ unit\u00e9s<\/li>\n<li>1X <strong>compartiment<\/strong> pour les d\u00e9s, plac\u00e9 en dessous du module pour les cubes d&rsquo;\u00e9nergie;<\/li>\n<li>1X <strong>compartiment<\/strong> pour les socles des monstres<\/li>\n<li>1X <strong>compartiment<\/strong> pour les fiches de monstre<\/li>\n<li>2X <strong>compartiments<\/strong> pour ranger les cartes.<\/li>\n<\/ul>\n<p>&nbsp;<\/p>\n<ul>\n<li><em>L&rsquo;ensemble des rangements disposent aussi d&rsquo;une <strong>place d\u00e9di\u00e9e pour le plateau<\/strong>, qui permet d&rsquo;immobiliser le mat\u00e9riel du jeu. <\/em><\/li>\n<li><em>Il reste \u00e9galement un emplacement pour les tuiles de monstre<\/em><\/li>\n<li><strong><em>En option, il est possible de prendre deux bo\u00eetiers sp\u00e9ciaux au format des cartes carr\u00e9es (pour accueillir les cartes sleev\u00e9es). <\/em><\/strong><\/li>\n<\/ul>\n<p>&nbsp;<\/p>\n<h4>CONTRIBUTEUR :<\/h4>\n<p>Un grand merci \u00e0 David, alias <span class=\"st\">JMLERUM, qui nous a pr\u00eat\u00e9 \u00a0King of New York<em>\u2122<\/em> pour travailler sur les rangements !<\/span><\/p>\n<p>&nbsp;<\/p>\n<p class=\"disclaimer\">King of New York sont des jeux \u00e9dit\u00e9s par Iello. Gozu Zone propose de sa propre initiative des rangements compatibles avec ce jeu et ses extensions, qui demeurent la propri\u00e9t\u00e9 de l&rsquo;\u00e9diteur. Ce dernier n&rsquo;assume aucune responsabilit\u00e9 quant \u00e0 nos produits.<\/p>\n","protected":false},"excerpt":{"rendered":"<p>Sublimez la bo\u00eete du jeu de base, prot\u00e9gez votre mat\u00e9riel et gagnez du temps pour vos parties de King of New York<span class=\"st\"><em>\u2122<\/em><\/span> riches en coups de pattes !<strong><em><br \/>\n<\/em><\/strong><\/p>\n","protected":false},"featured_media":15825,"comment_status":"open","ping_status":"closed","template":"","meta":{"_acf_changed":false},"product_brand":[],"product_cat":[311],"product_tag":[294,259,459],"class_list":{"0":"post-2513","1":"product","2":"type-product","3":"status-publish","4":"has-post-thumbnail","6":"product_cat-organiseurs","7":"product_tag-organiseur","8":"product_tag-rangements","9":"product_tag-rangements-j2s","10":"product_shipping_class-livraisonstandard_colis","12":"first","13":"instock","14":"taxable","15":"shipping-taxable","16":"purchasable","17":"product-type-variable","18":"has-default-attributes"},"acf":[],"yoast_head":"<!-- This site is optimized with the Yoast SEO plugin v25.3 - https:\/\/yoast.com\/wordpress\/plugins\/seo\/ -->\n<title>Acheter Rangements - King of New York\u2122 - GOZU ZONE - Jeux et Accessoires<\/title>\n<meta name=\"robots\" content=\"index, follow, max-snippet:-1, max-image-preview:large, max-video-preview:-1\" \/>\n<link rel=\"canonical\" href=\"https:\/\/gozu.zone\/?product=rangements-king-of-new-york\" \/>\n<meta property=\"og:locale\" content=\"fr_FR\" \/>\n<meta property=\"og:type\" content=\"article\" \/>\n<meta property=\"og:title\" content=\"Acheter Rangements - King of New York\u2122 - GOZU ZONE - Jeux et Accessoires\" \/>\n<meta property=\"og:description\" content=\"Sublimez la bo\u00eete du jeu de base, prot\u00e9gez votre mat\u00e9riel et gagnez du temps pour vos parties de King of New York\u2122 riches en coups de pattes !\" \/>\n<meta property=\"og:url\" content=\"https:\/\/gozu.zone\/?product=rangements-king-of-new-york\" \/>\n<meta property=\"og:site_name\" content=\"GOZU ZONE\" \/>\n<meta property=\"article:publisher\" content=\"https:\/\/www.facebook.com\/gozuzone\/\" \/>\n<meta property=\"article:modified_time\" content=\"2021-09-11T12:17:45+00:00\" \/>\n<meta property=\"og:image\" content=\"https:\/\/gozu.zone\/wp-content\/uploads\/2015\/09\/King-of-New-York-box-rangement-gozu-zone-1.jpg\" \/>\n\t<meta property=\"og:image:width\" content=\"1024\" \/>\n\t<meta property=\"og:image:height\" content=\"1024\" \/>\n\t<meta property=\"og:image:type\" content=\"image\/jpeg\" \/>\n<meta name=\"twitter:card\" content=\"summary_large_image\" \/>\n<meta name=\"twitter:site\" content=\"@gozuzone\" \/>\n<meta name=\"twitter:label1\" content=\"Dur\u00e9e de lecture estim\u00e9e\" \/>\n\t<meta name=\"twitter:data1\" content=\"2 minutes\" \/>\n<script type=\"application\/ld+json\" class=\"yoast-schema-graph\">{\"@context\":\"https:\/\/schema.org\",\"@graph\":[{\"@type\":\"WebPage\",\"@id\":\"https:\/\/gozu.zone\/?product=rangements-king-of-new-york\",\"url\":\"https:\/\/gozu.zone\/?product=rangements-king-of-new-york\",\"name\":\"Acheter Rangements - King of New York\u2122 - GOZU ZONE - Jeux et Accessoires\",\"isPartOf\":{\"@id\":\"https:\/\/gozu.zone\/#website\"},\"primaryImageOfPage\":{\"@id\":\"https:\/\/gozu.zone\/?product=rangements-king-of-new-york#primaryimage\"},\"image\":{\"@id\":\"https:\/\/gozu.zone\/?product=rangements-king-of-new-york#primaryimage\"},\"thumbnailUrl\":\"https:\/\/gozu.zone\/wp-content\/uploads\/2015\/09\/King-of-New-York-box-rangement-gozu-zone-1.jpg\",\"datePublished\":\"2015-09-14T09:21:02+00:00\",\"dateModified\":\"2021-09-11T12:17:45+00:00\",\"breadcrumb\":{\"@id\":\"https:\/\/gozu.zone\/?product=rangements-king-of-new-york#breadcrumb\"},\"inLanguage\":\"fr-FR\",\"potentialAction\":[{\"@type\":\"ReadAction\",\"target\":[\"https:\/\/gozu.zone\/?product=rangements-king-of-new-york\"]}]},{\"@type\":\"ImageObject\",\"inLanguage\":\"fr-FR\",\"@id\":\"https:\/\/gozu.zone\/?product=rangements-king-of-new-york#primaryimage\",\"url\":\"https:\/\/gozu.zone\/wp-content\/uploads\/2015\/09\/King-of-New-York-box-rangement-gozu-zone-1.jpg\",\"contentUrl\":\"https:\/\/gozu.zone\/wp-content\/uploads\/2015\/09\/King-of-New-York-box-rangement-gozu-zone-1.jpg\",\"width\":1024,\"height\":1024},{\"@type\":\"BreadcrumbList\",\"@id\":\"https:\/\/gozu.zone\/?product=rangements-king-of-new-york#breadcrumb\",\"itemListElement\":[{\"@type\":\"ListItem\",\"position\":1,\"name\":\"Accueil\",\"item\":\"https:\/\/gozu.zone\/\"},{\"@type\":\"ListItem\",\"position\":2,\"name\":\"BOUTIQUE\",\"item\":\"https:\/\/gozu.zone\/?page_id=308\"},{\"@type\":\"ListItem\",\"position\":3,\"name\":\"Rangements &#8211; King of New York\u2122\"}]},{\"@type\":\"WebSite\",\"@id\":\"https:\/\/gozu.zone\/#website\",\"url\":\"https:\/\/gozu.zone\/\",\"name\":\"GOZU ZONE\",\"description\":\"Toujours plus pour vos jeux\",\"potentialAction\":[{\"@type\":\"SearchAction\",\"target\":{\"@type\":\"EntryPoint\",\"urlTemplate\":\"https:\/\/gozu.zone\/?s={search_term_string}\"},\"query-input\":{\"@type\":\"PropertyValueSpecification\",\"valueRequired\":true,\"valueName\":\"search_term_string\"}}],\"inLanguage\":\"fr-FR\"}]}<\/script>\n<!-- \/ Yoast SEO plugin. -->","yoast_head_json":{"title":"Acheter Rangements - King of New York\u2122 - GOZU ZONE - Jeux et Accessoires","robots":{"index":"index","follow":"follow","max-snippet":"max-snippet:-1","max-image-preview":"max-image-preview:large","max-video-preview":"max-video-preview:-1"},"canonical":"https:\/\/gozu.zone\/?product=rangements-king-of-new-york","og_locale":"fr_FR","og_type":"article","og_title":"Acheter Rangements - King of New York\u2122 - GOZU ZONE - Jeux et Accessoires","og_description":"Sublimez la bo\u00eete du jeu de base, prot\u00e9gez votre mat\u00e9riel et gagnez du temps pour vos parties de King of New York\u2122 riches en coups de pattes !","og_url":"https:\/\/gozu.zone\/?product=rangements-king-of-new-york","og_site_name":"GOZU ZONE","article_publisher":"https:\/\/www.facebook.com\/gozuzone\/","article_modified_time":"2021-09-11T12:17:45+00:00","og_image":[{"width":1024,"height":1024,"url":"https:\/\/gozu.zone\/wp-content\/uploads\/2015\/09\/King-of-New-York-box-rangement-gozu-zone-1.jpg","type":"image\/jpeg"}],"twitter_card":"summary_large_image","twitter_site":"@gozuzone","twitter_misc":{"Dur\u00e9e de lecture estim\u00e9e":"2 minutes"},"schema":{"@context":"https:\/\/schema.org","@graph":[{"@type":"WebPage","@id":"https:\/\/gozu.zone\/?product=rangements-king-of-new-york","url":"https:\/\/gozu.zone\/?product=rangements-king-of-new-york","name":"Acheter Rangements - King of New York\u2122 - GOZU ZONE - Jeux et Accessoires","isPartOf":{"@id":"https:\/\/gozu.zone\/#website"},"primaryImageOfPage":{"@id":"https:\/\/gozu.zone\/?product=rangements-king-of-new-york#primaryimage"},"image":{"@id":"https:\/\/gozu.zone\/?product=rangements-king-of-new-york#primaryimage"},"thumbnailUrl":"https:\/\/gozu.zone\/wp-content\/uploads\/2015\/09\/King-of-New-York-box-rangement-gozu-zone-1.jpg","datePublished":"2015-09-14T09:21:02+00:00","dateModified":"2021-09-11T12:17:45+00:00","breadcrumb":{"@id":"https:\/\/gozu.zone\/?product=rangements-king-of-new-york#breadcrumb"},"inLanguage":"fr-FR","potentialAction":[{"@type":"ReadAction","target":["https:\/\/gozu.zone\/?product=rangements-king-of-new-york"]}]},{"@type":"ImageObject","inLanguage":"fr-FR","@id":"https:\/\/gozu.zone\/?product=rangements-king-of-new-york#primaryimage","url":"https:\/\/gozu.zone\/wp-content\/uploads\/2015\/09\/King-of-New-York-box-rangement-gozu-zone-1.jpg","contentUrl":"https:\/\/gozu.zone\/wp-content\/uploads\/2015\/09\/King-of-New-York-box-rangement-gozu-zone-1.jpg","width":1024,"height":1024},{"@type":"BreadcrumbList","@id":"https:\/\/gozu.zone\/?product=rangements-king-of-new-york#breadcrumb","itemListElement":[{"@type":"ListItem","position":1,"name":"Accueil","item":"https:\/\/gozu.zone\/"},{"@type":"ListItem","position":2,"name":"BOUTIQUE","item":"https:\/\/gozu.zone\/?page_id=308"},{"@type":"ListItem","position":3,"name":"Rangements &#8211; King of New York\u2122"}]},{"@type":"WebSite","@id":"https:\/\/gozu.zone\/#website","url":"https:\/\/gozu.zone\/","name":"GOZU ZONE","description":"Toujours plus pour vos jeux","potentialAction":[{"@type":"SearchAction","target":{"@type":"EntryPoint","urlTemplate":"https:\/\/gozu.zone\/?s={search_term_string}"},"query-input":{"@type":"PropertyValueSpecification","valueRequired":true,"valueName":"search_term_string"}}],"inLanguage":"fr-FR"}]}},"_links":{"self":[{"href":"https:\/\/gozu.zone\/index.php?rest_route=\/wp\/v2\/product\/2513","targetHints":{"allow":["GET"]}}],"collection":[{"href":"https:\/\/gozu.zone\/index.php?rest_route=\/wp\/v2\/product"}],"about":[{"href":"https:\/\/gozu.zone\/index.php?rest_route=\/wp\/v2\/types\/product"}],"replies":[{"embeddable":true,"href":"https:\/\/gozu.zone\/index.php?rest_route=%2Fwp%2Fv2%2Fcomments&post=2513"}],"wp:featuredmedia":[{"embeddable":true,"href":"https:\/\/gozu.zone\/index.php?rest_route=\/wp\/v2\/media\/15825"}],"wp:attachment":[{"href":"https:\/\/gozu.zone\/index.php?rest_route=%2Fwp%2Fv2%2Fmedia&parent=2513"}],"wp:term":[{"taxonomy":"product_brand","embeddable":true,"href":"https:\/\/gozu.zone\/index.php?rest_route=%2Fwp%2Fv2%2Fproduct_brand&post=2513"},{"taxonomy":"product_cat","embeddable":true,"href":"https:\/\/gozu.zone\/index.php?rest_route=%2Fwp%2Fv2%2Fproduct_cat&post=2513"},{"taxonomy":"product_tag","embeddable":true,"href":"https:\/\/gozu.zone\/index.php?rest_route=%2Fwp%2Fv2%2Fproduct_tag&post=2513"}],"curies":[{"name":"wp","href":"https:\/\/api.w.org\/{rel}","templated":true}]}}