{"id":4317,"date":"2016-12-06T22:41:34","date_gmt":"2016-12-06T22:41:34","guid":{"rendered":"https:\/\/gozu.zone\/?product=boitier-cartes-dixit-mysterium"},"modified":"2020-11-26T14:52:03","modified_gmt":"2020-11-26T14:52:03","slug":"boitier-cartes-dixit-mysterium","status":"publish","type":"product","link":"https:\/\/gozu.zone\/?product=boitier-cartes-dixit-mysterium","title":{"rendered":"Bo\u00eetier pour Cartes Dixit \/ Mysterium"},"content":{"rendered":"<p>Parfaitement adapt\u00e9 pour accueillir vos cartes pochet\u00e9es, ce bo\u00eetier vous permettra de ranger vos cartes de jeu pochet\u00e9es pour ce format, mais aussi de jouer le r\u00f4le de distributeur de cartes pendant vos parties !<\/p>\n<p>&nbsp;<\/p>\n<p>&nbsp;<\/p>\n<p>&nbsp;<\/p>\n","protected":false},"excerpt":{"rendered":"<p>Boitier de rangement pour carte au format \u00ab\u00a0dixit \/ mysterium\u00a0\u00bb utilisable en partie<\/p>\n<p><strong>Dimension des cartes : 80mm x 120mm<\/strong><\/p>\n","protected":false},"featured_media":3488,"comment_status":"open","ping_status":"closed","template":"","meta":{"_acf_changed":false},"product_brand":[],"product_cat":[439,315],"product_tag":[],"class_list":{"0":"post-4317","1":"product","2":"type-product","3":"status-publish","4":"has-post-thumbnail","6":"product_cat-accessoires","7":"product_cat-boitiers","8":"product_shipping_class-livraisonstandard_enveloppe-fr","10":"first","11":"instock","12":"taxable","13":"shipping-taxable","14":"purchasable","15":"product-type-variable","16":"has-default-attributes"},"acf":[],"yoast_head":"<!-- This site is optimized with the Yoast SEO plugin v25.3 - https:\/\/yoast.com\/wordpress\/plugins\/seo\/ -->\n<title>Acheter Bo\u00eetier pour Cartes Dixit \/ Mysterium - GOZU ZONE - Jeux et Accessoires<\/title>\n<meta name=\"robots\" content=\"index, follow, max-snippet:-1, max-image-preview:large, max-video-preview:-1\" \/>\n<link rel=\"canonical\" href=\"https:\/\/gozu.zone\/?product=boitier-cartes-dixit-mysterium\" \/>\n<meta property=\"og:locale\" content=\"fr_FR\" \/>\n<meta property=\"og:type\" content=\"article\" \/>\n<meta property=\"og:title\" content=\"Acheter Bo\u00eetier pour Cartes Dixit \/ Mysterium - GOZU ZONE - Jeux et Accessoires\" \/>\n<meta property=\"og:description\" content=\"Boitier de rangement pour carte au format &quot;dixit \/ mysterium&quot; utilisable en partie  Dimension des cartes : 80mm x 120mm\" \/>\n<meta property=\"og:url\" content=\"https:\/\/gozu.zone\/?product=boitier-cartes-dixit-mysterium\" \/>\n<meta property=\"og:site_name\" content=\"GOZU ZONE\" \/>\n<meta property=\"article:publisher\" content=\"https:\/\/www.facebook.com\/gozuzone\/\" \/>\n<meta property=\"article:modified_time\" content=\"2020-11-26T14:52:03+00:00\" \/>\n<meta property=\"og:image\" content=\"https:\/\/gozu.zone\/wp-content\/uploads\/2016\/05\/boitier-rangement-cartes-tarot-gozu-zone.jpg\" \/>\n\t<meta property=\"og:image:width\" content=\"1024\" \/>\n\t<meta property=\"og:image:height\" content=\"1024\" \/>\n\t<meta property=\"og:image:type\" content=\"image\/jpeg\" \/>\n<meta name=\"twitter:card\" content=\"summary_large_image\" \/>\n<meta name=\"twitter:site\" content=\"@gozuzone\" \/>\n<script type=\"application\/ld+json\" class=\"yoast-schema-graph\">{\"@context\":\"https:\/\/schema.org\",\"@graph\":[{\"@type\":\"WebPage\",\"@id\":\"https:\/\/gozu.zone\/?product=boitier-cartes-dixit-mysterium\",\"url\":\"https:\/\/gozu.zone\/?product=boitier-cartes-dixit-mysterium\",\"name\":\"Acheter Bo\u00eetier pour Cartes Dixit \/ Mysterium - GOZU ZONE - Jeux et Accessoires\",\"isPartOf\":{\"@id\":\"https:\/\/gozu.zone\/#website\"},\"primaryImageOfPage\":{\"@id\":\"https:\/\/gozu.zone\/?product=boitier-cartes-dixit-mysterium#primaryimage\"},\"image\":{\"@id\":\"https:\/\/gozu.zone\/?product=boitier-cartes-dixit-mysterium#primaryimage\"},\"thumbnailUrl\":\"https:\/\/gozu.zone\/wp-content\/uploads\/2016\/05\/boitier-rangement-cartes-tarot-gozu-zone.jpg\",\"datePublished\":\"2016-12-06T22:41:34+00:00\",\"dateModified\":\"2020-11-26T14:52:03+00:00\",\"breadcrumb\":{\"@id\":\"https:\/\/gozu.zone\/?product=boitier-cartes-dixit-mysterium#breadcrumb\"},\"inLanguage\":\"fr-FR\",\"potentialAction\":[{\"@type\":\"ReadAction\",\"target\":[\"https:\/\/gozu.zone\/?product=boitier-cartes-dixit-mysterium\"]}]},{\"@type\":\"ImageObject\",\"inLanguage\":\"fr-FR\",\"@id\":\"https:\/\/gozu.zone\/?product=boitier-cartes-dixit-mysterium#primaryimage\",\"url\":\"https:\/\/gozu.zone\/wp-content\/uploads\/2016\/05\/boitier-rangement-cartes-tarot-gozu-zone.jpg\",\"contentUrl\":\"https:\/\/gozu.zone\/wp-content\/uploads\/2016\/05\/boitier-rangement-cartes-tarot-gozu-zone.jpg\",\"width\":1024,\"height\":1024},{\"@type\":\"BreadcrumbList\",\"@id\":\"https:\/\/gozu.zone\/?product=boitier-cartes-dixit-mysterium#breadcrumb\",\"itemListElement\":[{\"@type\":\"ListItem\",\"position\":1,\"name\":\"Accueil\",\"item\":\"https:\/\/gozu.zone\/\"},{\"@type\":\"ListItem\",\"position\":2,\"name\":\"BOUTIQUE\",\"item\":\"https:\/\/gozu.zone\/?page_id=308\"},{\"@type\":\"ListItem\",\"position\":3,\"name\":\"Bo\u00eetier pour Cartes Dixit \/ Mysterium\"}]},{\"@type\":\"WebSite\",\"@id\":\"https:\/\/gozu.zone\/#website\",\"url\":\"https:\/\/gozu.zone\/\",\"name\":\"GOZU ZONE\",\"description\":\"Toujours plus pour vos jeux\",\"potentialAction\":[{\"@type\":\"SearchAction\",\"target\":{\"@type\":\"EntryPoint\",\"urlTemplate\":\"https:\/\/gozu.zone\/?s={search_term_string}\"},\"query-input\":{\"@type\":\"PropertyValueSpecification\",\"valueRequired\":true,\"valueName\":\"search_term_string\"}}],\"inLanguage\":\"fr-FR\"}]}<\/script>\n<!-- \/ Yoast SEO plugin. -->","yoast_head_json":{"title":"Acheter Bo\u00eetier pour Cartes Dixit \/ Mysterium - GOZU ZONE - Jeux et Accessoires","robots":{"index":"index","follow":"follow","max-snippet":"max-snippet:-1","max-image-preview":"max-image-preview:large","max-video-preview":"max-video-preview:-1"},"canonical":"https:\/\/gozu.zone\/?product=boitier-cartes-dixit-mysterium","og_locale":"fr_FR","og_type":"article","og_title":"Acheter Bo\u00eetier pour Cartes Dixit \/ Mysterium - GOZU ZONE - Jeux et Accessoires","og_description":"Boitier de rangement pour carte au format \"dixit \/ mysterium\" utilisable en partie  Dimension des cartes : 80mm x 120mm","og_url":"https:\/\/gozu.zone\/?product=boitier-cartes-dixit-mysterium","og_site_name":"GOZU ZONE","article_publisher":"https:\/\/www.facebook.com\/gozuzone\/","article_modified_time":"2020-11-26T14:52:03+00:00","og_image":[{"width":1024,"height":1024,"url":"https:\/\/gozu.zone\/wp-content\/uploads\/2016\/05\/boitier-rangement-cartes-tarot-gozu-zone.jpg","type":"image\/jpeg"}],"twitter_card":"summary_large_image","twitter_site":"@gozuzone","schema":{"@context":"https:\/\/schema.org","@graph":[{"@type":"WebPage","@id":"https:\/\/gozu.zone\/?product=boitier-cartes-dixit-mysterium","url":"https:\/\/gozu.zone\/?product=boitier-cartes-dixit-mysterium","name":"Acheter Bo\u00eetier pour Cartes Dixit \/ Mysterium - GOZU ZONE - Jeux et Accessoires","isPartOf":{"@id":"https:\/\/gozu.zone\/#website"},"primaryImageOfPage":{"@id":"https:\/\/gozu.zone\/?product=boitier-cartes-dixit-mysterium#primaryimage"},"image":{"@id":"https:\/\/gozu.zone\/?product=boitier-cartes-dixit-mysterium#primaryimage"},"thumbnailUrl":"https:\/\/gozu.zone\/wp-content\/uploads\/2016\/05\/boitier-rangement-cartes-tarot-gozu-zone.jpg","datePublished":"2016-12-06T22:41:34+00:00","dateModified":"2020-11-26T14:52:03+00:00","breadcrumb":{"@id":"https:\/\/gozu.zone\/?product=boitier-cartes-dixit-mysterium#breadcrumb"},"inLanguage":"fr-FR","potentialAction":[{"@type":"ReadAction","target":["https:\/\/gozu.zone\/?product=boitier-cartes-dixit-mysterium"]}]},{"@type":"ImageObject","inLanguage":"fr-FR","@id":"https:\/\/gozu.zone\/?product=boitier-cartes-dixit-mysterium#primaryimage","url":"https:\/\/gozu.zone\/wp-content\/uploads\/2016\/05\/boitier-rangement-cartes-tarot-gozu-zone.jpg","contentUrl":"https:\/\/gozu.zone\/wp-content\/uploads\/2016\/05\/boitier-rangement-cartes-tarot-gozu-zone.jpg","width":1024,"height":1024},{"@type":"BreadcrumbList","@id":"https:\/\/gozu.zone\/?product=boitier-cartes-dixit-mysterium#breadcrumb","itemListElement":[{"@type":"ListItem","position":1,"name":"Accueil","item":"https:\/\/gozu.zone\/"},{"@type":"ListItem","position":2,"name":"BOUTIQUE","item":"https:\/\/gozu.zone\/?page_id=308"},{"@type":"ListItem","position":3,"name":"Bo\u00eetier pour Cartes Dixit \/ Mysterium"}]},{"@type":"WebSite","@id":"https:\/\/gozu.zone\/#website","url":"https:\/\/gozu.zone\/","name":"GOZU ZONE","description":"Toujours plus pour vos jeux","potentialAction":[{"@type":"SearchAction","target":{"@type":"EntryPoint","urlTemplate":"https:\/\/gozu.zone\/?s={search_term_string}"},"query-input":{"@type":"PropertyValueSpecification","valueRequired":true,"valueName":"search_term_string"}}],"inLanguage":"fr-FR"}]}},"_links":{"self":[{"href":"https:\/\/gozu.zone\/index.php?rest_route=\/wp\/v2\/product\/4317","targetHints":{"allow":["GET"]}}],"collection":[{"href":"https:\/\/gozu.zone\/index.php?rest_route=\/wp\/v2\/product"}],"about":[{"href":"https:\/\/gozu.zone\/index.php?rest_route=\/wp\/v2\/types\/product"}],"replies":[{"embeddable":true,"href":"https:\/\/gozu.zone\/index.php?rest_route=%2Fwp%2Fv2%2Fcomments&post=4317"}],"wp:featuredmedia":[{"embeddable":true,"href":"https:\/\/gozu.zone\/index.php?rest_route=\/wp\/v2\/media\/3488"}],"wp:attachment":[{"href":"https:\/\/gozu.zone\/index.php?rest_route=%2Fwp%2Fv2%2Fmedia&parent=4317"}],"wp:term":[{"taxonomy":"product_brand","embeddable":true,"href":"https:\/\/gozu.zone\/index.php?rest_route=%2Fwp%2Fv2%2Fproduct_brand&post=4317"},{"taxonomy":"product_cat","embeddable":true,"href":"https:\/\/gozu.zone\/index.php?rest_route=%2Fwp%2Fv2%2Fproduct_cat&post=4317"},{"taxonomy":"product_tag","embeddable":true,"href":"https:\/\/gozu.zone\/index.php?rest_route=%2Fwp%2Fv2%2Fproduct_tag&post=4317"}],"curies":[{"name":"wp","href":"https:\/\/api.w.org\/{rel}","templated":true}]}}