{"id":4995,"date":"2017-04-04T10:46:35","date_gmt":"2017-04-04T10:46:35","guid":{"rendered":"https:\/\/gozu.zone\/?product=7-wonders-duel-pantheon"},"modified":"2024-06-03T20:25:10","modified_gmt":"2024-06-03T20:25:10","slug":"7-wonders-duel-pantheon","status":"publish","type":"product","link":"https:\/\/gozu.zone\/?product=7-wonders-duel-pantheon","title":{"rendered":"7 Wonders Duel &#8211; Panth\u00e9on"},"content":{"rendered":"<p style=\"text-align: left;\">Renouvelez vos parties de 7 Wonders Duel avec cette premi\u00e8re extension.<\/p>\n<p>Peuplez le Panth\u00e9on compos\u00e9 de diff\u00e9rentes Mythologies et utilisez la puissance des Divinit\u00e9s pour amener votre civilisation \u00e0 son apog\u00e9e.<\/p>\n<p>7 Wonders Duel : Panth\u00e9on vous permettra d\u2019utiliser des effets d\u2019une puissance jamais \u00e9gal\u00e9e ! Attirez-vous les faveurs des Divinit\u00e9s \u00e0 l\u2019aide d\u2019offrandes ou subissez leur courroux !<\/p>\n<h3>Contenu de 7 Wonders Duel &#8211; Panth\u00e9on<\/h3>\n<ul>\n<li>1\u00a0plateau Panth\u00e9on<\/li>\n<li>15 cartes Divinit\u00e9<\/li>\n<li>1 carte Porte<\/li>\n<li>5 cartes Grand Temple<\/li>\n<li>2 cartes Merveille<\/li>\n<li>10 jetons Mythologie<\/li>\n<li>3 jetons Offrande<\/li>\n<li>1 jeton Serpent<\/li>\n<li>3 jetons Progr\u00e8s<\/li>\n<li>1 pion Minerve<\/li>\n<li>1 carnet de score<\/li>\n<li>1 r\u00e8gle de jeu<\/li>\n<li>1 carte Aide de Jeu.<\/li>\n<\/ul>\n","protected":false},"excerpt":{"rendered":"<p>Un panth\u00e9on de plusieurs civilisations &#8211; grecque, \u00e9gyptienne et moyen-orientale &#8211; s&rsquo;ajoute \u00e0 7 Wonders Duel dans 7 Wonders Duel : Panth\u00e9on, chaque dieu ayant son propre pouvoir pour vous aider ou g\u00eaner votre adversaire.<\/p>\n<ul>\n<li><strong>\u00c2ge<\/strong> : 10 ans et +<\/li>\n<li><strong>Dur\u00e9e<\/strong> : 30 min<\/li>\n<li><strong>Joueurs<\/strong> :\u00a02<\/li>\n<\/ul>\n","protected":false},"featured_media":18802,"comment_status":"open","ping_status":"closed","template":"","meta":{"_acf_changed":false},"product_brand":[],"product_cat":[761,323,494,333,401,327],"product_tag":[334,177],"class_list":{"0":"post-4995","1":"product","2":"type-product","3":"status-publish","4":"has-post-thumbnail","6":"product_cat-7-wonders-duel","7":"product_cat-jeux","8":"product_cat-jeux-de-societe","9":"product_cat-par-types","10":"product_cat-jeux-a-2","11":"product_cat-extensions","12":"product_tag-antiquite","13":"product_tag-cartes","14":"product_shipping_class-livraisonstandard_colis","16":"first","17":"instock","18":"taxable","19":"shipping-taxable","20":"purchasable","21":"product-type-simple"},"acf":[],"yoast_head":"<!-- This site is optimized with the Yoast SEO plugin v25.3 - https:\/\/yoast.com\/wordpress\/plugins\/seo\/ -->\n<title>Acheter 7 Wonders Duel - Panth\u00e9on - Boutique GOZU ZONE - Jeux et Accessoires<\/title>\n<meta name=\"robots\" content=\"index, follow, max-snippet:-1, max-image-preview:large, max-video-preview:-1\" \/>\n<link rel=\"canonical\" href=\"https:\/\/gozu.zone\/?product=7-wonders-duel-pantheon\" \/>\n<meta property=\"og:locale\" content=\"fr_FR\" \/>\n<meta property=\"og:type\" content=\"article\" \/>\n<meta property=\"og:title\" content=\"Acheter 7 Wonders Duel - Panth\u00e9on - Boutique GOZU ZONE - Jeux et Accessoires\" \/>\n<meta property=\"og:description\" content=\"Un panth\u00e9on de plusieurs civilisations - grecque, \u00e9gyptienne et moyen-orientale - s&#039;ajoute \u00e0 7 Wonders Duel dans 7 Wonders Duel : Panth\u00e9on, chaque dieu ayant son propre pouvoir pour vous aider ou g\u00eaner votre adversaire.   \u00c2ge : 10 ans et +  Dur\u00e9e : 30 min  Joueurs :\u00a02\" \/>\n<meta property=\"og:url\" content=\"https:\/\/gozu.zone\/?product=7-wonders-duel-pantheon\" \/>\n<meta property=\"og:site_name\" content=\"GOZU ZONE\" \/>\n<meta property=\"article:publisher\" content=\"https:\/\/www.facebook.com\/gozuzone\/\" \/>\n<meta property=\"article:modified_time\" content=\"2024-06-03T20:25:10+00:00\" \/>\n<meta property=\"og:image\" content=\"https:\/\/gozu.zone\/wp-content\/uploads\/2017\/04\/7-wonders-duel-pantheon-extension.png\" \/>\n\t<meta property=\"og:image:width\" content=\"1000\" \/>\n\t<meta property=\"og:image:height\" content=\"1000\" \/>\n\t<meta property=\"og:image:type\" content=\"image\/png\" \/>\n<meta name=\"twitter:card\" content=\"summary_large_image\" \/>\n<meta name=\"twitter:site\" content=\"@gozuzone\" \/>\n<meta name=\"twitter:label1\" content=\"Dur\u00e9e de lecture estim\u00e9e\" \/>\n\t<meta name=\"twitter:data1\" content=\"1 minute\" \/>\n<script type=\"application\/ld+json\" class=\"yoast-schema-graph\">{\"@context\":\"https:\/\/schema.org\",\"@graph\":[{\"@type\":\"WebPage\",\"@id\":\"https:\/\/gozu.zone\/?product=7-wonders-duel-pantheon\",\"url\":\"https:\/\/gozu.zone\/?product=7-wonders-duel-pantheon\",\"name\":\"Acheter 7 Wonders Duel - Panth\u00e9on - Boutique GOZU ZONE - Jeux et Accessoires\",\"isPartOf\":{\"@id\":\"https:\/\/gozu.zone\/#website\"},\"primaryImageOfPage\":{\"@id\":\"https:\/\/gozu.zone\/?product=7-wonders-duel-pantheon#primaryimage\"},\"image\":{\"@id\":\"https:\/\/gozu.zone\/?product=7-wonders-duel-pantheon#primaryimage\"},\"thumbnailUrl\":\"https:\/\/gozu.zone\/wp-content\/uploads\/2017\/04\/7-wonders-duel-pantheon-extension.png\",\"datePublished\":\"2017-04-04T10:46:35+00:00\",\"dateModified\":\"2024-06-03T20:25:10+00:00\",\"breadcrumb\":{\"@id\":\"https:\/\/gozu.zone\/?product=7-wonders-duel-pantheon#breadcrumb\"},\"inLanguage\":\"fr-FR\",\"potentialAction\":[{\"@type\":\"ReadAction\",\"target\":[\"https:\/\/gozu.zone\/?product=7-wonders-duel-pantheon\"]}]},{\"@type\":\"ImageObject\",\"inLanguage\":\"fr-FR\",\"@id\":\"https:\/\/gozu.zone\/?product=7-wonders-duel-pantheon#primaryimage\",\"url\":\"https:\/\/gozu.zone\/wp-content\/uploads\/2017\/04\/7-wonders-duel-pantheon-extension.png\",\"contentUrl\":\"https:\/\/gozu.zone\/wp-content\/uploads\/2017\/04\/7-wonders-duel-pantheon-extension.png\",\"width\":1000,\"height\":1000,\"caption\":\"7-wonders-duel-panthe\u0301on-extension\"},{\"@type\":\"BreadcrumbList\",\"@id\":\"https:\/\/gozu.zone\/?product=7-wonders-duel-pantheon#breadcrumb\",\"itemListElement\":[{\"@type\":\"ListItem\",\"position\":1,\"name\":\"Accueil\",\"item\":\"https:\/\/gozu.zone\/\"},{\"@type\":\"ListItem\",\"position\":2,\"name\":\"BOUTIQUE\",\"item\":\"https:\/\/gozu.zone\/?page_id=308\"},{\"@type\":\"ListItem\",\"position\":3,\"name\":\"7 Wonders Duel &#8211; Panth\u00e9on\"}]},{\"@type\":\"WebSite\",\"@id\":\"https:\/\/gozu.zone\/#website\",\"url\":\"https:\/\/gozu.zone\/\",\"name\":\"GOZU ZONE\",\"description\":\"Toujours plus pour vos jeux\",\"potentialAction\":[{\"@type\":\"SearchAction\",\"target\":{\"@type\":\"EntryPoint\",\"urlTemplate\":\"https:\/\/gozu.zone\/?s={search_term_string}\"},\"query-input\":{\"@type\":\"PropertyValueSpecification\",\"valueRequired\":true,\"valueName\":\"search_term_string\"}}],\"inLanguage\":\"fr-FR\"}]}<\/script>\n<!-- \/ Yoast SEO plugin. -->","yoast_head_json":{"title":"Acheter 7 Wonders Duel - Panth\u00e9on - Boutique GOZU ZONE - Jeux et Accessoires","robots":{"index":"index","follow":"follow","max-snippet":"max-snippet:-1","max-image-preview":"max-image-preview:large","max-video-preview":"max-video-preview:-1"},"canonical":"https:\/\/gozu.zone\/?product=7-wonders-duel-pantheon","og_locale":"fr_FR","og_type":"article","og_title":"Acheter 7 Wonders Duel - Panth\u00e9on - Boutique GOZU ZONE - Jeux et Accessoires","og_description":"Un panth\u00e9on de plusieurs civilisations - grecque, \u00e9gyptienne et moyen-orientale - s'ajoute \u00e0 7 Wonders Duel dans 7 Wonders Duel : Panth\u00e9on, chaque dieu ayant son propre pouvoir pour vous aider ou g\u00eaner votre adversaire.   \u00c2ge : 10 ans et +  Dur\u00e9e : 30 min  Joueurs :\u00a02","og_url":"https:\/\/gozu.zone\/?product=7-wonders-duel-pantheon","og_site_name":"GOZU ZONE","article_publisher":"https:\/\/www.facebook.com\/gozuzone\/","article_modified_time":"2024-06-03T20:25:10+00:00","og_image":[{"width":1000,"height":1000,"url":"https:\/\/gozu.zone\/wp-content\/uploads\/2017\/04\/7-wonders-duel-pantheon-extension.png","type":"image\/png"}],"twitter_card":"summary_large_image","twitter_site":"@gozuzone","twitter_misc":{"Dur\u00e9e de lecture estim\u00e9e":"1 minute"},"schema":{"@context":"https:\/\/schema.org","@graph":[{"@type":"WebPage","@id":"https:\/\/gozu.zone\/?product=7-wonders-duel-pantheon","url":"https:\/\/gozu.zone\/?product=7-wonders-duel-pantheon","name":"Acheter 7 Wonders Duel - Panth\u00e9on - Boutique GOZU ZONE - Jeux et Accessoires","isPartOf":{"@id":"https:\/\/gozu.zone\/#website"},"primaryImageOfPage":{"@id":"https:\/\/gozu.zone\/?product=7-wonders-duel-pantheon#primaryimage"},"image":{"@id":"https:\/\/gozu.zone\/?product=7-wonders-duel-pantheon#primaryimage"},"thumbnailUrl":"https:\/\/gozu.zone\/wp-content\/uploads\/2017\/04\/7-wonders-duel-pantheon-extension.png","datePublished":"2017-04-04T10:46:35+00:00","dateModified":"2024-06-03T20:25:10+00:00","breadcrumb":{"@id":"https:\/\/gozu.zone\/?product=7-wonders-duel-pantheon#breadcrumb"},"inLanguage":"fr-FR","potentialAction":[{"@type":"ReadAction","target":["https:\/\/gozu.zone\/?product=7-wonders-duel-pantheon"]}]},{"@type":"ImageObject","inLanguage":"fr-FR","@id":"https:\/\/gozu.zone\/?product=7-wonders-duel-pantheon#primaryimage","url":"https:\/\/gozu.zone\/wp-content\/uploads\/2017\/04\/7-wonders-duel-pantheon-extension.png","contentUrl":"https:\/\/gozu.zone\/wp-content\/uploads\/2017\/04\/7-wonders-duel-pantheon-extension.png","width":1000,"height":1000,"caption":"7-wonders-duel-panthe\u0301on-extension"},{"@type":"BreadcrumbList","@id":"https:\/\/gozu.zone\/?product=7-wonders-duel-pantheon#breadcrumb","itemListElement":[{"@type":"ListItem","position":1,"name":"Accueil","item":"https:\/\/gozu.zone\/"},{"@type":"ListItem","position":2,"name":"BOUTIQUE","item":"https:\/\/gozu.zone\/?page_id=308"},{"@type":"ListItem","position":3,"name":"7 Wonders Duel &#8211; Panth\u00e9on"}]},{"@type":"WebSite","@id":"https:\/\/gozu.zone\/#website","url":"https:\/\/gozu.zone\/","name":"GOZU ZONE","description":"Toujours plus pour vos jeux","potentialAction":[{"@type":"SearchAction","target":{"@type":"EntryPoint","urlTemplate":"https:\/\/gozu.zone\/?s={search_term_string}"},"query-input":{"@type":"PropertyValueSpecification","valueRequired":true,"valueName":"search_term_string"}}],"inLanguage":"fr-FR"}]}},"_links":{"self":[{"href":"https:\/\/gozu.zone\/index.php?rest_route=\/wp\/v2\/product\/4995","targetHints":{"allow":["GET"]}}],"collection":[{"href":"https:\/\/gozu.zone\/index.php?rest_route=\/wp\/v2\/product"}],"about":[{"href":"https:\/\/gozu.zone\/index.php?rest_route=\/wp\/v2\/types\/product"}],"replies":[{"embeddable":true,"href":"https:\/\/gozu.zone\/index.php?rest_route=%2Fwp%2Fv2%2Fcomments&post=4995"}],"wp:featuredmedia":[{"embeddable":true,"href":"https:\/\/gozu.zone\/index.php?rest_route=\/wp\/v2\/media\/18802"}],"wp:attachment":[{"href":"https:\/\/gozu.zone\/index.php?rest_route=%2Fwp%2Fv2%2Fmedia&parent=4995"}],"wp:term":[{"taxonomy":"product_brand","embeddable":true,"href":"https:\/\/gozu.zone\/index.php?rest_route=%2Fwp%2Fv2%2Fproduct_brand&post=4995"},{"taxonomy":"product_cat","embeddable":true,"href":"https:\/\/gozu.zone\/index.php?rest_route=%2Fwp%2Fv2%2Fproduct_cat&post=4995"},{"taxonomy":"product_tag","embeddable":true,"href":"https:\/\/gozu.zone\/index.php?rest_route=%2Fwp%2Fv2%2Fproduct_tag&post=4995"}],"curies":[{"name":"wp","href":"https:\/\/api.w.org\/{rel}","templated":true}]}}