{"id":5020,"date":"2017-04-17T12:52:43","date_gmt":"2017-04-17T12:52:43","guid":{"rendered":"https:\/\/gozu.zone\/?product=final-fantasy-tcg-starter-set-ff-type-0-opus-3-vf"},"modified":"2018-04-28T09:31:10","modified_gmt":"2018-04-28T09:31:10","slug":"final-fantasy-tcg-starter-set-ff-type-0-opus-3-vf","status":"publish","type":"product","link":"https:\/\/gozu.zone\/?product=final-fantasy-tcg-starter-set-ff-type-0-opus-3-vf","title":{"rendered":"FINAL FANTASY TCG &#8211; Starter Set FF Type-0 &#8211; VF"},"content":{"rendered":"<p>Le jeu de cartes Final Fantasy arrive pour la premi\u00e8re fois en version Fran\u00e7aise. Retrouvez des designs et illustrations sp\u00e9cifiques aux diff\u00e9rents \u00e9pisodes de la c\u00e9l\u00e8bre saga.<\/p>\n<p>Pour jouer ou collectionner, ces cartes sont d&rsquo;une qualit\u00e9 extraordinaire. La m\u00e9canique de jeu a \u00e9t\u00e9 \u00e9lue parmis les 3 meilleurs jeux de cartes au japon.<\/p>\n<p>Construisez votre jeu en fonction de votre affinit\u00e9 pour les \u00e9l\u00e9ments ( feu, eau, glace, terre, vent, \u00e9clair\u2026.)<\/p>\n<p>Utilisez les personnages et cr\u00e9atures de tous les univers Final Fantasy, associez Tidus \u00e0 Sephiroth ou encore Zidane \u00e0 Cloud ! Vous pouvez utiliser dans votre deck tous vos personnages pr\u00e9f\u00e9r\u00e9s !<\/p>\n","protected":false},"excerpt":{"rendered":"<p>Chaque Starter set contient 50 cartes, 1 tapis de jeu en papier et la r\u00e8gle du jeu.<\/p>\n","protected":false},"featured_media":5022,"comment_status":"open","ping_status":"closed","template":"","meta":{"_acf_changed":false},"product_brand":[],"product_cat":[323],"product_tag":[425,424,423],"class_list":{"0":"post-5020","1":"product","2":"type-product","3":"status-publish","4":"has-post-thumbnail","6":"product_cat-jeux","7":"product_tag-final-fantasy","8":"product_tag-tcg","9":"product_tag-trading-card-game","10":"product_shipping_class-livraisonstandard_enveloppe-fr","12":"first","13":"instock","14":"sale","15":"taxable","16":"shipping-taxable","17":"purchasable","18":"product-type-simple"},"acf":[],"yoast_head":"<!-- This site is optimized with the Yoast SEO plugin v25.3 - https:\/\/yoast.com\/wordpress\/plugins\/seo\/ -->\n<title>Acheter FINAL FANTASY TCG - Starter Set FF Type-0 - VF - GOZU ZONE - Jeux et Accessoires<\/title>\n<meta name=\"robots\" content=\"index, follow, max-snippet:-1, max-image-preview:large, max-video-preview:-1\" \/>\n<link rel=\"canonical\" href=\"https:\/\/gozu.zone\/?product=final-fantasy-tcg-starter-set-ff-type-0-opus-3-vf\" \/>\n<meta property=\"og:locale\" content=\"fr_FR\" \/>\n<meta property=\"og:type\" content=\"article\" \/>\n<meta property=\"og:title\" content=\"Acheter FINAL FANTASY TCG - Starter Set FF Type-0 - VF - GOZU ZONE - Jeux et Accessoires\" \/>\n<meta property=\"og:description\" content=\"Chaque Starter set contient 50 cartes, 1 tapis de jeu en papier et la r\u00e8gle du jeu.\" \/>\n<meta property=\"og:url\" content=\"https:\/\/gozu.zone\/?product=final-fantasy-tcg-starter-set-ff-type-0-opus-3-vf\" \/>\n<meta property=\"og:site_name\" content=\"GOZU ZONE\" \/>\n<meta property=\"article:publisher\" content=\"https:\/\/www.facebook.com\/gozuzone\/\" \/>\n<meta property=\"article:modified_time\" content=\"2018-04-28T09:31:10+00:00\" \/>\n<meta property=\"og:image\" content=\"https:\/\/gozu.zone\/wp-content\/uploads\/2017\/04\/FINAL-FANTASY-Starter-Set-FF-type-0.jpg\" \/>\n\t<meta property=\"og:image:width\" content=\"640\" \/>\n\t<meta property=\"og:image:height\" content=\"640\" \/>\n\t<meta property=\"og:image:type\" content=\"image\/jpeg\" \/>\n<meta name=\"twitter:card\" content=\"summary_large_image\" \/>\n<meta name=\"twitter:site\" content=\"@gozuzone\" \/>\n<meta name=\"twitter:label1\" content=\"Dur\u00e9e de lecture estim\u00e9e\" \/>\n\t<meta name=\"twitter:data1\" content=\"1 minute\" \/>\n<script type=\"application\/ld+json\" class=\"yoast-schema-graph\">{\"@context\":\"https:\/\/schema.org\",\"@graph\":[{\"@type\":\"WebPage\",\"@id\":\"https:\/\/gozu.zone\/?product=final-fantasy-tcg-starter-set-ff-type-0-opus-3-vf\",\"url\":\"https:\/\/gozu.zone\/?product=final-fantasy-tcg-starter-set-ff-type-0-opus-3-vf\",\"name\":\"Acheter FINAL FANTASY TCG - Starter Set FF Type-0 - VF - GOZU ZONE - Jeux et Accessoires\",\"isPartOf\":{\"@id\":\"https:\/\/gozu.zone\/#website\"},\"primaryImageOfPage\":{\"@id\":\"https:\/\/gozu.zone\/?product=final-fantasy-tcg-starter-set-ff-type-0-opus-3-vf#primaryimage\"},\"image\":{\"@id\":\"https:\/\/gozu.zone\/?product=final-fantasy-tcg-starter-set-ff-type-0-opus-3-vf#primaryimage\"},\"thumbnailUrl\":\"https:\/\/gozu.zone\/wp-content\/uploads\/2017\/04\/FINAL-FANTASY-Starter-Set-FF-type-0.jpg\",\"datePublished\":\"2017-04-17T12:52:43+00:00\",\"dateModified\":\"2018-04-28T09:31:10+00:00\",\"breadcrumb\":{\"@id\":\"https:\/\/gozu.zone\/?product=final-fantasy-tcg-starter-set-ff-type-0-opus-3-vf#breadcrumb\"},\"inLanguage\":\"fr-FR\",\"potentialAction\":[{\"@type\":\"ReadAction\",\"target\":[\"https:\/\/gozu.zone\/?product=final-fantasy-tcg-starter-set-ff-type-0-opus-3-vf\"]}]},{\"@type\":\"ImageObject\",\"inLanguage\":\"fr-FR\",\"@id\":\"https:\/\/gozu.zone\/?product=final-fantasy-tcg-starter-set-ff-type-0-opus-3-vf#primaryimage\",\"url\":\"https:\/\/gozu.zone\/wp-content\/uploads\/2017\/04\/FINAL-FANTASY-Starter-Set-FF-type-0.jpg\",\"contentUrl\":\"https:\/\/gozu.zone\/wp-content\/uploads\/2017\/04\/FINAL-FANTASY-Starter-Set-FF-type-0.jpg\",\"width\":640,\"height\":640},{\"@type\":\"BreadcrumbList\",\"@id\":\"https:\/\/gozu.zone\/?product=final-fantasy-tcg-starter-set-ff-type-0-opus-3-vf#breadcrumb\",\"itemListElement\":[{\"@type\":\"ListItem\",\"position\":1,\"name\":\"Accueil\",\"item\":\"https:\/\/gozu.zone\/\"},{\"@type\":\"ListItem\",\"position\":2,\"name\":\"BOUTIQUE\",\"item\":\"https:\/\/gozu.zone\/?page_id=308\"},{\"@type\":\"ListItem\",\"position\":3,\"name\":\"FINAL FANTASY TCG &#8211; Starter Set FF Type-0 &#8211; VF\"}]},{\"@type\":\"WebSite\",\"@id\":\"https:\/\/gozu.zone\/#website\",\"url\":\"https:\/\/gozu.zone\/\",\"name\":\"GOZU ZONE\",\"description\":\"Toujours plus pour vos jeux\",\"potentialAction\":[{\"@type\":\"SearchAction\",\"target\":{\"@type\":\"EntryPoint\",\"urlTemplate\":\"https:\/\/gozu.zone\/?s={search_term_string}\"},\"query-input\":{\"@type\":\"PropertyValueSpecification\",\"valueRequired\":true,\"valueName\":\"search_term_string\"}}],\"inLanguage\":\"fr-FR\"}]}<\/script>\n<!-- \/ Yoast SEO plugin. -->","yoast_head_json":{"title":"Acheter FINAL FANTASY TCG - Starter Set FF Type-0 - VF - GOZU ZONE - Jeux et Accessoires","robots":{"index":"index","follow":"follow","max-snippet":"max-snippet:-1","max-image-preview":"max-image-preview:large","max-video-preview":"max-video-preview:-1"},"canonical":"https:\/\/gozu.zone\/?product=final-fantasy-tcg-starter-set-ff-type-0-opus-3-vf","og_locale":"fr_FR","og_type":"article","og_title":"Acheter FINAL FANTASY TCG - Starter Set FF Type-0 - VF - GOZU ZONE - Jeux et Accessoires","og_description":"Chaque Starter set contient 50 cartes, 1 tapis de jeu en papier et la r\u00e8gle du jeu.","og_url":"https:\/\/gozu.zone\/?product=final-fantasy-tcg-starter-set-ff-type-0-opus-3-vf","og_site_name":"GOZU ZONE","article_publisher":"https:\/\/www.facebook.com\/gozuzone\/","article_modified_time":"2018-04-28T09:31:10+00:00","og_image":[{"width":640,"height":640,"url":"https:\/\/gozu.zone\/wp-content\/uploads\/2017\/04\/FINAL-FANTASY-Starter-Set-FF-type-0.jpg","type":"image\/jpeg"}],"twitter_card":"summary_large_image","twitter_site":"@gozuzone","twitter_misc":{"Dur\u00e9e de lecture estim\u00e9e":"1 minute"},"schema":{"@context":"https:\/\/schema.org","@graph":[{"@type":"WebPage","@id":"https:\/\/gozu.zone\/?product=final-fantasy-tcg-starter-set-ff-type-0-opus-3-vf","url":"https:\/\/gozu.zone\/?product=final-fantasy-tcg-starter-set-ff-type-0-opus-3-vf","name":"Acheter FINAL FANTASY TCG - Starter Set FF Type-0 - VF - GOZU ZONE - Jeux et Accessoires","isPartOf":{"@id":"https:\/\/gozu.zone\/#website"},"primaryImageOfPage":{"@id":"https:\/\/gozu.zone\/?product=final-fantasy-tcg-starter-set-ff-type-0-opus-3-vf#primaryimage"},"image":{"@id":"https:\/\/gozu.zone\/?product=final-fantasy-tcg-starter-set-ff-type-0-opus-3-vf#primaryimage"},"thumbnailUrl":"https:\/\/gozu.zone\/wp-content\/uploads\/2017\/04\/FINAL-FANTASY-Starter-Set-FF-type-0.jpg","datePublished":"2017-04-17T12:52:43+00:00","dateModified":"2018-04-28T09:31:10+00:00","breadcrumb":{"@id":"https:\/\/gozu.zone\/?product=final-fantasy-tcg-starter-set-ff-type-0-opus-3-vf#breadcrumb"},"inLanguage":"fr-FR","potentialAction":[{"@type":"ReadAction","target":["https:\/\/gozu.zone\/?product=final-fantasy-tcg-starter-set-ff-type-0-opus-3-vf"]}]},{"@type":"ImageObject","inLanguage":"fr-FR","@id":"https:\/\/gozu.zone\/?product=final-fantasy-tcg-starter-set-ff-type-0-opus-3-vf#primaryimage","url":"https:\/\/gozu.zone\/wp-content\/uploads\/2017\/04\/FINAL-FANTASY-Starter-Set-FF-type-0.jpg","contentUrl":"https:\/\/gozu.zone\/wp-content\/uploads\/2017\/04\/FINAL-FANTASY-Starter-Set-FF-type-0.jpg","width":640,"height":640},{"@type":"BreadcrumbList","@id":"https:\/\/gozu.zone\/?product=final-fantasy-tcg-starter-set-ff-type-0-opus-3-vf#breadcrumb","itemListElement":[{"@type":"ListItem","position":1,"name":"Accueil","item":"https:\/\/gozu.zone\/"},{"@type":"ListItem","position":2,"name":"BOUTIQUE","item":"https:\/\/gozu.zone\/?page_id=308"},{"@type":"ListItem","position":3,"name":"FINAL FANTASY TCG &#8211; Starter Set FF Type-0 &#8211; VF"}]},{"@type":"WebSite","@id":"https:\/\/gozu.zone\/#website","url":"https:\/\/gozu.zone\/","name":"GOZU ZONE","description":"Toujours plus pour vos jeux","potentialAction":[{"@type":"SearchAction","target":{"@type":"EntryPoint","urlTemplate":"https:\/\/gozu.zone\/?s={search_term_string}"},"query-input":{"@type":"PropertyValueSpecification","valueRequired":true,"valueName":"search_term_string"}}],"inLanguage":"fr-FR"}]}},"_links":{"self":[{"href":"https:\/\/gozu.zone\/index.php?rest_route=\/wp\/v2\/product\/5020","targetHints":{"allow":["GET"]}}],"collection":[{"href":"https:\/\/gozu.zone\/index.php?rest_route=\/wp\/v2\/product"}],"about":[{"href":"https:\/\/gozu.zone\/index.php?rest_route=\/wp\/v2\/types\/product"}],"replies":[{"embeddable":true,"href":"https:\/\/gozu.zone\/index.php?rest_route=%2Fwp%2Fv2%2Fcomments&post=5020"}],"wp:featuredmedia":[{"embeddable":true,"href":"https:\/\/gozu.zone\/index.php?rest_route=\/wp\/v2\/media\/5022"}],"wp:attachment":[{"href":"https:\/\/gozu.zone\/index.php?rest_route=%2Fwp%2Fv2%2Fmedia&parent=5020"}],"wp:term":[{"taxonomy":"product_brand","embeddable":true,"href":"https:\/\/gozu.zone\/index.php?rest_route=%2Fwp%2Fv2%2Fproduct_brand&post=5020"},{"taxonomy":"product_cat","embeddable":true,"href":"https:\/\/gozu.zone\/index.php?rest_route=%2Fwp%2Fv2%2Fproduct_cat&post=5020"},{"taxonomy":"product_tag","embeddable":true,"href":"https:\/\/gozu.zone\/index.php?rest_route=%2Fwp%2Fv2%2Fproduct_tag&post=5020"}],"curies":[{"name":"wp","href":"https:\/\/api.w.org\/{rel}","templated":true}]}}