{"id":5666,"date":"2017-07-16T17:12:08","date_gmt":"2017-07-16T17:12:08","guid":{"rendered":"https:\/\/gozu.zone\/?post_type=product&#038;p=5666"},"modified":"2018-08-20T19:10:06","modified_gmt":"2018-08-20T19:10:06","slug":"assaut-sur-lempire-soldats-de-la-base-echo","status":"publish","type":"product","link":"https:\/\/gozu.zone\/?product=assaut-sur-lempire-soldats-de-la-base-echo","title":{"rendered":"Assaut sur l&rsquo;Empire\u00a0: Soldats de la Base \u00c9cho"},"content":{"rendered":"<div class=\"disclaimer material\">\n<p><em>\u00ab\u00a0Je suis pr\u00eat \u00e0 attaquer tout l\u2019Empire \u00e0 moi tout seul.\u00a0\u00bb<\/em><\/p>\n<p>Apportez courage et d\u00e9termination \u00e0 vos parties d\u2019<em>Assaut sur l\u2019Empire<\/em>\u00a0avec les\u00a0<em>Soldats de la Base \u00c9cho<\/em>. Combattez aux c\u00f4t\u00e9s de ces v\u00e9t\u00e9rans dans \u00ab\u00a0Crash dans la Neige\u00a0\u00bb, une mission annexe qui s\u2019int\u00e9grera \u00e0 n\u2019importe quelle campagne. Cette extension contient \u00e9galement de nouvelles cartes Commandement ainsi que deux missions d\u2019escarmouche uniques pour jouer \u00e0 un contre un.<\/p>\n<h3>Contenu<\/h3>\n<ul>\n<li>2 figurines en plastique<\/li>\n<li>1 feuillet de r\u00e8gles<\/li>\n<li>3 cartes D\u00e9ploiement<\/li>\n<li>1 carte Mission Annexe<\/li>\n<li>3 cartes Commandement<\/li>\n<li>2 cartes Mission d\u2019Escarmouche<\/li>\n<li>4 pions Identification<\/li>\n<li>12 autocollants Identification.<\/li>\n<\/ul>\n<\/div>\n","protected":false},"excerpt":{"rendered":"<ul>\n<li><strong>\u00c2ge<\/strong> : 14\u00a0ans et +<\/li>\n<li><strong>Dur\u00e9e<\/strong> : 1 \u00e0 2 h<\/li>\n<li><strong>Joueurs<\/strong> : 2 \u00e0 5<\/li>\n<\/ul>\n","protected":false},"featured_media":5719,"comment_status":"open","ping_status":"closed","template":"","meta":{"_acf_changed":false},"product_brand":[],"product_cat":[323,495,561,564,327],"product_tag":[336,195,544,416,566],"class_list":{"0":"post-5666","1":"product","2":"type-product","3":"status-publish","4":"has-post-thumbnail","6":"product_cat-jeux","7":"product_cat-jeux-de-figurines","8":"product_cat-star-wars-assaut-sur-lempire","9":"product_cat-boosters-allies","10":"product_cat-extensions","11":"product_tag-affrontement","12":"product_tag-extension","13":"product_tag-figurines","14":"product_tag-modulable","15":"product_tag-science-fiction","16":"product_shipping_class-livraisonstandard_colis","18":"first","19":"instock","20":"taxable","21":"shipping-taxable","22":"purchasable","23":"product-type-simple"},"acf":[],"yoast_head":"<!-- This site is optimized with the Yoast SEO plugin v25.3 - https:\/\/yoast.com\/wordpress\/plugins\/seo\/ -->\n<title>Acheter Assaut sur l&#039;Empire\u00a0: Soldats de la Base \u00c9cho - GOZU ZONE - Jeux et Accessoires<\/title>\n<meta name=\"robots\" content=\"index, follow, max-snippet:-1, max-image-preview:large, max-video-preview:-1\" \/>\n<link rel=\"canonical\" href=\"https:\/\/gozu.zone\/?product=assaut-sur-lempire-soldats-de-la-base-echo\" \/>\n<meta property=\"og:locale\" content=\"fr_FR\" \/>\n<meta property=\"og:type\" content=\"article\" \/>\n<meta property=\"og:title\" content=\"Acheter Assaut sur l&#039;Empire\u00a0: Soldats de la Base \u00c9cho - GOZU ZONE - Jeux et Accessoires\" \/>\n<meta property=\"og:description\" content=\"\u00c2ge : 14\u00a0ans et +  Dur\u00e9e : 1 \u00e0 2 h  Joueurs : 2 \u00e0 5\" \/>\n<meta property=\"og:url\" content=\"https:\/\/gozu.zone\/?product=assaut-sur-lempire-soldats-de-la-base-echo\" \/>\n<meta property=\"og:site_name\" content=\"GOZU ZONE\" \/>\n<meta property=\"article:publisher\" content=\"https:\/\/www.facebook.com\/gozuzone\/\" \/>\n<meta property=\"article:modified_time\" content=\"2018-08-20T19:10:06+00:00\" \/>\n<meta property=\"og:image\" content=\"https:\/\/gozu.zone\/wp-content\/uploads\/2017\/07\/Soldats-de-la-Base-\u00c9cho.png\" \/>\n\t<meta property=\"og:image:width\" content=\"480\" \/>\n\t<meta property=\"og:image:height\" content=\"480\" \/>\n\t<meta property=\"og:image:type\" content=\"image\/png\" \/>\n<meta name=\"twitter:card\" content=\"summary_large_image\" \/>\n<meta name=\"twitter:site\" content=\"@gozuzone\" \/>\n<meta name=\"twitter:label1\" content=\"Dur\u00e9e de lecture estim\u00e9e\" \/>\n\t<meta name=\"twitter:data1\" content=\"1 minute\" \/>\n<script type=\"application\/ld+json\" class=\"yoast-schema-graph\">{\"@context\":\"https:\/\/schema.org\",\"@graph\":[{\"@type\":\"WebPage\",\"@id\":\"https:\/\/gozu.zone\/?product=assaut-sur-lempire-soldats-de-la-base-echo\",\"url\":\"https:\/\/gozu.zone\/?product=assaut-sur-lempire-soldats-de-la-base-echo\",\"name\":\"Acheter Assaut sur l'Empire\u00a0: Soldats de la Base \u00c9cho - GOZU ZONE - Jeux et Accessoires\",\"isPartOf\":{\"@id\":\"https:\/\/gozu.zone\/#website\"},\"primaryImageOfPage\":{\"@id\":\"https:\/\/gozu.zone\/?product=assaut-sur-lempire-soldats-de-la-base-echo#primaryimage\"},\"image\":{\"@id\":\"https:\/\/gozu.zone\/?product=assaut-sur-lempire-soldats-de-la-base-echo#primaryimage\"},\"thumbnailUrl\":\"https:\/\/gozu.zone\/wp-content\/uploads\/2017\/07\/Soldats-de-la-Base-\u00c9cho.png\",\"datePublished\":\"2017-07-16T17:12:08+00:00\",\"dateModified\":\"2018-08-20T19:10:06+00:00\",\"breadcrumb\":{\"@id\":\"https:\/\/gozu.zone\/?product=assaut-sur-lempire-soldats-de-la-base-echo#breadcrumb\"},\"inLanguage\":\"fr-FR\",\"potentialAction\":[{\"@type\":\"ReadAction\",\"target\":[\"https:\/\/gozu.zone\/?product=assaut-sur-lempire-soldats-de-la-base-echo\"]}]},{\"@type\":\"ImageObject\",\"inLanguage\":\"fr-FR\",\"@id\":\"https:\/\/gozu.zone\/?product=assaut-sur-lempire-soldats-de-la-base-echo#primaryimage\",\"url\":\"https:\/\/gozu.zone\/wp-content\/uploads\/2017\/07\/Soldats-de-la-Base-\u00c9cho.png\",\"contentUrl\":\"https:\/\/gozu.zone\/wp-content\/uploads\/2017\/07\/Soldats-de-la-Base-\u00c9cho.png\",\"width\":480,\"height\":480,\"caption\":\"Soldats-de-la-Base-\u00c9cho\"},{\"@type\":\"BreadcrumbList\",\"@id\":\"https:\/\/gozu.zone\/?product=assaut-sur-lempire-soldats-de-la-base-echo#breadcrumb\",\"itemListElement\":[{\"@type\":\"ListItem\",\"position\":1,\"name\":\"Accueil\",\"item\":\"https:\/\/gozu.zone\/\"},{\"@type\":\"ListItem\",\"position\":2,\"name\":\"BOUTIQUE\",\"item\":\"https:\/\/gozu.zone\/?page_id=308\"},{\"@type\":\"ListItem\",\"position\":3,\"name\":\"Assaut sur l&rsquo;Empire\u00a0: Soldats de la Base \u00c9cho\"}]},{\"@type\":\"WebSite\",\"@id\":\"https:\/\/gozu.zone\/#website\",\"url\":\"https:\/\/gozu.zone\/\",\"name\":\"GOZU ZONE\",\"description\":\"Toujours plus pour vos jeux\",\"potentialAction\":[{\"@type\":\"SearchAction\",\"target\":{\"@type\":\"EntryPoint\",\"urlTemplate\":\"https:\/\/gozu.zone\/?s={search_term_string}\"},\"query-input\":{\"@type\":\"PropertyValueSpecification\",\"valueRequired\":true,\"valueName\":\"search_term_string\"}}],\"inLanguage\":\"fr-FR\"}]}<\/script>\n<!-- \/ Yoast SEO plugin. -->","yoast_head_json":{"title":"Acheter Assaut sur l'Empire\u00a0: Soldats de la Base \u00c9cho - GOZU ZONE - Jeux et Accessoires","robots":{"index":"index","follow":"follow","max-snippet":"max-snippet:-1","max-image-preview":"max-image-preview:large","max-video-preview":"max-video-preview:-1"},"canonical":"https:\/\/gozu.zone\/?product=assaut-sur-lempire-soldats-de-la-base-echo","og_locale":"fr_FR","og_type":"article","og_title":"Acheter Assaut sur l'Empire\u00a0: Soldats de la Base \u00c9cho - GOZU ZONE - Jeux et Accessoires","og_description":"\u00c2ge : 14\u00a0ans et +  Dur\u00e9e : 1 \u00e0 2 h  Joueurs : 2 \u00e0 5","og_url":"https:\/\/gozu.zone\/?product=assaut-sur-lempire-soldats-de-la-base-echo","og_site_name":"GOZU ZONE","article_publisher":"https:\/\/www.facebook.com\/gozuzone\/","article_modified_time":"2018-08-20T19:10:06+00:00","og_image":[{"width":480,"height":480,"url":"https:\/\/gozu.zone\/wp-content\/uploads\/2017\/07\/Soldats-de-la-Base-\u00c9cho.png","type":"image\/png"}],"twitter_card":"summary_large_image","twitter_site":"@gozuzone","twitter_misc":{"Dur\u00e9e de lecture estim\u00e9e":"1 minute"},"schema":{"@context":"https:\/\/schema.org","@graph":[{"@type":"WebPage","@id":"https:\/\/gozu.zone\/?product=assaut-sur-lempire-soldats-de-la-base-echo","url":"https:\/\/gozu.zone\/?product=assaut-sur-lempire-soldats-de-la-base-echo","name":"Acheter Assaut sur l'Empire\u00a0: Soldats de la Base \u00c9cho - GOZU ZONE - Jeux et Accessoires","isPartOf":{"@id":"https:\/\/gozu.zone\/#website"},"primaryImageOfPage":{"@id":"https:\/\/gozu.zone\/?product=assaut-sur-lempire-soldats-de-la-base-echo#primaryimage"},"image":{"@id":"https:\/\/gozu.zone\/?product=assaut-sur-lempire-soldats-de-la-base-echo#primaryimage"},"thumbnailUrl":"https:\/\/gozu.zone\/wp-content\/uploads\/2017\/07\/Soldats-de-la-Base-\u00c9cho.png","datePublished":"2017-07-16T17:12:08+00:00","dateModified":"2018-08-20T19:10:06+00:00","breadcrumb":{"@id":"https:\/\/gozu.zone\/?product=assaut-sur-lempire-soldats-de-la-base-echo#breadcrumb"},"inLanguage":"fr-FR","potentialAction":[{"@type":"ReadAction","target":["https:\/\/gozu.zone\/?product=assaut-sur-lempire-soldats-de-la-base-echo"]}]},{"@type":"ImageObject","inLanguage":"fr-FR","@id":"https:\/\/gozu.zone\/?product=assaut-sur-lempire-soldats-de-la-base-echo#primaryimage","url":"https:\/\/gozu.zone\/wp-content\/uploads\/2017\/07\/Soldats-de-la-Base-\u00c9cho.png","contentUrl":"https:\/\/gozu.zone\/wp-content\/uploads\/2017\/07\/Soldats-de-la-Base-\u00c9cho.png","width":480,"height":480,"caption":"Soldats-de-la-Base-\u00c9cho"},{"@type":"BreadcrumbList","@id":"https:\/\/gozu.zone\/?product=assaut-sur-lempire-soldats-de-la-base-echo#breadcrumb","itemListElement":[{"@type":"ListItem","position":1,"name":"Accueil","item":"https:\/\/gozu.zone\/"},{"@type":"ListItem","position":2,"name":"BOUTIQUE","item":"https:\/\/gozu.zone\/?page_id=308"},{"@type":"ListItem","position":3,"name":"Assaut sur l&rsquo;Empire\u00a0: Soldats de la Base \u00c9cho"}]},{"@type":"WebSite","@id":"https:\/\/gozu.zone\/#website","url":"https:\/\/gozu.zone\/","name":"GOZU ZONE","description":"Toujours plus pour vos jeux","potentialAction":[{"@type":"SearchAction","target":{"@type":"EntryPoint","urlTemplate":"https:\/\/gozu.zone\/?s={search_term_string}"},"query-input":{"@type":"PropertyValueSpecification","valueRequired":true,"valueName":"search_term_string"}}],"inLanguage":"fr-FR"}]}},"_links":{"self":[{"href":"https:\/\/gozu.zone\/index.php?rest_route=\/wp\/v2\/product\/5666","targetHints":{"allow":["GET"]}}],"collection":[{"href":"https:\/\/gozu.zone\/index.php?rest_route=\/wp\/v2\/product"}],"about":[{"href":"https:\/\/gozu.zone\/index.php?rest_route=\/wp\/v2\/types\/product"}],"replies":[{"embeddable":true,"href":"https:\/\/gozu.zone\/index.php?rest_route=%2Fwp%2Fv2%2Fcomments&post=5666"}],"wp:featuredmedia":[{"embeddable":true,"href":"https:\/\/gozu.zone\/index.php?rest_route=\/wp\/v2\/media\/5719"}],"wp:attachment":[{"href":"https:\/\/gozu.zone\/index.php?rest_route=%2Fwp%2Fv2%2Fmedia&parent=5666"}],"wp:term":[{"taxonomy":"product_brand","embeddable":true,"href":"https:\/\/gozu.zone\/index.php?rest_route=%2Fwp%2Fv2%2Fproduct_brand&post=5666"},{"taxonomy":"product_cat","embeddable":true,"href":"https:\/\/gozu.zone\/index.php?rest_route=%2Fwp%2Fv2%2Fproduct_cat&post=5666"},{"taxonomy":"product_tag","embeddable":true,"href":"https:\/\/gozu.zone\/index.php?rest_route=%2Fwp%2Fv2%2Fproduct_tag&post=5666"}],"curies":[{"name":"wp","href":"https:\/\/api.w.org\/{rel}","templated":true}]}}