{"id":6094,"date":"2017-09-09T17:15:16","date_gmt":"2017-09-09T17:15:16","guid":{"rendered":"https:\/\/gozu.zone\/?post_type=product&#038;p=6094"},"modified":"2025-03-26T10:04:12","modified_gmt":"2025-03-26T10:04:12","slug":"rangement-cartes-pilotes-tokens-star-wars-x-wing","status":"publish","type":"product","link":"https:\/\/gozu.zone\/?product=rangement-cartes-pilotes-tokens-star-wars-x-wing","title":{"rendered":"Rangement Cartes Pilotes et Tokens &#8211; Star Wars X-Wing \u2122"},"content":{"rendered":"<p>Ce module sp\u00e9cialement con\u00e7u pour Star-wars X-Wing \u2122, vous permettra de ranger dans son compartiment principal environ 90 cartes pilotes pochet\u00e9es ( estimation r\u00e9alis\u00e9e avec les<a href=\"https:\/\/gozu.zone\/?product=arcane-tinmen-100-standard-board-game-sleeves-63x88m\" target=\"_blank\" rel=\"noopener\"> sleeves arcane tinmen <\/a>) . De plus, ce module comporte un sous-module amovible \u00e0 3 compartiments et 2 autres compartiments pour y loger vos tokens et tuiles pilotes.<\/p>\n<p><a href=\"https:\/\/gozu.zone\/wp-content\/uploads\/2017\/09\/sw-xwing-carte-pilote.png\"><img loading=\"lazy\" decoding=\"async\" class=\"aligncenter wp-image-6096 size-medium\" src=\"https:\/\/gozu.zone\/wp-content\/uploads\/2017\/09\/sw-xwing-carte-pilote-300x298.png\" alt=\"\" width=\"300\" height=\"298\" srcset=\"https:\/\/gozu.zone\/wp-content\/uploads\/2017\/09\/sw-xwing-carte-pilote-300x298.png 300w, https:\/\/gozu.zone\/wp-content\/uploads\/2017\/09\/sw-xwing-carte-pilote-100x100.png 100w, https:\/\/gozu.zone\/wp-content\/uploads\/2017\/09\/sw-xwing-carte-pilote-510x506.png 510w, https:\/\/gozu.zone\/wp-content\/uploads\/2017\/09\/sw-xwing-carte-pilote-150x150.png 150w, https:\/\/gozu.zone\/wp-content\/uploads\/2017\/09\/sw-xwing-carte-pilote-570x566.png 570w, https:\/\/gozu.zone\/wp-content\/uploads\/2017\/09\/sw-xwing-carte-pilote-60x60.png 60w, https:\/\/gozu.zone\/wp-content\/uploads\/2017\/09\/sw-xwing-carte-pilote.png 640w\" sizes=\"auto, (max-width: 300px) 100vw, 300px\" \/><\/a><\/p>\n<p>&nbsp;<\/p>\n<p>La boite de base X-Wing vous permet d\u2019accueillir jusqu&rsquo;\u00e0 4 fois \u00a0ce rangement.<\/p>\n<p><a href=\"https:\/\/gozu.zone\/wp-content\/uploads\/2017\/09\/sw-xwing.png\"><img loading=\"lazy\" decoding=\"async\" class=\"aligncenter wp-image-6095 size-medium\" src=\"https:\/\/gozu.zone\/wp-content\/uploads\/2017\/09\/sw-xwing-300x300.png\" alt=\"\" width=\"300\" height=\"300\" srcset=\"https:\/\/gozu.zone\/wp-content\/uploads\/2017\/09\/sw-xwing-300x300.png 300w, https:\/\/gozu.zone\/wp-content\/uploads\/2017\/09\/sw-xwing-247x247.png 247w, https:\/\/gozu.zone\/wp-content\/uploads\/2017\/09\/sw-xwing-100x100.png 100w, https:\/\/gozu.zone\/wp-content\/uploads\/2017\/09\/sw-xwing-510x510.png 510w, https:\/\/gozu.zone\/wp-content\/uploads\/2017\/09\/sw-xwing-150x150.png 150w, https:\/\/gozu.zone\/wp-content\/uploads\/2017\/09\/sw-xwing-350x350.png 350w, https:\/\/gozu.zone\/wp-content\/uploads\/2017\/09\/sw-xwing-570x570.png 570w, https:\/\/gozu.zone\/wp-content\/uploads\/2017\/09\/sw-xwing-60x60.png 60w, https:\/\/gozu.zone\/wp-content\/uploads\/2017\/09\/sw-xwing.png 680w\" sizes=\"auto, (max-width: 300px) 100vw, 300px\" \/><\/a><\/p>\n","protected":false},"excerpt":{"rendered":"<p>Ranger de mani\u00e8re \u00e9l\u00e9gante vos cartes pilote et tokens dans la boite de base de Star Wars X-WING.<\/p>\n<p>&nbsp;<\/p>\n","protected":false},"featured_media":6097,"comment_status":"open","ping_status":"closed","template":"","meta":{"_acf_changed":false},"product_brand":[],"product_cat":[439,481,480,309,311],"product_tag":[294,107],"class_list":{"0":"post-6094","1":"product","2":"type-product","3":"status-publish","4":"has-post-thumbnail","6":"product_cat-accessoires","7":"product_cat-boitiers-cartes-des-jetons","8":"product_cat-divers","9":"product_cat-modules","10":"product_cat-organiseurs","11":"product_tag-organiseur","12":"product_tag-rangement","13":"product_shipping_class-livraisonstandard_colis","15":"first","16":"instock","17":"taxable","18":"shipping-taxable","19":"purchasable","20":"product-type-simple"},"acf":[],"yoast_head":"<!-- This site is optimized with the Yoast SEO plugin v25.3 - https:\/\/yoast.com\/wordpress\/plugins\/seo\/ -->\n<title>Acheter Rangement Cartes Pilotes et Tokens - Star Wars X-Wing \u2122 - GOZU ZONE - Jeux et Accessoires<\/title>\n<meta name=\"robots\" content=\"index, follow, max-snippet:-1, max-image-preview:large, max-video-preview:-1\" \/>\n<link rel=\"canonical\" href=\"https:\/\/gozu.zone\/?product=rangement-cartes-pilotes-tokens-star-wars-x-wing\" \/>\n<meta property=\"og:locale\" content=\"fr_FR\" \/>\n<meta property=\"og:type\" content=\"article\" \/>\n<meta property=\"og:title\" content=\"Acheter Rangement Cartes Pilotes et Tokens - Star Wars X-Wing \u2122 - GOZU ZONE - Jeux et Accessoires\" \/>\n<meta property=\"og:description\" content=\"Ranger de mani\u00e8re \u00e9l\u00e9gante vos cartes pilote et tokens dans la boite de base de Star Wars X-WING.  &nbsp;\" \/>\n<meta property=\"og:url\" content=\"https:\/\/gozu.zone\/?product=rangement-cartes-pilotes-tokens-star-wars-x-wing\" \/>\n<meta property=\"og:site_name\" content=\"GOZU ZONE\" \/>\n<meta property=\"article:publisher\" content=\"https:\/\/www.facebook.com\/gozuzone\/\" \/>\n<meta property=\"article:modified_time\" content=\"2025-03-26T10:04:12+00:00\" \/>\n<meta property=\"og:image\" content=\"https:\/\/gozu.zone\/wp-content\/uploads\/2017\/09\/sw-xwing-cartes-pilote.jpg\" \/>\n\t<meta property=\"og:image:width\" content=\"680\" \/>\n\t<meta property=\"og:image:height\" content=\"680\" \/>\n\t<meta property=\"og:image:type\" content=\"image\/jpeg\" \/>\n<meta name=\"twitter:card\" content=\"summary_large_image\" \/>\n<meta name=\"twitter:site\" content=\"@gozuzone\" \/>\n<meta name=\"twitter:label1\" content=\"Dur\u00e9e de lecture estim\u00e9e\" \/>\n\t<meta name=\"twitter:data1\" content=\"1 minute\" \/>\n<script type=\"application\/ld+json\" class=\"yoast-schema-graph\">{\"@context\":\"https:\/\/schema.org\",\"@graph\":[{\"@type\":\"WebPage\",\"@id\":\"https:\/\/gozu.zone\/?product=rangement-cartes-pilotes-tokens-star-wars-x-wing\",\"url\":\"https:\/\/gozu.zone\/?product=rangement-cartes-pilotes-tokens-star-wars-x-wing\",\"name\":\"Acheter Rangement Cartes Pilotes et Tokens - Star Wars X-Wing \u2122 - GOZU ZONE - Jeux et Accessoires\",\"isPartOf\":{\"@id\":\"https:\/\/gozu.zone\/#website\"},\"primaryImageOfPage\":{\"@id\":\"https:\/\/gozu.zone\/?product=rangement-cartes-pilotes-tokens-star-wars-x-wing#primaryimage\"},\"image\":{\"@id\":\"https:\/\/gozu.zone\/?product=rangement-cartes-pilotes-tokens-star-wars-x-wing#primaryimage\"},\"thumbnailUrl\":\"https:\/\/gozu.zone\/wp-content\/uploads\/2017\/09\/sw-xwing-cartes-pilote.jpg\",\"datePublished\":\"2017-09-09T17:15:16+00:00\",\"dateModified\":\"2025-03-26T10:04:12+00:00\",\"breadcrumb\":{\"@id\":\"https:\/\/gozu.zone\/?product=rangement-cartes-pilotes-tokens-star-wars-x-wing#breadcrumb\"},\"inLanguage\":\"fr-FR\",\"potentialAction\":[{\"@type\":\"ReadAction\",\"target\":[\"https:\/\/gozu.zone\/?product=rangement-cartes-pilotes-tokens-star-wars-x-wing\"]}]},{\"@type\":\"ImageObject\",\"inLanguage\":\"fr-FR\",\"@id\":\"https:\/\/gozu.zone\/?product=rangement-cartes-pilotes-tokens-star-wars-x-wing#primaryimage\",\"url\":\"https:\/\/gozu.zone\/wp-content\/uploads\/2017\/09\/sw-xwing-cartes-pilote.jpg\",\"contentUrl\":\"https:\/\/gozu.zone\/wp-content\/uploads\/2017\/09\/sw-xwing-cartes-pilote.jpg\",\"width\":680,\"height\":680,\"caption\":\"sw-xwing-cartes-pilote\"},{\"@type\":\"BreadcrumbList\",\"@id\":\"https:\/\/gozu.zone\/?product=rangement-cartes-pilotes-tokens-star-wars-x-wing#breadcrumb\",\"itemListElement\":[{\"@type\":\"ListItem\",\"position\":1,\"name\":\"Accueil\",\"item\":\"https:\/\/gozu.zone\/\"},{\"@type\":\"ListItem\",\"position\":2,\"name\":\"BOUTIQUE\",\"item\":\"https:\/\/gozu.zone\/?page_id=308\"},{\"@type\":\"ListItem\",\"position\":3,\"name\":\"Rangement Cartes Pilotes et Tokens &#8211; Star Wars X-Wing \u2122\"}]},{\"@type\":\"WebSite\",\"@id\":\"https:\/\/gozu.zone\/#website\",\"url\":\"https:\/\/gozu.zone\/\",\"name\":\"GOZU ZONE\",\"description\":\"Toujours plus pour vos jeux\",\"potentialAction\":[{\"@type\":\"SearchAction\",\"target\":{\"@type\":\"EntryPoint\",\"urlTemplate\":\"https:\/\/gozu.zone\/?s={search_term_string}\"},\"query-input\":{\"@type\":\"PropertyValueSpecification\",\"valueRequired\":true,\"valueName\":\"search_term_string\"}}],\"inLanguage\":\"fr-FR\"}]}<\/script>\n<!-- \/ Yoast SEO plugin. -->","yoast_head_json":{"title":"Acheter Rangement Cartes Pilotes et Tokens - Star Wars X-Wing \u2122 - GOZU ZONE - Jeux et Accessoires","robots":{"index":"index","follow":"follow","max-snippet":"max-snippet:-1","max-image-preview":"max-image-preview:large","max-video-preview":"max-video-preview:-1"},"canonical":"https:\/\/gozu.zone\/?product=rangement-cartes-pilotes-tokens-star-wars-x-wing","og_locale":"fr_FR","og_type":"article","og_title":"Acheter Rangement Cartes Pilotes et Tokens - Star Wars X-Wing \u2122 - GOZU ZONE - Jeux et Accessoires","og_description":"Ranger de mani\u00e8re \u00e9l\u00e9gante vos cartes pilote et tokens dans la boite de base de Star Wars X-WING.  &nbsp;","og_url":"https:\/\/gozu.zone\/?product=rangement-cartes-pilotes-tokens-star-wars-x-wing","og_site_name":"GOZU ZONE","article_publisher":"https:\/\/www.facebook.com\/gozuzone\/","article_modified_time":"2025-03-26T10:04:12+00:00","og_image":[{"width":680,"height":680,"url":"https:\/\/gozu.zone\/wp-content\/uploads\/2017\/09\/sw-xwing-cartes-pilote.jpg","type":"image\/jpeg"}],"twitter_card":"summary_large_image","twitter_site":"@gozuzone","twitter_misc":{"Dur\u00e9e de lecture estim\u00e9e":"1 minute"},"schema":{"@context":"https:\/\/schema.org","@graph":[{"@type":"WebPage","@id":"https:\/\/gozu.zone\/?product=rangement-cartes-pilotes-tokens-star-wars-x-wing","url":"https:\/\/gozu.zone\/?product=rangement-cartes-pilotes-tokens-star-wars-x-wing","name":"Acheter Rangement Cartes Pilotes et Tokens - Star Wars X-Wing \u2122 - GOZU ZONE - Jeux et Accessoires","isPartOf":{"@id":"https:\/\/gozu.zone\/#website"},"primaryImageOfPage":{"@id":"https:\/\/gozu.zone\/?product=rangement-cartes-pilotes-tokens-star-wars-x-wing#primaryimage"},"image":{"@id":"https:\/\/gozu.zone\/?product=rangement-cartes-pilotes-tokens-star-wars-x-wing#primaryimage"},"thumbnailUrl":"https:\/\/gozu.zone\/wp-content\/uploads\/2017\/09\/sw-xwing-cartes-pilote.jpg","datePublished":"2017-09-09T17:15:16+00:00","dateModified":"2025-03-26T10:04:12+00:00","breadcrumb":{"@id":"https:\/\/gozu.zone\/?product=rangement-cartes-pilotes-tokens-star-wars-x-wing#breadcrumb"},"inLanguage":"fr-FR","potentialAction":[{"@type":"ReadAction","target":["https:\/\/gozu.zone\/?product=rangement-cartes-pilotes-tokens-star-wars-x-wing"]}]},{"@type":"ImageObject","inLanguage":"fr-FR","@id":"https:\/\/gozu.zone\/?product=rangement-cartes-pilotes-tokens-star-wars-x-wing#primaryimage","url":"https:\/\/gozu.zone\/wp-content\/uploads\/2017\/09\/sw-xwing-cartes-pilote.jpg","contentUrl":"https:\/\/gozu.zone\/wp-content\/uploads\/2017\/09\/sw-xwing-cartes-pilote.jpg","width":680,"height":680,"caption":"sw-xwing-cartes-pilote"},{"@type":"BreadcrumbList","@id":"https:\/\/gozu.zone\/?product=rangement-cartes-pilotes-tokens-star-wars-x-wing#breadcrumb","itemListElement":[{"@type":"ListItem","position":1,"name":"Accueil","item":"https:\/\/gozu.zone\/"},{"@type":"ListItem","position":2,"name":"BOUTIQUE","item":"https:\/\/gozu.zone\/?page_id=308"},{"@type":"ListItem","position":3,"name":"Rangement Cartes Pilotes et Tokens &#8211; Star Wars X-Wing \u2122"}]},{"@type":"WebSite","@id":"https:\/\/gozu.zone\/#website","url":"https:\/\/gozu.zone\/","name":"GOZU ZONE","description":"Toujours plus pour vos jeux","potentialAction":[{"@type":"SearchAction","target":{"@type":"EntryPoint","urlTemplate":"https:\/\/gozu.zone\/?s={search_term_string}"},"query-input":{"@type":"PropertyValueSpecification","valueRequired":true,"valueName":"search_term_string"}}],"inLanguage":"fr-FR"}]}},"_links":{"self":[{"href":"https:\/\/gozu.zone\/index.php?rest_route=\/wp\/v2\/product\/6094","targetHints":{"allow":["GET"]}}],"collection":[{"href":"https:\/\/gozu.zone\/index.php?rest_route=\/wp\/v2\/product"}],"about":[{"href":"https:\/\/gozu.zone\/index.php?rest_route=\/wp\/v2\/types\/product"}],"replies":[{"embeddable":true,"href":"https:\/\/gozu.zone\/index.php?rest_route=%2Fwp%2Fv2%2Fcomments&post=6094"}],"wp:featuredmedia":[{"embeddable":true,"href":"https:\/\/gozu.zone\/index.php?rest_route=\/wp\/v2\/media\/6097"}],"wp:attachment":[{"href":"https:\/\/gozu.zone\/index.php?rest_route=%2Fwp%2Fv2%2Fmedia&parent=6094"}],"wp:term":[{"taxonomy":"product_brand","embeddable":true,"href":"https:\/\/gozu.zone\/index.php?rest_route=%2Fwp%2Fv2%2Fproduct_brand&post=6094"},{"taxonomy":"product_cat","embeddable":true,"href":"https:\/\/gozu.zone\/index.php?rest_route=%2Fwp%2Fv2%2Fproduct_cat&post=6094"},{"taxonomy":"product_tag","embeddable":true,"href":"https:\/\/gozu.zone\/index.php?rest_route=%2Fwp%2Fv2%2Fproduct_tag&post=6094"}],"curies":[{"name":"wp","href":"https:\/\/api.w.org\/{rel}","templated":true}]}}