{"id":6313,"date":"2017-10-11T16:37:12","date_gmt":"2017-10-11T16:37:12","guid":{"rendered":"https:\/\/gozu.zone\/?post_type=product&#038;p=6313"},"modified":"2018-08-18T18:16:20","modified_gmt":"2018-08-18T18:16:20","slug":"settlers-3-chiffre-magique","status":"publish","type":"product","link":"https:\/\/gozu.zone\/?product=settlers-3-chiffre-magique","title":{"rendered":"Settlers : 3 est un chiffre magique"},"content":{"rendered":"<p>Et si l\u2019on parlait coop\u00e9ration ?<\/p>\n<p>Ce Paquet d\u2019Empire pr\u00e9sente le concept de \u00ab production ouverte \u00bb, qui permet de produire des marchandises pour soi-m\u00eame, mais aussi pour les autres joueurs. Plut\u00f4t sympa, non ?<\/p>\n<p>Bon, pour \u00eatre tout \u00e0 fait honn\u00eate, cela ne se limite pas \u00e0 \u00e7a puisque vous risquez d\u2019\u00eatre amen\u00e9 \u00e0 voler des lieux ennemis et \u00e0 construire de hautes murailles pour prot\u00e9ger vos terres.<\/p>\n<p>L\u2019amiti\u00e9 n\u2019est plus ce qu\u2019elle \u00e9tait\u2026<\/p>\n<div class=\"disclaimer material\">\n<h3>Contenu du jeu<\/h3>\n<ul>\n<li>55 cartes :\n<ul>\n<li>13 cartes communes<\/li>\n<li>10 cartes Romain<\/li>\n<li>10 cartes \u00c9gyptien<\/li>\n<li>10 cartes Barbare<\/li>\n<li>10 cartes Japonais<\/li>\n<li>2 nouvelles cartes pour le mode solo<\/li>\n<\/ul>\n<\/li>\n<li>1 feuillet de r\u00e8gles.<\/li>\n<\/ul>\n<\/div>\n","protected":false},"excerpt":{"rendered":"<ul>\n<li><strong>\u00c2ge<\/strong> : 10\u00a0ans et +<\/li>\n<li><strong>Dur\u00e9e<\/strong> : 1 \u00e0 2h<\/li>\n<li><strong>Joueurs<\/strong> : 1\u00a0\u00e0 4<\/li>\n<\/ul>\n","protected":false},"featured_media":6294,"comment_status":"open","ping_status":"closed","template":"","meta":{"_acf_changed":false},"product_brand":[],"product_cat":[327,323,494,361,333],"product_tag":[334,383,569,516,413],"class_list":{"0":"post-6313","1":"product","2":"type-product","3":"status-publish","4":"has-post-thumbnail","6":"product_cat-extensions","7":"product_cat-jeux","8":"product_cat-jeux-de-societe","9":"product_cat-familiaux","10":"product_cat-par-types","11":"product_tag-antiquite","12":"product_tag-combinaison","13":"product_tag-construction","14":"product_tag-draft","15":"product_tag-pouvoirs","16":"product_shipping_class-livraisonstandard_enveloppe-fr","18":"first","19":"instock","20":"sale","21":"taxable","22":"shipping-taxable","23":"purchasable","24":"product-type-simple"},"acf":[],"yoast_head":"<!-- This site is optimized with the Yoast SEO plugin v25.3 - https:\/\/yoast.com\/wordpress\/plugins\/seo\/ -->\n<title>Acheter Settlers : 3 est un chiffre magique - GOZU ZONE - Jeux et Accessoires<\/title>\n<meta name=\"robots\" content=\"index, follow, max-snippet:-1, max-image-preview:large, max-video-preview:-1\" \/>\n<link rel=\"canonical\" href=\"https:\/\/gozu.zone\/?product=settlers-3-chiffre-magique\" \/>\n<meta property=\"og:locale\" content=\"fr_FR\" \/>\n<meta property=\"og:type\" content=\"article\" \/>\n<meta property=\"og:title\" content=\"Acheter Settlers : 3 est un chiffre magique - GOZU ZONE - Jeux et Accessoires\" \/>\n<meta property=\"og:description\" content=\"\u00c2ge : 10\u00a0ans et +  Dur\u00e9e : 1 \u00e0 2h  Joueurs : 1\u00a0\u00e0 4\" \/>\n<meta property=\"og:url\" content=\"https:\/\/gozu.zone\/?product=settlers-3-chiffre-magique\" \/>\n<meta property=\"og:site_name\" content=\"GOZU ZONE\" \/>\n<meta property=\"article:publisher\" content=\"https:\/\/www.facebook.com\/gozuzone\/\" \/>\n<meta property=\"article:modified_time\" content=\"2018-08-18T18:16:20+00:00\" \/>\n<meta property=\"og:image\" content=\"https:\/\/gozu.zone\/wp-content\/uploads\/2017\/10\/3-est-un-chiffre-magique.png\" \/>\n\t<meta property=\"og:image:width\" content=\"480\" \/>\n\t<meta property=\"og:image:height\" content=\"480\" \/>\n\t<meta property=\"og:image:type\" content=\"image\/png\" \/>\n<meta name=\"twitter:card\" content=\"summary_large_image\" \/>\n<meta name=\"twitter:site\" content=\"@gozuzone\" \/>\n<meta name=\"twitter:label1\" content=\"Dur\u00e9e de lecture estim\u00e9e\" \/>\n\t<meta name=\"twitter:data1\" content=\"1 minute\" \/>\n<script type=\"application\/ld+json\" class=\"yoast-schema-graph\">{\"@context\":\"https:\/\/schema.org\",\"@graph\":[{\"@type\":\"WebPage\",\"@id\":\"https:\/\/gozu.zone\/?product=settlers-3-chiffre-magique\",\"url\":\"https:\/\/gozu.zone\/?product=settlers-3-chiffre-magique\",\"name\":\"Acheter Settlers : 3 est un chiffre magique - GOZU ZONE - Jeux et Accessoires\",\"isPartOf\":{\"@id\":\"https:\/\/gozu.zone\/#website\"},\"primaryImageOfPage\":{\"@id\":\"https:\/\/gozu.zone\/?product=settlers-3-chiffre-magique#primaryimage\"},\"image\":{\"@id\":\"https:\/\/gozu.zone\/?product=settlers-3-chiffre-magique#primaryimage\"},\"thumbnailUrl\":\"https:\/\/gozu.zone\/wp-content\/uploads\/2017\/10\/3-est-un-chiffre-magique.png\",\"datePublished\":\"2017-10-11T16:37:12+00:00\",\"dateModified\":\"2018-08-18T18:16:20+00:00\",\"breadcrumb\":{\"@id\":\"https:\/\/gozu.zone\/?product=settlers-3-chiffre-magique#breadcrumb\"},\"inLanguage\":\"fr-FR\",\"potentialAction\":[{\"@type\":\"ReadAction\",\"target\":[\"https:\/\/gozu.zone\/?product=settlers-3-chiffre-magique\"]}]},{\"@type\":\"ImageObject\",\"inLanguage\":\"fr-FR\",\"@id\":\"https:\/\/gozu.zone\/?product=settlers-3-chiffre-magique#primaryimage\",\"url\":\"https:\/\/gozu.zone\/wp-content\/uploads\/2017\/10\/3-est-un-chiffre-magique.png\",\"contentUrl\":\"https:\/\/gozu.zone\/wp-content\/uploads\/2017\/10\/3-est-un-chiffre-magique.png\",\"width\":480,\"height\":480},{\"@type\":\"BreadcrumbList\",\"@id\":\"https:\/\/gozu.zone\/?product=settlers-3-chiffre-magique#breadcrumb\",\"itemListElement\":[{\"@type\":\"ListItem\",\"position\":1,\"name\":\"Accueil\",\"item\":\"https:\/\/gozu.zone\/\"},{\"@type\":\"ListItem\",\"position\":2,\"name\":\"BOUTIQUE\",\"item\":\"https:\/\/gozu.zone\/?page_id=308\"},{\"@type\":\"ListItem\",\"position\":3,\"name\":\"Settlers : 3 est un chiffre magique\"}]},{\"@type\":\"WebSite\",\"@id\":\"https:\/\/gozu.zone\/#website\",\"url\":\"https:\/\/gozu.zone\/\",\"name\":\"GOZU ZONE\",\"description\":\"Toujours plus pour vos jeux\",\"potentialAction\":[{\"@type\":\"SearchAction\",\"target\":{\"@type\":\"EntryPoint\",\"urlTemplate\":\"https:\/\/gozu.zone\/?s={search_term_string}\"},\"query-input\":{\"@type\":\"PropertyValueSpecification\",\"valueRequired\":true,\"valueName\":\"search_term_string\"}}],\"inLanguage\":\"fr-FR\"}]}<\/script>\n<!-- \/ Yoast SEO plugin. -->","yoast_head_json":{"title":"Acheter Settlers : 3 est un chiffre magique - GOZU ZONE - Jeux et Accessoires","robots":{"index":"index","follow":"follow","max-snippet":"max-snippet:-1","max-image-preview":"max-image-preview:large","max-video-preview":"max-video-preview:-1"},"canonical":"https:\/\/gozu.zone\/?product=settlers-3-chiffre-magique","og_locale":"fr_FR","og_type":"article","og_title":"Acheter Settlers : 3 est un chiffre magique - GOZU ZONE - Jeux et Accessoires","og_description":"\u00c2ge : 10\u00a0ans et +  Dur\u00e9e : 1 \u00e0 2h  Joueurs : 1\u00a0\u00e0 4","og_url":"https:\/\/gozu.zone\/?product=settlers-3-chiffre-magique","og_site_name":"GOZU ZONE","article_publisher":"https:\/\/www.facebook.com\/gozuzone\/","article_modified_time":"2018-08-18T18:16:20+00:00","og_image":[{"width":480,"height":480,"url":"https:\/\/gozu.zone\/wp-content\/uploads\/2017\/10\/3-est-un-chiffre-magique.png","type":"image\/png"}],"twitter_card":"summary_large_image","twitter_site":"@gozuzone","twitter_misc":{"Dur\u00e9e de lecture estim\u00e9e":"1 minute"},"schema":{"@context":"https:\/\/schema.org","@graph":[{"@type":"WebPage","@id":"https:\/\/gozu.zone\/?product=settlers-3-chiffre-magique","url":"https:\/\/gozu.zone\/?product=settlers-3-chiffre-magique","name":"Acheter Settlers : 3 est un chiffre magique - GOZU ZONE - Jeux et Accessoires","isPartOf":{"@id":"https:\/\/gozu.zone\/#website"},"primaryImageOfPage":{"@id":"https:\/\/gozu.zone\/?product=settlers-3-chiffre-magique#primaryimage"},"image":{"@id":"https:\/\/gozu.zone\/?product=settlers-3-chiffre-magique#primaryimage"},"thumbnailUrl":"https:\/\/gozu.zone\/wp-content\/uploads\/2017\/10\/3-est-un-chiffre-magique.png","datePublished":"2017-10-11T16:37:12+00:00","dateModified":"2018-08-18T18:16:20+00:00","breadcrumb":{"@id":"https:\/\/gozu.zone\/?product=settlers-3-chiffre-magique#breadcrumb"},"inLanguage":"fr-FR","potentialAction":[{"@type":"ReadAction","target":["https:\/\/gozu.zone\/?product=settlers-3-chiffre-magique"]}]},{"@type":"ImageObject","inLanguage":"fr-FR","@id":"https:\/\/gozu.zone\/?product=settlers-3-chiffre-magique#primaryimage","url":"https:\/\/gozu.zone\/wp-content\/uploads\/2017\/10\/3-est-un-chiffre-magique.png","contentUrl":"https:\/\/gozu.zone\/wp-content\/uploads\/2017\/10\/3-est-un-chiffre-magique.png","width":480,"height":480},{"@type":"BreadcrumbList","@id":"https:\/\/gozu.zone\/?product=settlers-3-chiffre-magique#breadcrumb","itemListElement":[{"@type":"ListItem","position":1,"name":"Accueil","item":"https:\/\/gozu.zone\/"},{"@type":"ListItem","position":2,"name":"BOUTIQUE","item":"https:\/\/gozu.zone\/?page_id=308"},{"@type":"ListItem","position":3,"name":"Settlers : 3 est un chiffre magique"}]},{"@type":"WebSite","@id":"https:\/\/gozu.zone\/#website","url":"https:\/\/gozu.zone\/","name":"GOZU ZONE","description":"Toujours plus pour vos jeux","potentialAction":[{"@type":"SearchAction","target":{"@type":"EntryPoint","urlTemplate":"https:\/\/gozu.zone\/?s={search_term_string}"},"query-input":{"@type":"PropertyValueSpecification","valueRequired":true,"valueName":"search_term_string"}}],"inLanguage":"fr-FR"}]}},"_links":{"self":[{"href":"https:\/\/gozu.zone\/index.php?rest_route=\/wp\/v2\/product\/6313","targetHints":{"allow":["GET"]}}],"collection":[{"href":"https:\/\/gozu.zone\/index.php?rest_route=\/wp\/v2\/product"}],"about":[{"href":"https:\/\/gozu.zone\/index.php?rest_route=\/wp\/v2\/types\/product"}],"replies":[{"embeddable":true,"href":"https:\/\/gozu.zone\/index.php?rest_route=%2Fwp%2Fv2%2Fcomments&post=6313"}],"wp:featuredmedia":[{"embeddable":true,"href":"https:\/\/gozu.zone\/index.php?rest_route=\/wp\/v2\/media\/6294"}],"wp:attachment":[{"href":"https:\/\/gozu.zone\/index.php?rest_route=%2Fwp%2Fv2%2Fmedia&parent=6313"}],"wp:term":[{"taxonomy":"product_brand","embeddable":true,"href":"https:\/\/gozu.zone\/index.php?rest_route=%2Fwp%2Fv2%2Fproduct_brand&post=6313"},{"taxonomy":"product_cat","embeddable":true,"href":"https:\/\/gozu.zone\/index.php?rest_route=%2Fwp%2Fv2%2Fproduct_cat&post=6313"},{"taxonomy":"product_tag","embeddable":true,"href":"https:\/\/gozu.zone\/index.php?rest_route=%2Fwp%2Fv2%2Fproduct_tag&post=6313"}],"curies":[{"name":"wp","href":"https:\/\/api.w.org\/{rel}","templated":true}]}}