{"id":6539,"date":"2017-11-18T21:25:24","date_gmt":"2017-11-18T21:25:24","guid":{"rendered":"https:\/\/gozu.zone\/?post_type=product&#038;p=6539"},"modified":"2025-01-10T03:15:45","modified_gmt":"2025-01-10T03:15:45","slug":"munchkin-cthulhu-2-lappel-de-vachthulhu","status":"publish","type":"product","link":"https:\/\/gozu.zone\/?product=munchkin-cthulhu-2-lappel-de-vachthulhu","title":{"rendered":"Munchkin Cthulhu 2 : L&rsquo;Appel de la Vachthulhu"},"content":{"rendered":"<p>La moisson de l\u2019horreur !<\/p>\n<p>La vie \u00e0 la campagne ne sera plus jamais la m\u00eame !\u00a0Ce suppl\u00e9ment illustr\u00e9 par l\u2019extraordinaire John Kovalic pr\u00e9sente une r\u00e9colte non euclidienne de monstres et de trucs pour leur taper dessus dans la grande tradition de\u00a0Munchkin Cthulhu.<\/p>\n<p>Tabassez les\u00a0Sombres moutons de Shub-Niggurath\u00a0avec le\u00a0Rouleau \u00e0 p\u00e2tisserie, \u00e9crabouillez l\u2019Arkhamster avec le\u00a0Barattor\u00a0(et \u00e0 travers) et emp\u00eachez la vache\u00a0Milkhathulhude faire des d\u00e9g\u00e2ts avec la\u00a0Pelle \u00e0 crottes qui d\u00e9chire sa race (surtout sa Race Ancienne).<\/p>\n<p><em>L&rsquo;Appel de la Vachthulhu<\/em>\u00a0introduit \u00e9galement de nouvelles cartes : les cartes D\u00e9mence. Semblables aux Mal\u00e9dictions, elles pr\u00e9sentent m\u00eame de curieux avantages !<\/p>\n<p>&nbsp;<\/p>\n<div class=\"disclaimer material\">\n<h3>Contenu du jeu Munchkin Cthulhu 2 : L&rsquo;Appel de la Vachthulhu<\/h3>\n<ul>\n<li>56 cartes<\/li>\n<\/ul>\n<\/div>\n","protected":false},"excerpt":{"rendered":"<p><strong style=\"color: #ff0000;\">Ceci est une extension du jeu Munchkin Cthulhu. N\u00e9cessite le jeu de base<\/strong><\/p>\n<ul>\n<li><strong>\u00c2ge<\/strong> : 10\u00a0ans et +<\/li>\n<li><strong>Dur\u00e9e<\/strong> : 90min<\/li>\n<li><strong>Joueurs<\/strong> : 3 \u00e0 6<\/li>\n<\/ul>\n","protected":false},"featured_media":6540,"comment_status":"open","ping_status":"closed","template":"","meta":{"_acf_changed":false},"product_brand":[],"product_cat":[323,494,333,339,327],"product_tag":[],"class_list":{"0":"post-6539","1":"product","2":"type-product","3":"status-publish","4":"has-post-thumbnail","6":"product_cat-jeux","7":"product_cat-jeux-de-societe","8":"product_cat-par-types","9":"product_cat-petits","10":"product_cat-extensions","11":"product_shipping_class-livraisonstandard_enveloppe-fr","13":"first","14":"outofstock","15":"sale","16":"taxable","17":"shipping-taxable","18":"purchasable","19":"product-type-simple"},"acf":[],"yoast_head":"<!-- This site is optimized with the Yoast SEO plugin v25.3 - https:\/\/yoast.com\/wordpress\/plugins\/seo\/ -->\n<title>Acheter Munchkin Cthulhu 2 : L&#039;Appel de la Vachthulhu - GOZU ZONE - Jeux et Accessoires<\/title>\n<meta name=\"robots\" content=\"index, follow, max-snippet:-1, max-image-preview:large, max-video-preview:-1\" \/>\n<link rel=\"canonical\" href=\"https:\/\/gozu.zone\/?product=munchkin-cthulhu-2-lappel-de-vachthulhu\" \/>\n<meta property=\"og:locale\" content=\"fr_FR\" \/>\n<meta property=\"og:type\" content=\"article\" \/>\n<meta property=\"og:title\" content=\"Acheter Munchkin Cthulhu 2 : L&#039;Appel de la Vachthulhu - GOZU ZONE - Jeux et Accessoires\" \/>\n<meta property=\"og:description\" content=\"Ceci est une extension du jeu Munchkin Cthulhu. N\u00e9cessite le jeu de base   \u00c2ge : 10\u00a0ans et +  Dur\u00e9e : 90min  Joueurs : 3 \u00e0 6\" \/>\n<meta property=\"og:url\" content=\"https:\/\/gozu.zone\/?product=munchkin-cthulhu-2-lappel-de-vachthulhu\" \/>\n<meta property=\"og:site_name\" content=\"GOZU ZONE\" \/>\n<meta property=\"article:publisher\" content=\"https:\/\/www.facebook.com\/gozuzone\/\" \/>\n<meta property=\"article:modified_time\" content=\"2025-01-10T03:15:45+00:00\" \/>\n<meta property=\"og:image\" content=\"https:\/\/gozu.zone\/wp-content\/uploads\/2017\/11\/munchkin-chtulhu-appel-de-la-vachthulhu.jpg\" \/>\n\t<meta property=\"og:image:width\" content=\"520\" \/>\n\t<meta property=\"og:image:height\" content=\"520\" \/>\n\t<meta property=\"og:image:type\" content=\"image\/jpeg\" \/>\n<meta name=\"twitter:card\" content=\"summary_large_image\" \/>\n<meta name=\"twitter:site\" content=\"@gozuzone\" \/>\n<meta name=\"twitter:label1\" content=\"Dur\u00e9e de lecture estim\u00e9e\" \/>\n\t<meta name=\"twitter:data1\" content=\"1 minute\" \/>\n<script type=\"application\/ld+json\" class=\"yoast-schema-graph\">{\"@context\":\"https:\/\/schema.org\",\"@graph\":[{\"@type\":\"WebPage\",\"@id\":\"https:\/\/gozu.zone\/?product=munchkin-cthulhu-2-lappel-de-vachthulhu\",\"url\":\"https:\/\/gozu.zone\/?product=munchkin-cthulhu-2-lappel-de-vachthulhu\",\"name\":\"Acheter Munchkin Cthulhu 2 : L'Appel de la Vachthulhu - GOZU ZONE - Jeux et Accessoires\",\"isPartOf\":{\"@id\":\"https:\/\/gozu.zone\/#website\"},\"primaryImageOfPage\":{\"@id\":\"https:\/\/gozu.zone\/?product=munchkin-cthulhu-2-lappel-de-vachthulhu#primaryimage\"},\"image\":{\"@id\":\"https:\/\/gozu.zone\/?product=munchkin-cthulhu-2-lappel-de-vachthulhu#primaryimage\"},\"thumbnailUrl\":\"https:\/\/gozu.zone\/wp-content\/uploads\/2017\/11\/munchkin-chtulhu-appel-de-la-vachthulhu.jpg\",\"datePublished\":\"2017-11-18T21:25:24+00:00\",\"dateModified\":\"2025-01-10T03:15:45+00:00\",\"breadcrumb\":{\"@id\":\"https:\/\/gozu.zone\/?product=munchkin-cthulhu-2-lappel-de-vachthulhu#breadcrumb\"},\"inLanguage\":\"fr-FR\",\"potentialAction\":[{\"@type\":\"ReadAction\",\"target\":[\"https:\/\/gozu.zone\/?product=munchkin-cthulhu-2-lappel-de-vachthulhu\"]}]},{\"@type\":\"ImageObject\",\"inLanguage\":\"fr-FR\",\"@id\":\"https:\/\/gozu.zone\/?product=munchkin-cthulhu-2-lappel-de-vachthulhu#primaryimage\",\"url\":\"https:\/\/gozu.zone\/wp-content\/uploads\/2017\/11\/munchkin-chtulhu-appel-de-la-vachthulhu.jpg\",\"contentUrl\":\"https:\/\/gozu.zone\/wp-content\/uploads\/2017\/11\/munchkin-chtulhu-appel-de-la-vachthulhu.jpg\",\"width\":520,\"height\":520},{\"@type\":\"BreadcrumbList\",\"@id\":\"https:\/\/gozu.zone\/?product=munchkin-cthulhu-2-lappel-de-vachthulhu#breadcrumb\",\"itemListElement\":[{\"@type\":\"ListItem\",\"position\":1,\"name\":\"Accueil\",\"item\":\"https:\/\/gozu.zone\/\"},{\"@type\":\"ListItem\",\"position\":2,\"name\":\"BOUTIQUE\",\"item\":\"https:\/\/gozu.zone\/?page_id=308\"},{\"@type\":\"ListItem\",\"position\":3,\"name\":\"Munchkin Cthulhu 2 : L&rsquo;Appel de la Vachthulhu\"}]},{\"@type\":\"WebSite\",\"@id\":\"https:\/\/gozu.zone\/#website\",\"url\":\"https:\/\/gozu.zone\/\",\"name\":\"GOZU ZONE\",\"description\":\"Toujours plus pour vos jeux\",\"potentialAction\":[{\"@type\":\"SearchAction\",\"target\":{\"@type\":\"EntryPoint\",\"urlTemplate\":\"https:\/\/gozu.zone\/?s={search_term_string}\"},\"query-input\":{\"@type\":\"PropertyValueSpecification\",\"valueRequired\":true,\"valueName\":\"search_term_string\"}}],\"inLanguage\":\"fr-FR\"}]}<\/script>\n<!-- \/ Yoast SEO plugin. -->","yoast_head_json":{"title":"Acheter Munchkin Cthulhu 2 : L'Appel de la Vachthulhu - GOZU ZONE - Jeux et Accessoires","robots":{"index":"index","follow":"follow","max-snippet":"max-snippet:-1","max-image-preview":"max-image-preview:large","max-video-preview":"max-video-preview:-1"},"canonical":"https:\/\/gozu.zone\/?product=munchkin-cthulhu-2-lappel-de-vachthulhu","og_locale":"fr_FR","og_type":"article","og_title":"Acheter Munchkin Cthulhu 2 : L'Appel de la Vachthulhu - GOZU ZONE - Jeux et Accessoires","og_description":"Ceci est une extension du jeu Munchkin Cthulhu. N\u00e9cessite le jeu de base   \u00c2ge : 10\u00a0ans et +  Dur\u00e9e : 90min  Joueurs : 3 \u00e0 6","og_url":"https:\/\/gozu.zone\/?product=munchkin-cthulhu-2-lappel-de-vachthulhu","og_site_name":"GOZU ZONE","article_publisher":"https:\/\/www.facebook.com\/gozuzone\/","article_modified_time":"2025-01-10T03:15:45+00:00","og_image":[{"width":520,"height":520,"url":"https:\/\/gozu.zone\/wp-content\/uploads\/2017\/11\/munchkin-chtulhu-appel-de-la-vachthulhu.jpg","type":"image\/jpeg"}],"twitter_card":"summary_large_image","twitter_site":"@gozuzone","twitter_misc":{"Dur\u00e9e de lecture estim\u00e9e":"1 minute"},"schema":{"@context":"https:\/\/schema.org","@graph":[{"@type":"WebPage","@id":"https:\/\/gozu.zone\/?product=munchkin-cthulhu-2-lappel-de-vachthulhu","url":"https:\/\/gozu.zone\/?product=munchkin-cthulhu-2-lappel-de-vachthulhu","name":"Acheter Munchkin Cthulhu 2 : L'Appel de la Vachthulhu - GOZU ZONE - Jeux et Accessoires","isPartOf":{"@id":"https:\/\/gozu.zone\/#website"},"primaryImageOfPage":{"@id":"https:\/\/gozu.zone\/?product=munchkin-cthulhu-2-lappel-de-vachthulhu#primaryimage"},"image":{"@id":"https:\/\/gozu.zone\/?product=munchkin-cthulhu-2-lappel-de-vachthulhu#primaryimage"},"thumbnailUrl":"https:\/\/gozu.zone\/wp-content\/uploads\/2017\/11\/munchkin-chtulhu-appel-de-la-vachthulhu.jpg","datePublished":"2017-11-18T21:25:24+00:00","dateModified":"2025-01-10T03:15:45+00:00","breadcrumb":{"@id":"https:\/\/gozu.zone\/?product=munchkin-cthulhu-2-lappel-de-vachthulhu#breadcrumb"},"inLanguage":"fr-FR","potentialAction":[{"@type":"ReadAction","target":["https:\/\/gozu.zone\/?product=munchkin-cthulhu-2-lappel-de-vachthulhu"]}]},{"@type":"ImageObject","inLanguage":"fr-FR","@id":"https:\/\/gozu.zone\/?product=munchkin-cthulhu-2-lappel-de-vachthulhu#primaryimage","url":"https:\/\/gozu.zone\/wp-content\/uploads\/2017\/11\/munchkin-chtulhu-appel-de-la-vachthulhu.jpg","contentUrl":"https:\/\/gozu.zone\/wp-content\/uploads\/2017\/11\/munchkin-chtulhu-appel-de-la-vachthulhu.jpg","width":520,"height":520},{"@type":"BreadcrumbList","@id":"https:\/\/gozu.zone\/?product=munchkin-cthulhu-2-lappel-de-vachthulhu#breadcrumb","itemListElement":[{"@type":"ListItem","position":1,"name":"Accueil","item":"https:\/\/gozu.zone\/"},{"@type":"ListItem","position":2,"name":"BOUTIQUE","item":"https:\/\/gozu.zone\/?page_id=308"},{"@type":"ListItem","position":3,"name":"Munchkin Cthulhu 2 : L&rsquo;Appel de la Vachthulhu"}]},{"@type":"WebSite","@id":"https:\/\/gozu.zone\/#website","url":"https:\/\/gozu.zone\/","name":"GOZU ZONE","description":"Toujours plus pour vos jeux","potentialAction":[{"@type":"SearchAction","target":{"@type":"EntryPoint","urlTemplate":"https:\/\/gozu.zone\/?s={search_term_string}"},"query-input":{"@type":"PropertyValueSpecification","valueRequired":true,"valueName":"search_term_string"}}],"inLanguage":"fr-FR"}]}},"_links":{"self":[{"href":"https:\/\/gozu.zone\/index.php?rest_route=\/wp\/v2\/product\/6539","targetHints":{"allow":["GET"]}}],"collection":[{"href":"https:\/\/gozu.zone\/index.php?rest_route=\/wp\/v2\/product"}],"about":[{"href":"https:\/\/gozu.zone\/index.php?rest_route=\/wp\/v2\/types\/product"}],"replies":[{"embeddable":true,"href":"https:\/\/gozu.zone\/index.php?rest_route=%2Fwp%2Fv2%2Fcomments&post=6539"}],"wp:featuredmedia":[{"embeddable":true,"href":"https:\/\/gozu.zone\/index.php?rest_route=\/wp\/v2\/media\/6540"}],"wp:attachment":[{"href":"https:\/\/gozu.zone\/index.php?rest_route=%2Fwp%2Fv2%2Fmedia&parent=6539"}],"wp:term":[{"taxonomy":"product_brand","embeddable":true,"href":"https:\/\/gozu.zone\/index.php?rest_route=%2Fwp%2Fv2%2Fproduct_brand&post=6539"},{"taxonomy":"product_cat","embeddable":true,"href":"https:\/\/gozu.zone\/index.php?rest_route=%2Fwp%2Fv2%2Fproduct_cat&post=6539"},{"taxonomy":"product_tag","embeddable":true,"href":"https:\/\/gozu.zone\/index.php?rest_route=%2Fwp%2Fv2%2Fproduct_tag&post=6539"}],"curies":[{"name":"wp","href":"https:\/\/api.w.org\/{rel}","templated":true}]}}