{"id":6574,"date":"2017-11-25T14:42:53","date_gmt":"2017-11-25T14:42:53","guid":{"rendered":"https:\/\/gozu.zone\/?post_type=product&#038;p=6574"},"modified":"2019-05-30T18:24:30","modified_gmt":"2019-05-30T18:24:30","slug":"le-temps-des-moissons","status":"publish","type":"product","link":"https:\/\/gozu.zone\/?product=le-temps-des-moissons","title":{"rendered":"Le Temps des Moissons"},"content":{"rendered":"<p>Eloignez-vous de la ferveur urbaine pour d\u00e9couvrir le travail agricole !<\/p>\n<p>Montez votre exploitation pour g\u00e9rez vos champs, votre b\u00e9tail et vos b\u00e2timents tout en assurant les co\u00fbts de maintenance durant les 4 ans \u00e0 venir !<\/p>\n<p>Qui aura le mieux mani\u00e9 sa machine \u00e9conomique et amass\u00e9 le plus de richesses ?<\/p>\n<div class=\"disclaimer material\">\n<h3>Contenu de\u00a0Le Temps des Moissons<\/h3>\n<ul>\n<li>171 cartes\n<ul>\n<li>33 champs<\/li>\n<li>33 b\u00e9tails<\/li>\n<li>33 constructions<\/li>\n<li>33 b\u00e2timents<\/li>\n<li>20 ch\u00e2teaux d\u2019eau<\/li>\n<li>14 silos<\/li>\n<li>5 aides de jeu<\/li>\n<\/ul>\n<\/li>\n<li>\u00a070 ressources en bois\n<ul>\n<li>40 nourritures<\/li>\n<li>30 eaux<\/li>\n<\/ul>\n<\/li>\n<li>83 jetons\n<ul>\n<li>61 sous<\/li>\n<li>20 points de victoire<\/li>\n<li>1 1er joueur<\/li>\n<li>1 compte-tour<\/li>\n<\/ul>\n<\/li>\n<li>\u00a01 piste des Ann\u00e9es<\/li>\n<li>30 tuiles Outillage<\/li>\n<li>1 bloc de score<\/li>\n<li>1 livret de r\u00e8gles<\/li>\n<\/ul>\n<\/div>\n","protected":false},"excerpt":{"rendered":"<p>Eloignez-vous de la ferveur urbaine pour d\u00e9couvrir le travail agricole !<\/p>\n<ul>\n<li><strong>\u00c2ge<\/strong> : 14 ans et +<\/li>\n<li><strong>Dur\u00e9e<\/strong> : 30 min \u00e0 1h<\/li>\n<li><strong>Joueurs<\/strong> : 2 \u00e0 4<\/li>\n<\/ul>\n","protected":false},"featured_media":6605,"comment_status":"open","ping_status":"closed","template":"","meta":{"_acf_changed":false},"product_brand":[],"product_cat":[324,323],"product_tag":[406,177,516,395],"class_list":{"0":"post-6574","1":"product","2":"type-product","3":"status-publish","4":"has-post-thumbnail","6":"product_cat-experts","7":"product_cat-jeux","8":"product_tag-agriculture","9":"product_tag-cartes","10":"product_tag-draft","11":"product_tag-tuiles","12":"product_shipping_class-livraisonstandard_colis","14":"first","15":"instock","16":"sale","17":"taxable","18":"shipping-taxable","19":"purchasable","20":"product-type-simple"},"acf":[],"yoast_head":"<!-- This site is optimized with the Yoast SEO plugin v25.3 - https:\/\/yoast.com\/wordpress\/plugins\/seo\/ -->\n<title>Acheter Le Temps des Moissons - GOZU ZONE - Jeux et Accessoires<\/title>\n<meta name=\"robots\" content=\"index, follow, max-snippet:-1, max-image-preview:large, max-video-preview:-1\" \/>\n<link rel=\"canonical\" href=\"https:\/\/gozu.zone\/?product=le-temps-des-moissons\" \/>\n<meta property=\"og:locale\" content=\"fr_FR\" \/>\n<meta property=\"og:type\" content=\"article\" \/>\n<meta property=\"og:title\" content=\"Acheter Le Temps des Moissons - GOZU ZONE - Jeux et Accessoires\" \/>\n<meta property=\"og:description\" content=\"Eloignez-vous de la ferveur urbaine pour d\u00e9couvrir le travail agricole !   \u00c2ge : 14 ans et +  Dur\u00e9e : 30 min \u00e0 1h  Joueurs : 2 \u00e0 4\" \/>\n<meta property=\"og:url\" content=\"https:\/\/gozu.zone\/?product=le-temps-des-moissons\" \/>\n<meta property=\"og:site_name\" content=\"GOZU ZONE\" \/>\n<meta property=\"article:publisher\" content=\"https:\/\/www.facebook.com\/gozuzone\/\" \/>\n<meta property=\"article:modified_time\" content=\"2019-05-30T18:24:30+00:00\" \/>\n<meta property=\"og:image\" content=\"https:\/\/gozu.zone\/wp-content\/uploads\/2017\/11\/le-temps-des-moissons.jpg\" \/>\n\t<meta property=\"og:image:width\" content=\"640\" \/>\n\t<meta property=\"og:image:height\" content=\"640\" \/>\n\t<meta property=\"og:image:type\" content=\"image\/jpeg\" \/>\n<meta name=\"twitter:card\" content=\"summary_large_image\" \/>\n<meta name=\"twitter:site\" content=\"@gozuzone\" \/>\n<script type=\"application\/ld+json\" class=\"yoast-schema-graph\">{\"@context\":\"https:\/\/schema.org\",\"@graph\":[{\"@type\":\"WebPage\",\"@id\":\"https:\/\/gozu.zone\/?product=le-temps-des-moissons\",\"url\":\"https:\/\/gozu.zone\/?product=le-temps-des-moissons\",\"name\":\"Acheter Le Temps des Moissons - GOZU ZONE - Jeux et Accessoires\",\"isPartOf\":{\"@id\":\"https:\/\/gozu.zone\/#website\"},\"primaryImageOfPage\":{\"@id\":\"https:\/\/gozu.zone\/?product=le-temps-des-moissons#primaryimage\"},\"image\":{\"@id\":\"https:\/\/gozu.zone\/?product=le-temps-des-moissons#primaryimage\"},\"thumbnailUrl\":\"https:\/\/gozu.zone\/wp-content\/uploads\/2017\/11\/le-temps-des-moissons.jpg\",\"datePublished\":\"2017-11-25T14:42:53+00:00\",\"dateModified\":\"2019-05-30T18:24:30+00:00\",\"breadcrumb\":{\"@id\":\"https:\/\/gozu.zone\/?product=le-temps-des-moissons#breadcrumb\"},\"inLanguage\":\"fr-FR\",\"potentialAction\":[{\"@type\":\"ReadAction\",\"target\":[\"https:\/\/gozu.zone\/?product=le-temps-des-moissons\"]}]},{\"@type\":\"ImageObject\",\"inLanguage\":\"fr-FR\",\"@id\":\"https:\/\/gozu.zone\/?product=le-temps-des-moissons#primaryimage\",\"url\":\"https:\/\/gozu.zone\/wp-content\/uploads\/2017\/11\/le-temps-des-moissons.jpg\",\"contentUrl\":\"https:\/\/gozu.zone\/wp-content\/uploads\/2017\/11\/le-temps-des-moissons.jpg\",\"width\":640,\"height\":640,\"caption\":\"le-temps-des-moissons\"},{\"@type\":\"BreadcrumbList\",\"@id\":\"https:\/\/gozu.zone\/?product=le-temps-des-moissons#breadcrumb\",\"itemListElement\":[{\"@type\":\"ListItem\",\"position\":1,\"name\":\"Accueil\",\"item\":\"https:\/\/gozu.zone\/\"},{\"@type\":\"ListItem\",\"position\":2,\"name\":\"BOUTIQUE\",\"item\":\"https:\/\/gozu.zone\/?page_id=308\"},{\"@type\":\"ListItem\",\"position\":3,\"name\":\"Le Temps des Moissons\"}]},{\"@type\":\"WebSite\",\"@id\":\"https:\/\/gozu.zone\/#website\",\"url\":\"https:\/\/gozu.zone\/\",\"name\":\"GOZU ZONE\",\"description\":\"Toujours plus pour vos jeux\",\"potentialAction\":[{\"@type\":\"SearchAction\",\"target\":{\"@type\":\"EntryPoint\",\"urlTemplate\":\"https:\/\/gozu.zone\/?s={search_term_string}\"},\"query-input\":{\"@type\":\"PropertyValueSpecification\",\"valueRequired\":true,\"valueName\":\"search_term_string\"}}],\"inLanguage\":\"fr-FR\"}]}<\/script>\n<!-- \/ Yoast SEO plugin. -->","yoast_head_json":{"title":"Acheter Le Temps des Moissons - GOZU ZONE - Jeux et Accessoires","robots":{"index":"index","follow":"follow","max-snippet":"max-snippet:-1","max-image-preview":"max-image-preview:large","max-video-preview":"max-video-preview:-1"},"canonical":"https:\/\/gozu.zone\/?product=le-temps-des-moissons","og_locale":"fr_FR","og_type":"article","og_title":"Acheter Le Temps des Moissons - GOZU ZONE - Jeux et Accessoires","og_description":"Eloignez-vous de la ferveur urbaine pour d\u00e9couvrir le travail agricole !   \u00c2ge : 14 ans et +  Dur\u00e9e : 30 min \u00e0 1h  Joueurs : 2 \u00e0 4","og_url":"https:\/\/gozu.zone\/?product=le-temps-des-moissons","og_site_name":"GOZU ZONE","article_publisher":"https:\/\/www.facebook.com\/gozuzone\/","article_modified_time":"2019-05-30T18:24:30+00:00","og_image":[{"width":640,"height":640,"url":"https:\/\/gozu.zone\/wp-content\/uploads\/2017\/11\/le-temps-des-moissons.jpg","type":"image\/jpeg"}],"twitter_card":"summary_large_image","twitter_site":"@gozuzone","schema":{"@context":"https:\/\/schema.org","@graph":[{"@type":"WebPage","@id":"https:\/\/gozu.zone\/?product=le-temps-des-moissons","url":"https:\/\/gozu.zone\/?product=le-temps-des-moissons","name":"Acheter Le Temps des Moissons - GOZU ZONE - Jeux et Accessoires","isPartOf":{"@id":"https:\/\/gozu.zone\/#website"},"primaryImageOfPage":{"@id":"https:\/\/gozu.zone\/?product=le-temps-des-moissons#primaryimage"},"image":{"@id":"https:\/\/gozu.zone\/?product=le-temps-des-moissons#primaryimage"},"thumbnailUrl":"https:\/\/gozu.zone\/wp-content\/uploads\/2017\/11\/le-temps-des-moissons.jpg","datePublished":"2017-11-25T14:42:53+00:00","dateModified":"2019-05-30T18:24:30+00:00","breadcrumb":{"@id":"https:\/\/gozu.zone\/?product=le-temps-des-moissons#breadcrumb"},"inLanguage":"fr-FR","potentialAction":[{"@type":"ReadAction","target":["https:\/\/gozu.zone\/?product=le-temps-des-moissons"]}]},{"@type":"ImageObject","inLanguage":"fr-FR","@id":"https:\/\/gozu.zone\/?product=le-temps-des-moissons#primaryimage","url":"https:\/\/gozu.zone\/wp-content\/uploads\/2017\/11\/le-temps-des-moissons.jpg","contentUrl":"https:\/\/gozu.zone\/wp-content\/uploads\/2017\/11\/le-temps-des-moissons.jpg","width":640,"height":640,"caption":"le-temps-des-moissons"},{"@type":"BreadcrumbList","@id":"https:\/\/gozu.zone\/?product=le-temps-des-moissons#breadcrumb","itemListElement":[{"@type":"ListItem","position":1,"name":"Accueil","item":"https:\/\/gozu.zone\/"},{"@type":"ListItem","position":2,"name":"BOUTIQUE","item":"https:\/\/gozu.zone\/?page_id=308"},{"@type":"ListItem","position":3,"name":"Le Temps des Moissons"}]},{"@type":"WebSite","@id":"https:\/\/gozu.zone\/#website","url":"https:\/\/gozu.zone\/","name":"GOZU ZONE","description":"Toujours plus pour vos jeux","potentialAction":[{"@type":"SearchAction","target":{"@type":"EntryPoint","urlTemplate":"https:\/\/gozu.zone\/?s={search_term_string}"},"query-input":{"@type":"PropertyValueSpecification","valueRequired":true,"valueName":"search_term_string"}}],"inLanguage":"fr-FR"}]}},"_links":{"self":[{"href":"https:\/\/gozu.zone\/index.php?rest_route=\/wp\/v2\/product\/6574","targetHints":{"allow":["GET"]}}],"collection":[{"href":"https:\/\/gozu.zone\/index.php?rest_route=\/wp\/v2\/product"}],"about":[{"href":"https:\/\/gozu.zone\/index.php?rest_route=\/wp\/v2\/types\/product"}],"replies":[{"embeddable":true,"href":"https:\/\/gozu.zone\/index.php?rest_route=%2Fwp%2Fv2%2Fcomments&post=6574"}],"wp:featuredmedia":[{"embeddable":true,"href":"https:\/\/gozu.zone\/index.php?rest_route=\/wp\/v2\/media\/6605"}],"wp:attachment":[{"href":"https:\/\/gozu.zone\/index.php?rest_route=%2Fwp%2Fv2%2Fmedia&parent=6574"}],"wp:term":[{"taxonomy":"product_brand","embeddable":true,"href":"https:\/\/gozu.zone\/index.php?rest_route=%2Fwp%2Fv2%2Fproduct_brand&post=6574"},{"taxonomy":"product_cat","embeddable":true,"href":"https:\/\/gozu.zone\/index.php?rest_route=%2Fwp%2Fv2%2Fproduct_cat&post=6574"},{"taxonomy":"product_tag","embeddable":true,"href":"https:\/\/gozu.zone\/index.php?rest_route=%2Fwp%2Fv2%2Fproduct_tag&post=6574"}],"curies":[{"name":"wp","href":"https:\/\/api.w.org\/{rel}","templated":true}]}}