{"id":6824,"date":"2017-11-27T15:16:11","date_gmt":"2017-11-27T15:16:11","guid":{"rendered":"https:\/\/gozu.zone\/?post_type=product&#038;p=6824"},"modified":"2025-07-11T17:26:57","modified_gmt":"2025-07-11T17:26:57","slug":"x-wing-chasseur-tie","status":"publish","type":"product","link":"https:\/\/gozu.zone\/?product=x-wing-chasseur-tie","title":{"rendered":"X-Wing : Chasseur TIE"},"content":{"rendered":"<p>Le Chasseur TIE est le symbole de l\u2019Empire. Ces chasseurs sont g\u00e9n\u00e9ralement utilis\u00e9s en grand nombre afin de submerger les pilotes Rebelles. Les Chasseurs TIE comptent sur leur vitesse et sur leur sup\u00e9riorit\u00e9 num\u00e9rique pour vaincre leurs ennemis, et si ses chasseurs n\u2019ont qu\u2019une paire de canons laser et sont d\u00e9pourvus de boucliers, leur c\u00e9l\u00e9rit\u00e9 et leur agilit\u00e9 en font de dangereux adversaires en combat.<\/p>\n<p> Ce Paquet d\u2019extension pour X-Wing : Le Jeu de Figurines contient un chasseur finement d\u00e9taill\u00e9, ainsi que son cadran de mouvement, les cartes et marqueurs n\u00e9cessaires. Sont \u00e9galement incluses les cartes de six pilotes imp\u00e9riaux, dont le retors \u00ab Backstabber \u00bb, l\u2019un des ailiers de Dark Vador lors de la bataille de Yavin.<\/p>\n<p> CONTENU<br \/>\n 1 vaisseau chasseur TIE, 1 socle en plastique, 2 fixations en plastique, 1 cadran de man\u0153uvre, 19 marqueurs, 6 cartes de vaisseau, 2 cartes d\u2019am\u00e9lioration.<\/p>\n","protected":false},"excerpt":{"rendered":"<ul>\n<li><strong>\u00c2ge<\/strong> : 14 ans et +<\/li>\n<li><strong>Dur\u00e9e<\/strong> : 30 \u00e0 45 min<\/li>\n<li><strong>Joueurs<\/strong> : 2<\/li>\n<\/ul>\n<p> N\u00e9cessite <a class=\"color_grey_medium float_left no-border\" title=\"X-Wing le jeu de figurines\" href=\"http:\/\/pro.gozu.zone\/?product=x-wing-jeu-de-figurines\" target=\"_top\">X-Wing &#8211; le jeu de figurines<\/a> pour jouer.<\/p>\n","protected":false},"featured_media":6805,"comment_status":"open","ping_status":"closed","template":"","meta":{"_acf_changed":false},"product_brand":[],"product_cat":[610,324,327,323,401,495,494,333,600],"product_tag":[437,331,614,615,11],"class_list":{"0":"post-6824","1":"product","2":"type-product","3":"status-publish","4":"has-post-thumbnail","6":"product_cat-paquets-dextension-empire-galactique","7":"product_cat-experts","8":"product_cat-extensions","9":"product_cat-jeux","10":"product_cat-jeux-a-2","11":"product_cat-jeux-de-figurines","12":"product_cat-jeux-de-societe","13":"product_cat-par-types","14":"product_cat-star-wars-x-wing","15":"product_tag-espace","16":"product_tag-extensions","17":"product_tag-star-wars","18":"product_tag-vaisseau","19":"product_tag-x-wing","20":"product_shipping_class-livraisonstandard_colis","22":"first","23":"outofstock","24":"sale","25":"taxable","26":"shipping-taxable","27":"purchasable","28":"product-type-simple"},"acf":[],"yoast_head":"<!-- This site is optimized with the Yoast SEO plugin v25.3 - https:\/\/yoast.com\/wordpress\/plugins\/seo\/ -->\n<title>Acheter X-Wing : Chasseur TIE - GOZU ZONE - Jeux et Accessoires<\/title>\n<meta name=\"robots\" content=\"index, follow, max-snippet:-1, max-image-preview:large, max-video-preview:-1\" \/>\n<link rel=\"canonical\" href=\"https:\/\/gozu.zone\/?product=x-wing-chasseur-tie\" \/>\n<meta property=\"og:locale\" content=\"fr_FR\" \/>\n<meta property=\"og:type\" content=\"article\" \/>\n<meta property=\"og:title\" content=\"Acheter X-Wing : Chasseur TIE - GOZU ZONE - Jeux et Accessoires\" \/>\n<meta property=\"og:description\" content=\"\u00c2ge : 14 ans et + Dur\u00e9e : 30 \u00e0 45 min Joueurs : 2   N\u00e9cessite X-Wing - le jeu de figurines pour jouer.\" \/>\n<meta property=\"og:url\" content=\"https:\/\/gozu.zone\/?product=x-wing-chasseur-tie\" \/>\n<meta property=\"og:site_name\" content=\"GOZU ZONE\" \/>\n<meta property=\"article:publisher\" content=\"https:\/\/www.facebook.com\/gozuzone\/\" \/>\n<meta property=\"article:modified_time\" content=\"2025-07-11T17:26:57+00:00\" \/>\n<meta property=\"og:image\" content=\"https:\/\/gozu.zone\/wp-content\/uploads\/2017\/11\/FFSWX03.jpg\" \/>\n\t<meta property=\"og:image:width\" content=\"520\" \/>\n\t<meta property=\"og:image:height\" content=\"520\" \/>\n\t<meta property=\"og:image:type\" content=\"image\/jpeg\" \/>\n<meta name=\"twitter:card\" content=\"summary_large_image\" \/>\n<meta name=\"twitter:site\" content=\"@gozuzone\" \/>\n<meta name=\"twitter:label1\" content=\"Dur\u00e9e de lecture estim\u00e9e\" \/>\n\t<meta name=\"twitter:data1\" content=\"1 minute\" \/>\n<script type=\"application\/ld+json\" class=\"yoast-schema-graph\">{\"@context\":\"https:\/\/schema.org\",\"@graph\":[{\"@type\":\"WebPage\",\"@id\":\"https:\/\/gozu.zone\/?product=x-wing-chasseur-tie\",\"url\":\"https:\/\/gozu.zone\/?product=x-wing-chasseur-tie\",\"name\":\"Acheter X-Wing : Chasseur TIE - GOZU ZONE - Jeux et Accessoires\",\"isPartOf\":{\"@id\":\"https:\/\/gozu.zone\/#website\"},\"primaryImageOfPage\":{\"@id\":\"https:\/\/gozu.zone\/?product=x-wing-chasseur-tie#primaryimage\"},\"image\":{\"@id\":\"https:\/\/gozu.zone\/?product=x-wing-chasseur-tie#primaryimage\"},\"thumbnailUrl\":\"https:\/\/gozu.zone\/wp-content\/uploads\/2017\/11\/FFSWX03.jpg\",\"datePublished\":\"2017-11-27T15:16:11+00:00\",\"dateModified\":\"2025-07-11T17:26:57+00:00\",\"breadcrumb\":{\"@id\":\"https:\/\/gozu.zone\/?product=x-wing-chasseur-tie#breadcrumb\"},\"inLanguage\":\"fr-FR\",\"potentialAction\":[{\"@type\":\"ReadAction\",\"target\":[\"https:\/\/gozu.zone\/?product=x-wing-chasseur-tie\"]}]},{\"@type\":\"ImageObject\",\"inLanguage\":\"fr-FR\",\"@id\":\"https:\/\/gozu.zone\/?product=x-wing-chasseur-tie#primaryimage\",\"url\":\"https:\/\/gozu.zone\/wp-content\/uploads\/2017\/11\/FFSWX03.jpg\",\"contentUrl\":\"https:\/\/gozu.zone\/wp-content\/uploads\/2017\/11\/FFSWX03.jpg\",\"width\":520,\"height\":520},{\"@type\":\"BreadcrumbList\",\"@id\":\"https:\/\/gozu.zone\/?product=x-wing-chasseur-tie#breadcrumb\",\"itemListElement\":[{\"@type\":\"ListItem\",\"position\":1,\"name\":\"Accueil\",\"item\":\"https:\/\/gozu.zone\/\"},{\"@type\":\"ListItem\",\"position\":2,\"name\":\"BOUTIQUE\",\"item\":\"https:\/\/gozu.zone\/?page_id=308\"},{\"@type\":\"ListItem\",\"position\":3,\"name\":\"X-Wing : Chasseur TIE\"}]},{\"@type\":\"WebSite\",\"@id\":\"https:\/\/gozu.zone\/#website\",\"url\":\"https:\/\/gozu.zone\/\",\"name\":\"GOZU ZONE\",\"description\":\"Toujours plus pour vos jeux\",\"potentialAction\":[{\"@type\":\"SearchAction\",\"target\":{\"@type\":\"EntryPoint\",\"urlTemplate\":\"https:\/\/gozu.zone\/?s={search_term_string}\"},\"query-input\":{\"@type\":\"PropertyValueSpecification\",\"valueRequired\":true,\"valueName\":\"search_term_string\"}}],\"inLanguage\":\"fr-FR\"}]}<\/script>\n<!-- \/ Yoast SEO plugin. -->","yoast_head_json":{"title":"Acheter X-Wing : Chasseur TIE - GOZU ZONE - Jeux et Accessoires","robots":{"index":"index","follow":"follow","max-snippet":"max-snippet:-1","max-image-preview":"max-image-preview:large","max-video-preview":"max-video-preview:-1"},"canonical":"https:\/\/gozu.zone\/?product=x-wing-chasseur-tie","og_locale":"fr_FR","og_type":"article","og_title":"Acheter X-Wing : Chasseur TIE - GOZU ZONE - Jeux et Accessoires","og_description":"\u00c2ge : 14 ans et + Dur\u00e9e : 30 \u00e0 45 min Joueurs : 2   N\u00e9cessite X-Wing - le jeu de figurines pour jouer.","og_url":"https:\/\/gozu.zone\/?product=x-wing-chasseur-tie","og_site_name":"GOZU ZONE","article_publisher":"https:\/\/www.facebook.com\/gozuzone\/","article_modified_time":"2025-07-11T17:26:57+00:00","og_image":[{"width":520,"height":520,"url":"https:\/\/gozu.zone\/wp-content\/uploads\/2017\/11\/FFSWX03.jpg","type":"image\/jpeg"}],"twitter_card":"summary_large_image","twitter_site":"@gozuzone","twitter_misc":{"Dur\u00e9e de lecture estim\u00e9e":"1 minute"},"schema":{"@context":"https:\/\/schema.org","@graph":[{"@type":"WebPage","@id":"https:\/\/gozu.zone\/?product=x-wing-chasseur-tie","url":"https:\/\/gozu.zone\/?product=x-wing-chasseur-tie","name":"Acheter X-Wing : Chasseur TIE - GOZU ZONE - Jeux et Accessoires","isPartOf":{"@id":"https:\/\/gozu.zone\/#website"},"primaryImageOfPage":{"@id":"https:\/\/gozu.zone\/?product=x-wing-chasseur-tie#primaryimage"},"image":{"@id":"https:\/\/gozu.zone\/?product=x-wing-chasseur-tie#primaryimage"},"thumbnailUrl":"https:\/\/gozu.zone\/wp-content\/uploads\/2017\/11\/FFSWX03.jpg","datePublished":"2017-11-27T15:16:11+00:00","dateModified":"2025-07-11T17:26:57+00:00","breadcrumb":{"@id":"https:\/\/gozu.zone\/?product=x-wing-chasseur-tie#breadcrumb"},"inLanguage":"fr-FR","potentialAction":[{"@type":"ReadAction","target":["https:\/\/gozu.zone\/?product=x-wing-chasseur-tie"]}]},{"@type":"ImageObject","inLanguage":"fr-FR","@id":"https:\/\/gozu.zone\/?product=x-wing-chasseur-tie#primaryimage","url":"https:\/\/gozu.zone\/wp-content\/uploads\/2017\/11\/FFSWX03.jpg","contentUrl":"https:\/\/gozu.zone\/wp-content\/uploads\/2017\/11\/FFSWX03.jpg","width":520,"height":520},{"@type":"BreadcrumbList","@id":"https:\/\/gozu.zone\/?product=x-wing-chasseur-tie#breadcrumb","itemListElement":[{"@type":"ListItem","position":1,"name":"Accueil","item":"https:\/\/gozu.zone\/"},{"@type":"ListItem","position":2,"name":"BOUTIQUE","item":"https:\/\/gozu.zone\/?page_id=308"},{"@type":"ListItem","position":3,"name":"X-Wing : Chasseur TIE"}]},{"@type":"WebSite","@id":"https:\/\/gozu.zone\/#website","url":"https:\/\/gozu.zone\/","name":"GOZU ZONE","description":"Toujours plus pour vos jeux","potentialAction":[{"@type":"SearchAction","target":{"@type":"EntryPoint","urlTemplate":"https:\/\/gozu.zone\/?s={search_term_string}"},"query-input":{"@type":"PropertyValueSpecification","valueRequired":true,"valueName":"search_term_string"}}],"inLanguage":"fr-FR"}]}},"_links":{"self":[{"href":"https:\/\/gozu.zone\/index.php?rest_route=\/wp\/v2\/product\/6824","targetHints":{"allow":["GET"]}}],"collection":[{"href":"https:\/\/gozu.zone\/index.php?rest_route=\/wp\/v2\/product"}],"about":[{"href":"https:\/\/gozu.zone\/index.php?rest_route=\/wp\/v2\/types\/product"}],"replies":[{"embeddable":true,"href":"https:\/\/gozu.zone\/index.php?rest_route=%2Fwp%2Fv2%2Fcomments&post=6824"}],"wp:featuredmedia":[{"embeddable":true,"href":"https:\/\/gozu.zone\/index.php?rest_route=\/wp\/v2\/media\/6805"}],"wp:attachment":[{"href":"https:\/\/gozu.zone\/index.php?rest_route=%2Fwp%2Fv2%2Fmedia&parent=6824"}],"wp:term":[{"taxonomy":"product_brand","embeddable":true,"href":"https:\/\/gozu.zone\/index.php?rest_route=%2Fwp%2Fv2%2Fproduct_brand&post=6824"},{"taxonomy":"product_cat","embeddable":true,"href":"https:\/\/gozu.zone\/index.php?rest_route=%2Fwp%2Fv2%2Fproduct_cat&post=6824"},{"taxonomy":"product_tag","embeddable":true,"href":"https:\/\/gozu.zone\/index.php?rest_route=%2Fwp%2Fv2%2Fproduct_tag&post=6824"}],"curies":[{"name":"wp","href":"https:\/\/api.w.org\/{rel}","templated":true}]}}