{"id":7280,"date":"2018-03-03T15:37:43","date_gmt":"2018-03-03T15:37:43","guid":{"rendered":"https:\/\/gozu.zone\/?post_type=product&#038;p=7280"},"modified":"2018-03-03T15:59:02","modified_gmt":"2018-03-03T15:59:02","slug":"hope","status":"publish","type":"product","link":"https:\/\/gozu.zone\/?product=hope","title":{"rendered":"HOPE"},"content":{"rendered":"<p>\u00ab\u00a0<strong>Ann\u00e9e 5341<\/strong> : Contre toute attente, la terre est toujours verdoyante et son atmosph\u00e8re respirable\u2026 Mais l\u2019humanit\u00e9 doit faire face \u00e0 la plus grande menace jamais survenue. L\u2019univers est entr\u00e9 en R\u00e9gression.<\/p>\n<p>La <strong>H.O.P.E.<\/strong> (<em>Human Organization to Preserve Existence<\/em>) r\u00e9unit les plus grands scientifiques terriens, ils devront sillonner l\u2019univers \u00e0 bord de leurs vaisseaux pour terraformer les plan\u00e8tes et enrayer la R\u00e9gression. C\u2019est malheureusement sans compter sur la N.O.P.E. qui fera tout pour saboter la mission. Vous devrez tirer le maximum des capacit\u00e9s de votre personnage et utiliser les Technologies n\u00e9cessaires pour terraformer les plan\u00e8tes. Les 37 Tuiles Galaxie du plateau de jeu forment une carte de l\u2019espace en 3D dans laquelle les joueurs vont se d\u00e9placer et devront coordonner leurs mouvements pour gagner.<\/p>\n<p>Une partie de <strong>HOPE<\/strong> est une v\u00e9ritable course contre la montre entre les joueurs et la R\u00e9gression. L&rsquo;univers est constitu\u00e9 de 37 Tuiles Galaxie assembl\u00e9es en d\u00e9but de partie pour cr\u00e9er une carte en 3D sur laquelle les joueurs vont se d\u00e9placer.<\/p>\n<p>Les joueurs devront g\u00e9rer leur main de Cartes Technologies et leurs d\u00e9placement pour stabiliser les Galaxies et lutter contre la R\u00e9gression.<\/p>\n<p>Malgr\u00e9 la pr\u00e9sence d\u2019un tra\u00eetre potentiel, les joueurs devront coop\u00e9rer et accorder leurs mouvements s\u2019ils veulent esp\u00e9rer sauver l&rsquo;Univers.\u00a0\u00bb<\/p>\n<p>&nbsp;<\/p>\n<h2>Aper\u00e7u du jeu HOPE !<\/h2>\n<p>&nbsp;<\/p>\n<p style=\"text-align: center;\"><iframe loading=\"lazy\" src=\"https:\/\/www.youtube.com\/embed\/vXislfJjKxw\" width=\"480\" height=\"270\" frameborder=\"0\" allowfullscreen=\"allowfullscreen\"><span data-mce-type=\"bookmark\" style=\"display: inline-block; width: 0px; overflow: hidden; line-height: 0;\" class=\"mce_SELRES_start\">\ufeff<\/span><span data-mce-type=\"bookmark\" style=\"display: inline-block; width: 0px; overflow: hidden; line-height: 0;\" class=\"mce_SELRES_start\">\ufeff<\/span><span data-mce-type=\"bookmark\" style=\"display: inline-block; width: 0px; overflow: hidden; line-height: 0;\" class=\"mce_SELRES_start\">\ufeff<\/span><\/iframe><\/p>\n<div class=\"disclaimer material\">\n<h3 class=\"p2\">Contenu :<\/h3>\n<ul>\n<li>1 Plateau de jeu<\/li>\n<li>4 Postes de pilotage<\/li>\n<li>4 Tuiles personnage<\/li>\n<li>36 Tuiles galaxie<\/li>\n<li>1 Tuile Terre<\/li>\n<li>1 Centre de technologie<\/li>\n<li>1 Plateau mission<\/li>\n<li>1 Monolithe de R\u00e9gression<\/li>\n<li>1 Marqueur de R\u00e9gression<\/li>\n<li>70 Cartes technologie<\/li>\n<li>5 Cartes r\u00f4le<\/li>\n<li>20 Cartes bug<\/li>\n<li>4 Vaisseaux<\/li>\n<li>100 Pionniers<\/li>\n<li>16 Leviers de d\u00e9placement<\/li>\n<li>16 Jetons bonus<\/li>\n<li>25 M\u00e9dailles<\/li>\n<li>1 Drapeau<\/li>\n<li>1 Pion premier joueur<\/li>\n<\/ul>\n<\/div>\n","protected":false},"excerpt":{"rendered":"<p><strong>HOPE<\/strong> est un jeu semi-coop\u00e9ratif puisqu&rsquo;un traite peut \u00eatre pr\u00e9sent parmi les joueurs !<\/p>\n<ul>\n<li><strong>\u00c2ge<\/strong> : 12 ans et +<\/li>\n<li><strong>Dur\u00e9e<\/strong> : 30 \u00e0 60 min<\/li>\n<li><strong>Joueurs<\/strong> : 2\u00a0\u00e0 4<\/li>\n<\/ul>\n","protected":false},"featured_media":7281,"comment_status":"open","ping_status":"closed","template":"","meta":{"_acf_changed":false},"product_brand":[],"product_cat":[323,494,333,324],"product_tag":[382,446,437,380,566],"class_list":{"0":"post-7280","1":"product","2":"type-product","3":"status-publish","4":"has-post-thumbnail","6":"product_cat-jeux","7":"product_cat-jeux-de-societe","8":"product_cat-par-types","9":"product_cat-experts","10":"product_tag-cooperatif","11":"product_tag-course","12":"product_tag-espace","13":"product_tag-exploration","14":"product_tag-science-fiction","15":"product_shipping_class-livraisonstandard_colis","17":"first","18":"instock","19":"sale","20":"taxable","21":"shipping-taxable","22":"purchasable","23":"product-type-simple"},"acf":[],"yoast_head":"<!-- This site is optimized with the Yoast SEO plugin v25.3 - https:\/\/yoast.com\/wordpress\/plugins\/seo\/ -->\n<title>Acheter HOPE - GOZU ZONE - Jeux et Accessoires<\/title>\n<meta name=\"robots\" content=\"index, follow, max-snippet:-1, max-image-preview:large, max-video-preview:-1\" \/>\n<link rel=\"canonical\" href=\"https:\/\/gozu.zone\/?product=hope\" \/>\n<meta property=\"og:locale\" content=\"fr_FR\" \/>\n<meta property=\"og:type\" content=\"article\" \/>\n<meta property=\"og:title\" content=\"Acheter HOPE - GOZU ZONE - Jeux et Accessoires\" \/>\n<meta property=\"og:description\" content=\"HOPE est un jeu semi-coop\u00e9ratif puisqu&#039;un traite peut \u00eatre pr\u00e9sent parmi les joueurs !   \u00c2ge : 12 ans et +  Dur\u00e9e : 30 \u00e0 60 min  Joueurs : 2\u00a0\u00e0 4\" \/>\n<meta property=\"og:url\" content=\"https:\/\/gozu.zone\/?product=hope\" \/>\n<meta property=\"og:site_name\" content=\"GOZU ZONE\" \/>\n<meta property=\"article:publisher\" content=\"https:\/\/www.facebook.com\/gozuzone\/\" \/>\n<meta property=\"article:modified_time\" content=\"2018-03-03T15:59:02+00:00\" \/>\n<meta property=\"og:image\" content=\"https:\/\/gozu.zone\/wp-content\/uploads\/2018\/03\/hope.jpg\" \/>\n\t<meta property=\"og:image:width\" content=\"640\" \/>\n\t<meta property=\"og:image:height\" content=\"640\" \/>\n\t<meta property=\"og:image:type\" content=\"image\/jpeg\" \/>\n<meta name=\"twitter:card\" content=\"summary_large_image\" \/>\n<meta name=\"twitter:site\" content=\"@gozuzone\" \/>\n<meta name=\"twitter:label1\" content=\"Dur\u00e9e de lecture estim\u00e9e\" \/>\n\t<meta name=\"twitter:data1\" content=\"1 minute\" \/>\n<script type=\"application\/ld+json\" class=\"yoast-schema-graph\">{\"@context\":\"https:\/\/schema.org\",\"@graph\":[{\"@type\":\"WebPage\",\"@id\":\"https:\/\/gozu.zone\/?product=hope\",\"url\":\"https:\/\/gozu.zone\/?product=hope\",\"name\":\"Acheter HOPE - GOZU ZONE - Jeux et Accessoires\",\"isPartOf\":{\"@id\":\"https:\/\/gozu.zone\/#website\"},\"primaryImageOfPage\":{\"@id\":\"https:\/\/gozu.zone\/?product=hope#primaryimage\"},\"image\":{\"@id\":\"https:\/\/gozu.zone\/?product=hope#primaryimage\"},\"thumbnailUrl\":\"https:\/\/gozu.zone\/wp-content\/uploads\/2018\/03\/hope.jpg\",\"datePublished\":\"2018-03-03T15:37:43+00:00\",\"dateModified\":\"2018-03-03T15:59:02+00:00\",\"breadcrumb\":{\"@id\":\"https:\/\/gozu.zone\/?product=hope#breadcrumb\"},\"inLanguage\":\"fr-FR\",\"potentialAction\":[{\"@type\":\"ReadAction\",\"target\":[\"https:\/\/gozu.zone\/?product=hope\"]}]},{\"@type\":\"ImageObject\",\"inLanguage\":\"fr-FR\",\"@id\":\"https:\/\/gozu.zone\/?product=hope#primaryimage\",\"url\":\"https:\/\/gozu.zone\/wp-content\/uploads\/2018\/03\/hope.jpg\",\"contentUrl\":\"https:\/\/gozu.zone\/wp-content\/uploads\/2018\/03\/hope.jpg\",\"width\":640,\"height\":640},{\"@type\":\"BreadcrumbList\",\"@id\":\"https:\/\/gozu.zone\/?product=hope#breadcrumb\",\"itemListElement\":[{\"@type\":\"ListItem\",\"position\":1,\"name\":\"Accueil\",\"item\":\"https:\/\/gozu.zone\/\"},{\"@type\":\"ListItem\",\"position\":2,\"name\":\"BOUTIQUE\",\"item\":\"https:\/\/gozu.zone\/?page_id=308\"},{\"@type\":\"ListItem\",\"position\":3,\"name\":\"HOPE\"}]},{\"@type\":\"WebSite\",\"@id\":\"https:\/\/gozu.zone\/#website\",\"url\":\"https:\/\/gozu.zone\/\",\"name\":\"GOZU ZONE\",\"description\":\"Toujours plus pour vos jeux\",\"potentialAction\":[{\"@type\":\"SearchAction\",\"target\":{\"@type\":\"EntryPoint\",\"urlTemplate\":\"https:\/\/gozu.zone\/?s={search_term_string}\"},\"query-input\":{\"@type\":\"PropertyValueSpecification\",\"valueRequired\":true,\"valueName\":\"search_term_string\"}}],\"inLanguage\":\"fr-FR\"}]}<\/script>\n<!-- \/ Yoast SEO plugin. -->","yoast_head_json":{"title":"Acheter HOPE - GOZU ZONE - Jeux et Accessoires","robots":{"index":"index","follow":"follow","max-snippet":"max-snippet:-1","max-image-preview":"max-image-preview:large","max-video-preview":"max-video-preview:-1"},"canonical":"https:\/\/gozu.zone\/?product=hope","og_locale":"fr_FR","og_type":"article","og_title":"Acheter HOPE - GOZU ZONE - Jeux et Accessoires","og_description":"HOPE est un jeu semi-coop\u00e9ratif puisqu'un traite peut \u00eatre pr\u00e9sent parmi les joueurs !   \u00c2ge : 12 ans et +  Dur\u00e9e : 30 \u00e0 60 min  Joueurs : 2\u00a0\u00e0 4","og_url":"https:\/\/gozu.zone\/?product=hope","og_site_name":"GOZU ZONE","article_publisher":"https:\/\/www.facebook.com\/gozuzone\/","article_modified_time":"2018-03-03T15:59:02+00:00","og_image":[{"width":640,"height":640,"url":"https:\/\/gozu.zone\/wp-content\/uploads\/2018\/03\/hope.jpg","type":"image\/jpeg"}],"twitter_card":"summary_large_image","twitter_site":"@gozuzone","twitter_misc":{"Dur\u00e9e de lecture estim\u00e9e":"1 minute"},"schema":{"@context":"https:\/\/schema.org","@graph":[{"@type":"WebPage","@id":"https:\/\/gozu.zone\/?product=hope","url":"https:\/\/gozu.zone\/?product=hope","name":"Acheter HOPE - GOZU ZONE - Jeux et Accessoires","isPartOf":{"@id":"https:\/\/gozu.zone\/#website"},"primaryImageOfPage":{"@id":"https:\/\/gozu.zone\/?product=hope#primaryimage"},"image":{"@id":"https:\/\/gozu.zone\/?product=hope#primaryimage"},"thumbnailUrl":"https:\/\/gozu.zone\/wp-content\/uploads\/2018\/03\/hope.jpg","datePublished":"2018-03-03T15:37:43+00:00","dateModified":"2018-03-03T15:59:02+00:00","breadcrumb":{"@id":"https:\/\/gozu.zone\/?product=hope#breadcrumb"},"inLanguage":"fr-FR","potentialAction":[{"@type":"ReadAction","target":["https:\/\/gozu.zone\/?product=hope"]}]},{"@type":"ImageObject","inLanguage":"fr-FR","@id":"https:\/\/gozu.zone\/?product=hope#primaryimage","url":"https:\/\/gozu.zone\/wp-content\/uploads\/2018\/03\/hope.jpg","contentUrl":"https:\/\/gozu.zone\/wp-content\/uploads\/2018\/03\/hope.jpg","width":640,"height":640},{"@type":"BreadcrumbList","@id":"https:\/\/gozu.zone\/?product=hope#breadcrumb","itemListElement":[{"@type":"ListItem","position":1,"name":"Accueil","item":"https:\/\/gozu.zone\/"},{"@type":"ListItem","position":2,"name":"BOUTIQUE","item":"https:\/\/gozu.zone\/?page_id=308"},{"@type":"ListItem","position":3,"name":"HOPE"}]},{"@type":"WebSite","@id":"https:\/\/gozu.zone\/#website","url":"https:\/\/gozu.zone\/","name":"GOZU ZONE","description":"Toujours plus pour vos jeux","potentialAction":[{"@type":"SearchAction","target":{"@type":"EntryPoint","urlTemplate":"https:\/\/gozu.zone\/?s={search_term_string}"},"query-input":{"@type":"PropertyValueSpecification","valueRequired":true,"valueName":"search_term_string"}}],"inLanguage":"fr-FR"}]}},"_links":{"self":[{"href":"https:\/\/gozu.zone\/index.php?rest_route=\/wp\/v2\/product\/7280","targetHints":{"allow":["GET"]}}],"collection":[{"href":"https:\/\/gozu.zone\/index.php?rest_route=\/wp\/v2\/product"}],"about":[{"href":"https:\/\/gozu.zone\/index.php?rest_route=\/wp\/v2\/types\/product"}],"replies":[{"embeddable":true,"href":"https:\/\/gozu.zone\/index.php?rest_route=%2Fwp%2Fv2%2Fcomments&post=7280"}],"wp:featuredmedia":[{"embeddable":true,"href":"https:\/\/gozu.zone\/index.php?rest_route=\/wp\/v2\/media\/7281"}],"wp:attachment":[{"href":"https:\/\/gozu.zone\/index.php?rest_route=%2Fwp%2Fv2%2Fmedia&parent=7280"}],"wp:term":[{"taxonomy":"product_brand","embeddable":true,"href":"https:\/\/gozu.zone\/index.php?rest_route=%2Fwp%2Fv2%2Fproduct_brand&post=7280"},{"taxonomy":"product_cat","embeddable":true,"href":"https:\/\/gozu.zone\/index.php?rest_route=%2Fwp%2Fv2%2Fproduct_cat&post=7280"},{"taxonomy":"product_tag","embeddable":true,"href":"https:\/\/gozu.zone\/index.php?rest_route=%2Fwp%2Fv2%2Fproduct_tag&post=7280"}],"curies":[{"name":"wp","href":"https:\/\/api.w.org\/{rel}","templated":true}]}}