{"id":7353,"date":"2018-03-04T21:26:14","date_gmt":"2018-03-04T21:26:14","guid":{"rendered":"https:\/\/gozu.zone\/?post_type=product&#038;p=7353"},"modified":"2019-05-04T20:06:02","modified_gmt":"2019-05-04T20:06:02","slug":"star-wars-legion-tr-tt","status":"publish","type":"product","link":"https:\/\/gozu.zone\/?product=star-wars-legion-tr-tt","title":{"rendered":"Star Wars : L\u00e9gion &#8211; TR-TT"},"content":{"rendered":"<p>\u00ab Les Rebelles sont en d\u00e9route. Ils ont fui dans les bois&#8230; \u00bb &#8211; <em>Pilote de TR-TT<\/em><\/p>\n<p>Le Transport de Reconnaissance Tout Terrain, plateforme d\u2019armes mobile, est une apparition terrifiante sur le champ de bataille pour ses adversaires. Avec leur diversit\u00e9 d\u2019armements, les TR-TT sont efficaces contre de multiples cibles diff\u00e9rentes ; de l\u2019infanterie sous couvert aux v\u00e9hicules fortement blind\u00e9s. Avec leurs longues jambes, les TR-TT sont rarement entrav\u00e9s par les obstacles lorsqu\u2019ils prennent part aux combats et submergent leurs ennemis de tirs de laser.<\/p>\n<p>Cette extension pour <strong>STAR WARS : L\u00c9GION<\/strong> contient 1 figurine finement sculpt\u00e9e de <strong>TR-TT<\/strong>, permettant de constituer une unit\u00e9 lourde, ainsi que de nouvelles cartes Unit\u00e9 et Am\u00e9lioration pour la d\u00e9ployer sur le champ de bataille.<\/p>\n<h2>CONTENU DE Star Wars : L\u00e9gion &#8211; TR-TT<\/h2>\n<ul>\n<li>1 figurine en plastique<\/li>\n<li>1 carte Unit\u00e9<\/li>\n<li>6 cartes Am\u00e9lioration<\/li>\n<li>11 pions divers<\/li>\n<li>1 feuillet de r\u00e8gles.<\/li>\n<\/ul>\n","protected":false},"excerpt":{"rendered":"<p><em>\u00ab Les Rebelles sont en d\u00e9route. Ils ont fui dans les bois&#8230; \u00bb<\/em><\/p>\n<ul>\n<li><strong>\u00c2ge<\/strong> : 14 ans et +<\/li>\n<li><strong>Dur\u00e9e<\/strong> : 2 \u00e0 3h<\/li>\n<li><strong>Joueurs<\/strong> : 2<\/li>\n<\/ul>\n","protected":false},"featured_media":7336,"comment_status":"open","ping_status":"closed","template":"","meta":{"_acf_changed":false},"product_brand":[],"product_cat":[324,327,644,323,401,495,494,333,628],"product_tag":[642,641,331,640,639,614],"class_list":{"0":"post-7353","1":"product","2":"type-product","3":"status-publish","4":"has-post-thumbnail","6":"product_cat-experts","7":"product_cat-extensions","8":"product_cat-extensions-imperiales-star-wars-legion","9":"product_cat-jeux","10":"product_cat-jeux-a-2","11":"product_cat-jeux-de-figurines","12":"product_cat-jeux-de-societe","13":"product_cat-par-types","14":"product_cat-star-wars-legion","15":"product_tag-bataille","16":"product_tag-escarmouche","17":"product_tag-extensions","18":"product_tag-figurine","19":"product_tag-legion","20":"product_tag-star-wars","21":"product_shipping_class-livraisonstandard_colis","23":"first","24":"instock","25":"taxable","26":"shipping-taxable","27":"purchasable","28":"product-type-simple"},"acf":[],"yoast_head":"<!-- This site is optimized with the Yoast SEO plugin v25.3 - https:\/\/yoast.com\/wordpress\/plugins\/seo\/ -->\n<title>Acheter Star Wars : L\u00e9gion - TR-TT - GOZU ZONE - Jeux et Accessoires<\/title>\n<meta name=\"robots\" content=\"index, follow, max-snippet:-1, max-image-preview:large, max-video-preview:-1\" \/>\n<link rel=\"canonical\" href=\"https:\/\/gozu.zone\/?product=star-wars-legion-tr-tt\" \/>\n<meta property=\"og:locale\" content=\"fr_FR\" \/>\n<meta property=\"og:type\" content=\"article\" \/>\n<meta property=\"og:title\" content=\"Acheter Star Wars : L\u00e9gion - TR-TT - GOZU ZONE - Jeux et Accessoires\" \/>\n<meta property=\"og:description\" content=\"\u00ab Les Rebelles sont en d\u00e9route. Ils ont fui dans les bois... \u00bb   \u00c2ge : 14 ans et +  Dur\u00e9e : 2 \u00e0 3h  Joueurs : 2\" \/>\n<meta property=\"og:url\" content=\"https:\/\/gozu.zone\/?product=star-wars-legion-tr-tt\" \/>\n<meta property=\"og:site_name\" content=\"GOZU ZONE\" \/>\n<meta property=\"article:publisher\" content=\"https:\/\/www.facebook.com\/gozuzone\/\" \/>\n<meta property=\"article:modified_time\" content=\"2019-05-04T20:06:02+00:00\" \/>\n<meta property=\"og:image\" content=\"https:\/\/gozu.zone\/wp-content\/uploads\/2018\/03\/ffswl08.jpg\" \/>\n\t<meta property=\"og:image:width\" content=\"360\" \/>\n\t<meta property=\"og:image:height\" content=\"360\" \/>\n\t<meta property=\"og:image:type\" content=\"image\/jpeg\" \/>\n<meta name=\"twitter:card\" content=\"summary_large_image\" \/>\n<meta name=\"twitter:site\" content=\"@gozuzone\" \/>\n<meta name=\"twitter:label1\" content=\"Dur\u00e9e de lecture estim\u00e9e\" \/>\n\t<meta name=\"twitter:data1\" content=\"1 minute\" \/>\n<script type=\"application\/ld+json\" class=\"yoast-schema-graph\">{\"@context\":\"https:\/\/schema.org\",\"@graph\":[{\"@type\":\"WebPage\",\"@id\":\"https:\/\/gozu.zone\/?product=star-wars-legion-tr-tt\",\"url\":\"https:\/\/gozu.zone\/?product=star-wars-legion-tr-tt\",\"name\":\"Acheter Star Wars : L\u00e9gion - TR-TT - GOZU ZONE - Jeux et Accessoires\",\"isPartOf\":{\"@id\":\"https:\/\/gozu.zone\/#website\"},\"primaryImageOfPage\":{\"@id\":\"https:\/\/gozu.zone\/?product=star-wars-legion-tr-tt#primaryimage\"},\"image\":{\"@id\":\"https:\/\/gozu.zone\/?product=star-wars-legion-tr-tt#primaryimage\"},\"thumbnailUrl\":\"https:\/\/gozu.zone\/wp-content\/uploads\/2018\/03\/ffswl08.jpg\",\"datePublished\":\"2018-03-04T21:26:14+00:00\",\"dateModified\":\"2019-05-04T20:06:02+00:00\",\"breadcrumb\":{\"@id\":\"https:\/\/gozu.zone\/?product=star-wars-legion-tr-tt#breadcrumb\"},\"inLanguage\":\"fr-FR\",\"potentialAction\":[{\"@type\":\"ReadAction\",\"target\":[\"https:\/\/gozu.zone\/?product=star-wars-legion-tr-tt\"]}]},{\"@type\":\"ImageObject\",\"inLanguage\":\"fr-FR\",\"@id\":\"https:\/\/gozu.zone\/?product=star-wars-legion-tr-tt#primaryimage\",\"url\":\"https:\/\/gozu.zone\/wp-content\/uploads\/2018\/03\/ffswl08.jpg\",\"contentUrl\":\"https:\/\/gozu.zone\/wp-content\/uploads\/2018\/03\/ffswl08.jpg\",\"width\":360,\"height\":360},{\"@type\":\"BreadcrumbList\",\"@id\":\"https:\/\/gozu.zone\/?product=star-wars-legion-tr-tt#breadcrumb\",\"itemListElement\":[{\"@type\":\"ListItem\",\"position\":1,\"name\":\"Accueil\",\"item\":\"https:\/\/gozu.zone\/\"},{\"@type\":\"ListItem\",\"position\":2,\"name\":\"BOUTIQUE\",\"item\":\"https:\/\/gozu.zone\/?page_id=308\"},{\"@type\":\"ListItem\",\"position\":3,\"name\":\"Star Wars : L\u00e9gion &#8211; TR-TT\"}]},{\"@type\":\"WebSite\",\"@id\":\"https:\/\/gozu.zone\/#website\",\"url\":\"https:\/\/gozu.zone\/\",\"name\":\"GOZU ZONE\",\"description\":\"Toujours plus pour vos jeux\",\"potentialAction\":[{\"@type\":\"SearchAction\",\"target\":{\"@type\":\"EntryPoint\",\"urlTemplate\":\"https:\/\/gozu.zone\/?s={search_term_string}\"},\"query-input\":{\"@type\":\"PropertyValueSpecification\",\"valueRequired\":true,\"valueName\":\"search_term_string\"}}],\"inLanguage\":\"fr-FR\"}]}<\/script>\n<!-- \/ Yoast SEO plugin. -->","yoast_head_json":{"title":"Acheter Star Wars : L\u00e9gion - TR-TT - GOZU ZONE - Jeux et Accessoires","robots":{"index":"index","follow":"follow","max-snippet":"max-snippet:-1","max-image-preview":"max-image-preview:large","max-video-preview":"max-video-preview:-1"},"canonical":"https:\/\/gozu.zone\/?product=star-wars-legion-tr-tt","og_locale":"fr_FR","og_type":"article","og_title":"Acheter Star Wars : L\u00e9gion - TR-TT - GOZU ZONE - Jeux et Accessoires","og_description":"\u00ab Les Rebelles sont en d\u00e9route. Ils ont fui dans les bois... \u00bb   \u00c2ge : 14 ans et +  Dur\u00e9e : 2 \u00e0 3h  Joueurs : 2","og_url":"https:\/\/gozu.zone\/?product=star-wars-legion-tr-tt","og_site_name":"GOZU ZONE","article_publisher":"https:\/\/www.facebook.com\/gozuzone\/","article_modified_time":"2019-05-04T20:06:02+00:00","og_image":[{"width":360,"height":360,"url":"https:\/\/gozu.zone\/wp-content\/uploads\/2018\/03\/ffswl08.jpg","type":"image\/jpeg"}],"twitter_card":"summary_large_image","twitter_site":"@gozuzone","twitter_misc":{"Dur\u00e9e de lecture estim\u00e9e":"1 minute"},"schema":{"@context":"https:\/\/schema.org","@graph":[{"@type":"WebPage","@id":"https:\/\/gozu.zone\/?product=star-wars-legion-tr-tt","url":"https:\/\/gozu.zone\/?product=star-wars-legion-tr-tt","name":"Acheter Star Wars : L\u00e9gion - TR-TT - GOZU ZONE - Jeux et Accessoires","isPartOf":{"@id":"https:\/\/gozu.zone\/#website"},"primaryImageOfPage":{"@id":"https:\/\/gozu.zone\/?product=star-wars-legion-tr-tt#primaryimage"},"image":{"@id":"https:\/\/gozu.zone\/?product=star-wars-legion-tr-tt#primaryimage"},"thumbnailUrl":"https:\/\/gozu.zone\/wp-content\/uploads\/2018\/03\/ffswl08.jpg","datePublished":"2018-03-04T21:26:14+00:00","dateModified":"2019-05-04T20:06:02+00:00","breadcrumb":{"@id":"https:\/\/gozu.zone\/?product=star-wars-legion-tr-tt#breadcrumb"},"inLanguage":"fr-FR","potentialAction":[{"@type":"ReadAction","target":["https:\/\/gozu.zone\/?product=star-wars-legion-tr-tt"]}]},{"@type":"ImageObject","inLanguage":"fr-FR","@id":"https:\/\/gozu.zone\/?product=star-wars-legion-tr-tt#primaryimage","url":"https:\/\/gozu.zone\/wp-content\/uploads\/2018\/03\/ffswl08.jpg","contentUrl":"https:\/\/gozu.zone\/wp-content\/uploads\/2018\/03\/ffswl08.jpg","width":360,"height":360},{"@type":"BreadcrumbList","@id":"https:\/\/gozu.zone\/?product=star-wars-legion-tr-tt#breadcrumb","itemListElement":[{"@type":"ListItem","position":1,"name":"Accueil","item":"https:\/\/gozu.zone\/"},{"@type":"ListItem","position":2,"name":"BOUTIQUE","item":"https:\/\/gozu.zone\/?page_id=308"},{"@type":"ListItem","position":3,"name":"Star Wars : L\u00e9gion &#8211; TR-TT"}]},{"@type":"WebSite","@id":"https:\/\/gozu.zone\/#website","url":"https:\/\/gozu.zone\/","name":"GOZU ZONE","description":"Toujours plus pour vos jeux","potentialAction":[{"@type":"SearchAction","target":{"@type":"EntryPoint","urlTemplate":"https:\/\/gozu.zone\/?s={search_term_string}"},"query-input":{"@type":"PropertyValueSpecification","valueRequired":true,"valueName":"search_term_string"}}],"inLanguage":"fr-FR"}]}},"_links":{"self":[{"href":"https:\/\/gozu.zone\/index.php?rest_route=\/wp\/v2\/product\/7353","targetHints":{"allow":["GET"]}}],"collection":[{"href":"https:\/\/gozu.zone\/index.php?rest_route=\/wp\/v2\/product"}],"about":[{"href":"https:\/\/gozu.zone\/index.php?rest_route=\/wp\/v2\/types\/product"}],"replies":[{"embeddable":true,"href":"https:\/\/gozu.zone\/index.php?rest_route=%2Fwp%2Fv2%2Fcomments&post=7353"}],"wp:featuredmedia":[{"embeddable":true,"href":"https:\/\/gozu.zone\/index.php?rest_route=\/wp\/v2\/media\/7336"}],"wp:attachment":[{"href":"https:\/\/gozu.zone\/index.php?rest_route=%2Fwp%2Fv2%2Fmedia&parent=7353"}],"wp:term":[{"taxonomy":"product_brand","embeddable":true,"href":"https:\/\/gozu.zone\/index.php?rest_route=%2Fwp%2Fv2%2Fproduct_brand&post=7353"},{"taxonomy":"product_cat","embeddable":true,"href":"https:\/\/gozu.zone\/index.php?rest_route=%2Fwp%2Fv2%2Fproduct_cat&post=7353"},{"taxonomy":"product_tag","embeddable":true,"href":"https:\/\/gozu.zone\/index.php?rest_route=%2Fwp%2Fv2%2Fproduct_tag&post=7353"}],"curies":[{"name":"wp","href":"https:\/\/api.w.org\/{rel}","templated":true}]}}