{"id":7866,"date":"2018-06-23T08:45:39","date_gmt":"2018-06-23T08:45:39","guid":{"rendered":"https:\/\/gozu.zone\/?post_type=product&#038;p=7866"},"modified":"2024-09-13T20:22:52","modified_gmt":"2024-09-13T20:22:52","slug":"les-inventeurs","status":"publish","type":"product","link":"https:\/\/gozu.zone\/?product=les-inventeurs","title":{"rendered":"Les Inventeurs"},"content":{"rendered":"<p>Qu&rsquo;aurait donn\u00e9e la collaboration de Gutenberg et Marie Curie sur l&rsquo;automobile ? Si Edison, Hippocrate et Fibonacci avaient ouvr\u00e9 ensemble sur le sablier, lequel en aurait obtenu la paternit\u00e9 ? Tesla serait-il devenu c\u00e9l\u00e8bre s&rsquo;il avait invent\u00e9 le zeppelin ?<\/p>\n<p>De l&rsquo;invention du feu \u00e0 celle de l&rsquo;ampoule \u00e9lectrique, d&rsquo;Aristote \u00e0 Einstein, c&rsquo;est toute l&rsquo;histoire du progr\u00e8s technique que Les Inventeur vous invite \u00e0 revisiter.<\/p>\n<h2><\/h2>\n<h2>R\u00e8gles du jeu Les Inventeurs<\/h2>\n<p>&nbsp;<\/p>\n<p style=\"text-align: center;\"><iframe loading=\"lazy\" src=\"https:\/\/www.youtube.com\/embed\/BobFF3xXtZU\" width=\"560\" height=\"315\" frameborder=\"0\" allowfullscreen=\"allowfullscreen\"><\/iframe>&gt;<\/p>\n<div class=\"disclaimer material\">\n<h3>Contenu du jeu<\/h3>\n<ul>\n<li>20 tuiles en carton<\/li>\n<li>85 pions en carton<\/li>\n<li>36 cartes inventions<\/li>\n<li>75 cubes en bois<\/li>\n<li>1 figurine en plastique<\/li>\n<li>1 sac tissu<\/li>\n<li>1 livret de r\u00e8gles<\/li>\n<li>1 livret biographique<\/li>\n<\/ul>\n<\/div>\n","protected":false},"excerpt":{"rendered":"<p>Qu&rsquo;aurait donn\u00e9e la collaboration de Gutenberg et Marie Curie sur l&rsquo;automobile ?<\/p>\n<ul>\n<li><strong>\u00c2ge<\/strong> : 10\u00a0ans et +<\/li>\n<li><strong>Dur\u00e9e<\/strong> : 30 \u00e0 60 min<\/li>\n<li><strong>Joueurs<\/strong> : 2\u00a0\u00e0 5<\/li>\n<\/ul>\n","protected":false},"featured_media":7871,"comment_status":"open","ping_status":"closed","template":"","meta":{"_acf_changed":false},"product_brand":[],"product_cat":[323,494,361,333],"product_tag":[669,418],"class_list":{"0":"post-7866","1":"product","2":"type-product","3":"status-publish","4":"has-post-thumbnail","6":"product_cat-jeux","7":"product_cat-jeux-de-societe","8":"product_cat-familiaux","9":"product_cat-par-types","10":"product_tag-gestion","11":"product_tag-ouvriers","12":"product_shipping_class-livraisonstandard_colis","14":"first","15":"outofstock","16":"sale","17":"taxable","18":"shipping-taxable","19":"purchasable","20":"product-type-simple"},"acf":[],"yoast_head":"<!-- This site is optimized with the Yoast SEO plugin v25.3 - https:\/\/yoast.com\/wordpress\/plugins\/seo\/ -->\n<title>Acheter Les Inventeurs - GOZU ZONE - Jeux et Accessoires<\/title>\n<meta name=\"robots\" content=\"index, follow, max-snippet:-1, max-image-preview:large, max-video-preview:-1\" \/>\n<link rel=\"canonical\" href=\"https:\/\/gozu.zone\/?product=les-inventeurs\" \/>\n<meta property=\"og:locale\" content=\"fr_FR\" \/>\n<meta property=\"og:type\" content=\"article\" \/>\n<meta property=\"og:title\" content=\"Acheter Les Inventeurs - GOZU ZONE - Jeux et Accessoires\" \/>\n<meta property=\"og:description\" content=\"Qu&#039;aurait donn\u00e9e la collaboration de Gutenberg et Marie Curie sur l&#039;automobile ?   \u00c2ge : 10\u00a0ans et +  Dur\u00e9e : 30 \u00e0 60 min  Joueurs : 2\u00a0\u00e0 5\" \/>\n<meta property=\"og:url\" content=\"https:\/\/gozu.zone\/?product=les-inventeurs\" \/>\n<meta property=\"og:site_name\" content=\"GOZU ZONE\" \/>\n<meta property=\"article:publisher\" content=\"https:\/\/www.facebook.com\/gozuzone\/\" \/>\n<meta property=\"article:modified_time\" content=\"2024-09-13T20:22:52+00:00\" \/>\n<meta property=\"og:image\" content=\"https:\/\/gozu.zone\/wp-content\/uploads\/2018\/06\/les-inventeurs.jpg\" \/>\n\t<meta property=\"og:image:width\" content=\"640\" \/>\n\t<meta property=\"og:image:height\" content=\"640\" \/>\n\t<meta property=\"og:image:type\" content=\"image\/jpeg\" \/>\n<meta name=\"twitter:card\" content=\"summary_large_image\" \/>\n<meta name=\"twitter:site\" content=\"@gozuzone\" \/>\n<script type=\"application\/ld+json\" class=\"yoast-schema-graph\">{\"@context\":\"https:\/\/schema.org\",\"@graph\":[{\"@type\":\"WebPage\",\"@id\":\"https:\/\/gozu.zone\/?product=les-inventeurs\",\"url\":\"https:\/\/gozu.zone\/?product=les-inventeurs\",\"name\":\"Acheter Les Inventeurs - GOZU ZONE - Jeux et Accessoires\",\"isPartOf\":{\"@id\":\"https:\/\/gozu.zone\/#website\"},\"primaryImageOfPage\":{\"@id\":\"https:\/\/gozu.zone\/?product=les-inventeurs#primaryimage\"},\"image\":{\"@id\":\"https:\/\/gozu.zone\/?product=les-inventeurs#primaryimage\"},\"thumbnailUrl\":\"https:\/\/gozu.zone\/wp-content\/uploads\/2018\/06\/les-inventeurs.jpg\",\"datePublished\":\"2018-06-23T08:45:39+00:00\",\"dateModified\":\"2024-09-13T20:22:52+00:00\",\"breadcrumb\":{\"@id\":\"https:\/\/gozu.zone\/?product=les-inventeurs#breadcrumb\"},\"inLanguage\":\"fr-FR\",\"potentialAction\":[{\"@type\":\"ReadAction\",\"target\":[\"https:\/\/gozu.zone\/?product=les-inventeurs\"]}]},{\"@type\":\"ImageObject\",\"inLanguage\":\"fr-FR\",\"@id\":\"https:\/\/gozu.zone\/?product=les-inventeurs#primaryimage\",\"url\":\"https:\/\/gozu.zone\/wp-content\/uploads\/2018\/06\/les-inventeurs.jpg\",\"contentUrl\":\"https:\/\/gozu.zone\/wp-content\/uploads\/2018\/06\/les-inventeurs.jpg\",\"width\":640,\"height\":640},{\"@type\":\"BreadcrumbList\",\"@id\":\"https:\/\/gozu.zone\/?product=les-inventeurs#breadcrumb\",\"itemListElement\":[{\"@type\":\"ListItem\",\"position\":1,\"name\":\"Accueil\",\"item\":\"https:\/\/gozu.zone\/\"},{\"@type\":\"ListItem\",\"position\":2,\"name\":\"BOUTIQUE\",\"item\":\"https:\/\/gozu.zone\/?page_id=308\"},{\"@type\":\"ListItem\",\"position\":3,\"name\":\"Les Inventeurs\"}]},{\"@type\":\"WebSite\",\"@id\":\"https:\/\/gozu.zone\/#website\",\"url\":\"https:\/\/gozu.zone\/\",\"name\":\"GOZU ZONE\",\"description\":\"Toujours plus pour vos jeux\",\"potentialAction\":[{\"@type\":\"SearchAction\",\"target\":{\"@type\":\"EntryPoint\",\"urlTemplate\":\"https:\/\/gozu.zone\/?s={search_term_string}\"},\"query-input\":{\"@type\":\"PropertyValueSpecification\",\"valueRequired\":true,\"valueName\":\"search_term_string\"}}],\"inLanguage\":\"fr-FR\"}]}<\/script>\n<!-- \/ Yoast SEO plugin. -->","yoast_head_json":{"title":"Acheter Les Inventeurs - GOZU ZONE - Jeux et Accessoires","robots":{"index":"index","follow":"follow","max-snippet":"max-snippet:-1","max-image-preview":"max-image-preview:large","max-video-preview":"max-video-preview:-1"},"canonical":"https:\/\/gozu.zone\/?product=les-inventeurs","og_locale":"fr_FR","og_type":"article","og_title":"Acheter Les Inventeurs - GOZU ZONE - Jeux et Accessoires","og_description":"Qu'aurait donn\u00e9e la collaboration de Gutenberg et Marie Curie sur l'automobile ?   \u00c2ge : 10\u00a0ans et +  Dur\u00e9e : 30 \u00e0 60 min  Joueurs : 2\u00a0\u00e0 5","og_url":"https:\/\/gozu.zone\/?product=les-inventeurs","og_site_name":"GOZU ZONE","article_publisher":"https:\/\/www.facebook.com\/gozuzone\/","article_modified_time":"2024-09-13T20:22:52+00:00","og_image":[{"width":640,"height":640,"url":"https:\/\/gozu.zone\/wp-content\/uploads\/2018\/06\/les-inventeurs.jpg","type":"image\/jpeg"}],"twitter_card":"summary_large_image","twitter_site":"@gozuzone","schema":{"@context":"https:\/\/schema.org","@graph":[{"@type":"WebPage","@id":"https:\/\/gozu.zone\/?product=les-inventeurs","url":"https:\/\/gozu.zone\/?product=les-inventeurs","name":"Acheter Les Inventeurs - GOZU ZONE - Jeux et Accessoires","isPartOf":{"@id":"https:\/\/gozu.zone\/#website"},"primaryImageOfPage":{"@id":"https:\/\/gozu.zone\/?product=les-inventeurs#primaryimage"},"image":{"@id":"https:\/\/gozu.zone\/?product=les-inventeurs#primaryimage"},"thumbnailUrl":"https:\/\/gozu.zone\/wp-content\/uploads\/2018\/06\/les-inventeurs.jpg","datePublished":"2018-06-23T08:45:39+00:00","dateModified":"2024-09-13T20:22:52+00:00","breadcrumb":{"@id":"https:\/\/gozu.zone\/?product=les-inventeurs#breadcrumb"},"inLanguage":"fr-FR","potentialAction":[{"@type":"ReadAction","target":["https:\/\/gozu.zone\/?product=les-inventeurs"]}]},{"@type":"ImageObject","inLanguage":"fr-FR","@id":"https:\/\/gozu.zone\/?product=les-inventeurs#primaryimage","url":"https:\/\/gozu.zone\/wp-content\/uploads\/2018\/06\/les-inventeurs.jpg","contentUrl":"https:\/\/gozu.zone\/wp-content\/uploads\/2018\/06\/les-inventeurs.jpg","width":640,"height":640},{"@type":"BreadcrumbList","@id":"https:\/\/gozu.zone\/?product=les-inventeurs#breadcrumb","itemListElement":[{"@type":"ListItem","position":1,"name":"Accueil","item":"https:\/\/gozu.zone\/"},{"@type":"ListItem","position":2,"name":"BOUTIQUE","item":"https:\/\/gozu.zone\/?page_id=308"},{"@type":"ListItem","position":3,"name":"Les Inventeurs"}]},{"@type":"WebSite","@id":"https:\/\/gozu.zone\/#website","url":"https:\/\/gozu.zone\/","name":"GOZU ZONE","description":"Toujours plus pour vos jeux","potentialAction":[{"@type":"SearchAction","target":{"@type":"EntryPoint","urlTemplate":"https:\/\/gozu.zone\/?s={search_term_string}"},"query-input":{"@type":"PropertyValueSpecification","valueRequired":true,"valueName":"search_term_string"}}],"inLanguage":"fr-FR"}]}},"_links":{"self":[{"href":"https:\/\/gozu.zone\/index.php?rest_route=\/wp\/v2\/product\/7866","targetHints":{"allow":["GET"]}}],"collection":[{"href":"https:\/\/gozu.zone\/index.php?rest_route=\/wp\/v2\/product"}],"about":[{"href":"https:\/\/gozu.zone\/index.php?rest_route=\/wp\/v2\/types\/product"}],"replies":[{"embeddable":true,"href":"https:\/\/gozu.zone\/index.php?rest_route=%2Fwp%2Fv2%2Fcomments&post=7866"}],"wp:featuredmedia":[{"embeddable":true,"href":"https:\/\/gozu.zone\/index.php?rest_route=\/wp\/v2\/media\/7871"}],"wp:attachment":[{"href":"https:\/\/gozu.zone\/index.php?rest_route=%2Fwp%2Fv2%2Fmedia&parent=7866"}],"wp:term":[{"taxonomy":"product_brand","embeddable":true,"href":"https:\/\/gozu.zone\/index.php?rest_route=%2Fwp%2Fv2%2Fproduct_brand&post=7866"},{"taxonomy":"product_cat","embeddable":true,"href":"https:\/\/gozu.zone\/index.php?rest_route=%2Fwp%2Fv2%2Fproduct_cat&post=7866"},{"taxonomy":"product_tag","embeddable":true,"href":"https:\/\/gozu.zone\/index.php?rest_route=%2Fwp%2Fv2%2Fproduct_tag&post=7866"}],"curies":[{"name":"wp","href":"https:\/\/api.w.org\/{rel}","templated":true}]}}