{"id":8087,"date":"2018-08-18T08:30:34","date_gmt":"2018-08-18T08:30:34","guid":{"rendered":"https:\/\/gozu.zone\/?post_type=product&#038;p=8087"},"modified":"2018-08-18T08:43:24","modified_gmt":"2018-08-18T08:43:24","slug":"overseers","status":"publish","type":"product","link":"https:\/\/gozu.zone\/?product=overseers","title":{"rendered":"Overseers"},"content":{"rendered":"<div>\n<div>Depuis la nuit des temps, deux forces oppos\u00e9es, piliers de l\u2019univers, coexistent : certains les nomment le Yin et le Yang, d\u2019autres le Bien et le Mal. Le jour s\u2019oppose \u00e0 la nuit, la terre au ciel, les vivants aux morts \u2026<\/div>\n<div><\/div>\n<div>La divinit\u00e9 Chenghuang a pour mission de maintenir ce parfait \u00e9quilibre. C\u2019est pourquoi, elle a envoy\u00e9 un groupe de Gardiens, les Overseers, que les joueurs vont incarner pour l\u2019aider \u00e0 accomplir cette t\u00e2che.<\/div>\n<div><\/div>\n<div>A vous de r\u00e9compenser les vertus et de punir les vices afin de vous attirer les honneurs de Chenghuang. Toutefois, vous devez accomplir votre mission de mani\u00e8re juste et \u00e9quilibr\u00e9e. Monopolisez cette t\u00e2che et vous risquez d\u2019attirer le discr\u00e9dit des autres joueurs et d\u2019en payer le prix fort. Laissez les autres la faire \u00e0 votre place et vous risquez de ne pas recevoir les honneurs.<\/div>\n<div><\/div>\n<div>Overseers est un jeu de cartes pour 3 \u00e0 6 joueurs o\u00f9 le choix des cartes et le bluff sont de mise.<\/div>\n<div><\/div>\n<h2>R\u00e8gles du jeu Overseers<\/h2>\n<p>&nbsp;<\/p>\n<p style=\"text-align: center;\"><iframe loading=\"lazy\" width=\"560\" height=\"315\" src=\"https:\/\/www.youtube.com\/embed\/gkx7YxnGAKo\" frameborder=\"0\" allow=\"autoplay; encrypted-media\" allowfullscreen><\/iframe><\/p>\n<\/div>\n<div class=\"disclaimer material\">\n<h3><\/h3>\n<h3>Contenu du jeu : Overseers<\/h3>\n<ul>\n<li>11 cartes Personnage<\/li>\n<li>36 cartes Vertu &amp; Vice ( 6 types )<\/li>\n<li>1 carte et 1 jeton Leader<\/li>\n<li>6 jetons de vote<\/li>\n<li>80 jetons de score<\/li>\n<li>6 aides de jeu<\/li>\n<li>1 r\u00e8gles de jeu<\/li>\n<\/ul>\n<\/div>\n","protected":false},"excerpt":{"rendered":"<p>Overseers est un jeu de cartes pour 3 \u00e0 6 joueurs o\u00f9 le choix des cartes et le bluff sont<br \/>\nde mise.<\/p>\n<ul>\n<li><strong>\u00c2ge<\/strong> : 14 ans et +<\/li>\n<li><strong>Dur\u00e9e<\/strong> : 30 min<\/li>\n<li><strong>Joueurs<\/strong> : 3 \u00e0 6<\/li>\n<\/ul>\n","protected":false},"featured_media":8093,"comment_status":"open","ping_status":"closed","template":"","meta":{"_acf_changed":false},"product_brand":[],"product_cat":[324,323,494,333],"product_tag":[345,350,177,352],"class_list":{"0":"post-8087","1":"product","2":"type-product","3":"status-publish","4":"has-post-thumbnail","6":"product_cat-experts","7":"product_cat-jeux","8":"product_cat-jeux-de-societe","9":"product_cat-par-types","10":"product_tag-asie","11":"product_tag-bluff","12":"product_tag-cartes","13":"product_tag-fantastique","14":"product_shipping_class-livraisonstandard_colis","16":"first","17":"instock","18":"sale","19":"taxable","20":"shipping-taxable","21":"purchasable","22":"product-type-simple"},"acf":[],"yoast_head":"<!-- This site is optimized with the Yoast SEO plugin v25.3 - https:\/\/yoast.com\/wordpress\/plugins\/seo\/ -->\n<title>Acheter Overseers - GOZU ZONE - Jeux et Accessoires<\/title>\n<meta name=\"robots\" content=\"index, follow, max-snippet:-1, max-image-preview:large, max-video-preview:-1\" \/>\n<link rel=\"canonical\" href=\"https:\/\/gozu.zone\/?product=overseers\" \/>\n<meta property=\"og:locale\" content=\"fr_FR\" \/>\n<meta property=\"og:type\" content=\"article\" \/>\n<meta property=\"og:title\" content=\"Acheter Overseers - GOZU ZONE - Jeux et Accessoires\" \/>\n<meta property=\"og:description\" content=\"Overseers est un jeu de cartes pour 3 \u00e0 6 joueurs o\u00f9 le choix des cartes et le bluff sont de mise.   \u00c2ge : 14 ans et +  Dur\u00e9e : 30 min  Joueurs : 3 \u00e0 6\" \/>\n<meta property=\"og:url\" content=\"https:\/\/gozu.zone\/?product=overseers\" \/>\n<meta property=\"og:site_name\" content=\"GOZU ZONE\" \/>\n<meta property=\"article:publisher\" content=\"https:\/\/www.facebook.com\/gozuzone\/\" \/>\n<meta property=\"article:modified_time\" content=\"2018-08-18T08:43:24+00:00\" \/>\n<meta property=\"og:image\" content=\"https:\/\/gozu.zone\/wp-content\/uploads\/2018\/08\/Overseers.jpg\" \/>\n\t<meta property=\"og:image:width\" content=\"460\" \/>\n\t<meta property=\"og:image:height\" content=\"460\" \/>\n\t<meta property=\"og:image:type\" content=\"image\/jpeg\" \/>\n<meta name=\"twitter:card\" content=\"summary_large_image\" \/>\n<meta name=\"twitter:site\" content=\"@gozuzone\" \/>\n<meta name=\"twitter:label1\" content=\"Dur\u00e9e de lecture estim\u00e9e\" \/>\n\t<meta name=\"twitter:data1\" content=\"1 minute\" \/>\n<script type=\"application\/ld+json\" class=\"yoast-schema-graph\">{\"@context\":\"https:\/\/schema.org\",\"@graph\":[{\"@type\":\"WebPage\",\"@id\":\"https:\/\/gozu.zone\/?product=overseers\",\"url\":\"https:\/\/gozu.zone\/?product=overseers\",\"name\":\"Acheter Overseers - GOZU ZONE - Jeux et Accessoires\",\"isPartOf\":{\"@id\":\"https:\/\/gozu.zone\/#website\"},\"primaryImageOfPage\":{\"@id\":\"https:\/\/gozu.zone\/?product=overseers#primaryimage\"},\"image\":{\"@id\":\"https:\/\/gozu.zone\/?product=overseers#primaryimage\"},\"thumbnailUrl\":\"https:\/\/gozu.zone\/wp-content\/uploads\/2018\/08\/Overseers.jpg\",\"datePublished\":\"2018-08-18T08:30:34+00:00\",\"dateModified\":\"2018-08-18T08:43:24+00:00\",\"breadcrumb\":{\"@id\":\"https:\/\/gozu.zone\/?product=overseers#breadcrumb\"},\"inLanguage\":\"fr-FR\",\"potentialAction\":[{\"@type\":\"ReadAction\",\"target\":[\"https:\/\/gozu.zone\/?product=overseers\"]}]},{\"@type\":\"ImageObject\",\"inLanguage\":\"fr-FR\",\"@id\":\"https:\/\/gozu.zone\/?product=overseers#primaryimage\",\"url\":\"https:\/\/gozu.zone\/wp-content\/uploads\/2018\/08\/Overseers.jpg\",\"contentUrl\":\"https:\/\/gozu.zone\/wp-content\/uploads\/2018\/08\/Overseers.jpg\",\"width\":460,\"height\":460},{\"@type\":\"BreadcrumbList\",\"@id\":\"https:\/\/gozu.zone\/?product=overseers#breadcrumb\",\"itemListElement\":[{\"@type\":\"ListItem\",\"position\":1,\"name\":\"Accueil\",\"item\":\"https:\/\/gozu.zone\/\"},{\"@type\":\"ListItem\",\"position\":2,\"name\":\"BOUTIQUE\",\"item\":\"https:\/\/gozu.zone\/?page_id=308\"},{\"@type\":\"ListItem\",\"position\":3,\"name\":\"Overseers\"}]},{\"@type\":\"WebSite\",\"@id\":\"https:\/\/gozu.zone\/#website\",\"url\":\"https:\/\/gozu.zone\/\",\"name\":\"GOZU ZONE\",\"description\":\"Toujours plus pour vos jeux\",\"potentialAction\":[{\"@type\":\"SearchAction\",\"target\":{\"@type\":\"EntryPoint\",\"urlTemplate\":\"https:\/\/gozu.zone\/?s={search_term_string}\"},\"query-input\":{\"@type\":\"PropertyValueSpecification\",\"valueRequired\":true,\"valueName\":\"search_term_string\"}}],\"inLanguage\":\"fr-FR\"}]}<\/script>\n<!-- \/ Yoast SEO plugin. -->","yoast_head_json":{"title":"Acheter Overseers - GOZU ZONE - Jeux et Accessoires","robots":{"index":"index","follow":"follow","max-snippet":"max-snippet:-1","max-image-preview":"max-image-preview:large","max-video-preview":"max-video-preview:-1"},"canonical":"https:\/\/gozu.zone\/?product=overseers","og_locale":"fr_FR","og_type":"article","og_title":"Acheter Overseers - GOZU ZONE - Jeux et Accessoires","og_description":"Overseers est un jeu de cartes pour 3 \u00e0 6 joueurs o\u00f9 le choix des cartes et le bluff sont de mise.   \u00c2ge : 14 ans et +  Dur\u00e9e : 30 min  Joueurs : 3 \u00e0 6","og_url":"https:\/\/gozu.zone\/?product=overseers","og_site_name":"GOZU ZONE","article_publisher":"https:\/\/www.facebook.com\/gozuzone\/","article_modified_time":"2018-08-18T08:43:24+00:00","og_image":[{"width":460,"height":460,"url":"https:\/\/gozu.zone\/wp-content\/uploads\/2018\/08\/Overseers.jpg","type":"image\/jpeg"}],"twitter_card":"summary_large_image","twitter_site":"@gozuzone","twitter_misc":{"Dur\u00e9e de lecture estim\u00e9e":"1 minute"},"schema":{"@context":"https:\/\/schema.org","@graph":[{"@type":"WebPage","@id":"https:\/\/gozu.zone\/?product=overseers","url":"https:\/\/gozu.zone\/?product=overseers","name":"Acheter Overseers - GOZU ZONE - Jeux et Accessoires","isPartOf":{"@id":"https:\/\/gozu.zone\/#website"},"primaryImageOfPage":{"@id":"https:\/\/gozu.zone\/?product=overseers#primaryimage"},"image":{"@id":"https:\/\/gozu.zone\/?product=overseers#primaryimage"},"thumbnailUrl":"https:\/\/gozu.zone\/wp-content\/uploads\/2018\/08\/Overseers.jpg","datePublished":"2018-08-18T08:30:34+00:00","dateModified":"2018-08-18T08:43:24+00:00","breadcrumb":{"@id":"https:\/\/gozu.zone\/?product=overseers#breadcrumb"},"inLanguage":"fr-FR","potentialAction":[{"@type":"ReadAction","target":["https:\/\/gozu.zone\/?product=overseers"]}]},{"@type":"ImageObject","inLanguage":"fr-FR","@id":"https:\/\/gozu.zone\/?product=overseers#primaryimage","url":"https:\/\/gozu.zone\/wp-content\/uploads\/2018\/08\/Overseers.jpg","contentUrl":"https:\/\/gozu.zone\/wp-content\/uploads\/2018\/08\/Overseers.jpg","width":460,"height":460},{"@type":"BreadcrumbList","@id":"https:\/\/gozu.zone\/?product=overseers#breadcrumb","itemListElement":[{"@type":"ListItem","position":1,"name":"Accueil","item":"https:\/\/gozu.zone\/"},{"@type":"ListItem","position":2,"name":"BOUTIQUE","item":"https:\/\/gozu.zone\/?page_id=308"},{"@type":"ListItem","position":3,"name":"Overseers"}]},{"@type":"WebSite","@id":"https:\/\/gozu.zone\/#website","url":"https:\/\/gozu.zone\/","name":"GOZU ZONE","description":"Toujours plus pour vos jeux","potentialAction":[{"@type":"SearchAction","target":{"@type":"EntryPoint","urlTemplate":"https:\/\/gozu.zone\/?s={search_term_string}"},"query-input":{"@type":"PropertyValueSpecification","valueRequired":true,"valueName":"search_term_string"}}],"inLanguage":"fr-FR"}]}},"_links":{"self":[{"href":"https:\/\/gozu.zone\/index.php?rest_route=\/wp\/v2\/product\/8087","targetHints":{"allow":["GET"]}}],"collection":[{"href":"https:\/\/gozu.zone\/index.php?rest_route=\/wp\/v2\/product"}],"about":[{"href":"https:\/\/gozu.zone\/index.php?rest_route=\/wp\/v2\/types\/product"}],"replies":[{"embeddable":true,"href":"https:\/\/gozu.zone\/index.php?rest_route=%2Fwp%2Fv2%2Fcomments&post=8087"}],"wp:featuredmedia":[{"embeddable":true,"href":"https:\/\/gozu.zone\/index.php?rest_route=\/wp\/v2\/media\/8093"}],"wp:attachment":[{"href":"https:\/\/gozu.zone\/index.php?rest_route=%2Fwp%2Fv2%2Fmedia&parent=8087"}],"wp:term":[{"taxonomy":"product_brand","embeddable":true,"href":"https:\/\/gozu.zone\/index.php?rest_route=%2Fwp%2Fv2%2Fproduct_brand&post=8087"},{"taxonomy":"product_cat","embeddable":true,"href":"https:\/\/gozu.zone\/index.php?rest_route=%2Fwp%2Fv2%2Fproduct_cat&post=8087"},{"taxonomy":"product_tag","embeddable":true,"href":"https:\/\/gozu.zone\/index.php?rest_route=%2Fwp%2Fv2%2Fproduct_tag&post=8087"}],"curies":[{"name":"wp","href":"https:\/\/api.w.org\/{rel}","templated":true}]}}