{"id":8721,"date":"2018-11-22T08:25:09","date_gmt":"2018-11-22T08:25:09","guid":{"rendered":"https:\/\/gozu.zone\/?post_type=product&#038;p=8721"},"modified":"2021-03-24T10:55:46","modified_gmt":"2021-03-24T10:55:46","slug":"keyforge","status":"publish","type":"product","link":"https:\/\/gozu.zone\/?product=keyforge","title":{"rendered":"Keyforge"},"content":{"rendered":"<div>\n<p>Entrez dans un monde o\u00f9 tout est possible\u2026<\/p>\n<p>Dans ce jeu palpitant o\u00f9 aucun deck n\u2019est semblable \u00e0 un autre, deux joueurs s\u2019affrontent pour \u00eatre le premier \u00e0 forger les cl\u00e9s qui ouvriront les caveaux secrets du Creuset, ce monde artificiel construit \u00e0 partir d\u2019\u00e9l\u00e9ments venus d\u2019innombrables plan\u00e8tes et civilisations. Chaque deck est \u00e0 nul autre pareil et offre un incroyable \u00e9ventail de cr\u00e9atures, d\u2019art\u00e9facts et de capacit\u00e9s&nbsp;! Chaque bataille est unique&nbsp;!<\/p>\n<p>&nbsp;<\/p>\n<\/div>\n<h2>Aper\u00e7u du jeu Keyforge<\/h2>\n<p>&nbsp;<\/p>\n<p style=\"text-align: center\">par <a href=\"https:\/\/www.youtube.com\/watch?v=Z4897LSYMEU\" target=\"_blank\" rel=\"noopener\">Keyforgeur<\/a><\/p>\n","protected":false},"excerpt":{"rendered":"Plongez dans un monde semblable \u00e0 aucun autre. KeyForge : L'Appel des Archontes, la nouvelle cr\u00e9ation de Richard Garfield, l\u2019auteur de Magic, est un jeu unique tant par son univers singulier que par sa m\u00e9canique novatrice. Affrontez vos adversaires pour \u00eatre le premier \u00e0 forger les cl\u00e9s des caveaux secrets du Creuset.\n<ul>\n<li><b>\u00e2ge :<\/b> 14 ans et +<\/li>\n<li><b>dur\u00e9e :<\/b> 30 \u00e0 60 min<\/li>\n<li><b>nb joueurs:<\/b> 2<\/li>\n<\/ul>\n<p><span style=\"color: #ff0000;\"><b><\/b><\/span><\/p>\n","protected":false},"featured_media":8723,"comment_status":"open","ping_status":"closed","template":"","meta":{"_acf_changed":false},"product_brand":[],"product_cat":[324,323,494,333],"product_tag":[177,352,413,566],"class_list":{"0":"post-8721","1":"product","2":"type-product","3":"status-publish","4":"has-post-thumbnail","6":"product_cat-experts","7":"product_cat-jeux","8":"product_cat-jeux-de-societe","9":"product_cat-par-types","10":"product_tag-cartes","11":"product_tag-fantastique","12":"product_tag-pouvoirs","13":"product_tag-science-fiction","14":"product_shipping_class-livraisonstandard_colis","16":"first","17":"instock","18":"sale","19":"taxable","20":"shipping-taxable","21":"purchasable","22":"product-type-simple"},"acf":[],"yoast_head":"<!-- This site is optimized with the Yoast SEO plugin v25.3 - https:\/\/yoast.com\/wordpress\/plugins\/seo\/ -->\n<title>Acheter Keyforge - GOZU ZONE - Jeux et Accessoires<\/title>\n<meta name=\"robots\" content=\"index, follow, max-snippet:-1, max-image-preview:large, max-video-preview:-1\" \/>\n<link rel=\"canonical\" href=\"https:\/\/gozu.zone\/?product=keyforge\" \/>\n<meta property=\"og:locale\" content=\"fr_FR\" \/>\n<meta property=\"og:type\" content=\"article\" \/>\n<meta property=\"og:title\" content=\"Acheter Keyforge - GOZU ZONE - Jeux et Accessoires\" \/>\n<meta property=\"og:description\" content=\"\u00e2ge : dur\u00e9e : nb joueurs:\" \/>\n<meta property=\"og:url\" content=\"https:\/\/gozu.zone\/?product=keyforge\" \/>\n<meta property=\"og:site_name\" content=\"GOZU ZONE\" \/>\n<meta property=\"article:publisher\" content=\"https:\/\/www.facebook.com\/gozuzone\/\" \/>\n<meta property=\"article:modified_time\" content=\"2021-03-24T10:55:46+00:00\" \/>\n<meta property=\"og:image\" content=\"https:\/\/gozu.zone\/wp-content\/uploads\/2018\/11\/KF01FR.jpg\" \/>\n\t<meta property=\"og:image:width\" content=\"480\" \/>\n\t<meta property=\"og:image:height\" content=\"480\" \/>\n\t<meta property=\"og:image:type\" content=\"image\/jpeg\" \/>\n<meta name=\"twitter:card\" content=\"summary_large_image\" \/>\n<meta name=\"twitter:site\" content=\"@gozuzone\" \/>\n<script type=\"application\/ld+json\" class=\"yoast-schema-graph\">{\"@context\":\"https:\/\/schema.org\",\"@graph\":[{\"@type\":\"WebPage\",\"@id\":\"https:\/\/gozu.zone\/?product=keyforge\",\"url\":\"https:\/\/gozu.zone\/?product=keyforge\",\"name\":\"Acheter Keyforge - GOZU ZONE - Jeux et Accessoires\",\"isPartOf\":{\"@id\":\"https:\/\/gozu.zone\/#website\"},\"primaryImageOfPage\":{\"@id\":\"https:\/\/gozu.zone\/?product=keyforge#primaryimage\"},\"image\":{\"@id\":\"https:\/\/gozu.zone\/?product=keyforge#primaryimage\"},\"thumbnailUrl\":\"https:\/\/gozu.zone\/wp-content\/uploads\/2018\/11\/KF01FR.jpg\",\"datePublished\":\"2018-11-22T08:25:09+00:00\",\"dateModified\":\"2021-03-24T10:55:46+00:00\",\"breadcrumb\":{\"@id\":\"https:\/\/gozu.zone\/?product=keyforge#breadcrumb\"},\"inLanguage\":\"fr-FR\",\"potentialAction\":[{\"@type\":\"ReadAction\",\"target\":[\"https:\/\/gozu.zone\/?product=keyforge\"]}]},{\"@type\":\"ImageObject\",\"inLanguage\":\"fr-FR\",\"@id\":\"https:\/\/gozu.zone\/?product=keyforge#primaryimage\",\"url\":\"https:\/\/gozu.zone\/wp-content\/uploads\/2018\/11\/KF01FR.jpg\",\"contentUrl\":\"https:\/\/gozu.zone\/wp-content\/uploads\/2018\/11\/KF01FR.jpg\",\"width\":480,\"height\":480,\"caption\":\"Keyforge\"},{\"@type\":\"BreadcrumbList\",\"@id\":\"https:\/\/gozu.zone\/?product=keyforge#breadcrumb\",\"itemListElement\":[{\"@type\":\"ListItem\",\"position\":1,\"name\":\"Accueil\",\"item\":\"https:\/\/gozu.zone\/\"},{\"@type\":\"ListItem\",\"position\":2,\"name\":\"BOUTIQUE\",\"item\":\"https:\/\/gozu.zone\/?page_id=308\"},{\"@type\":\"ListItem\",\"position\":3,\"name\":\"Keyforge\"}]},{\"@type\":\"WebSite\",\"@id\":\"https:\/\/gozu.zone\/#website\",\"url\":\"https:\/\/gozu.zone\/\",\"name\":\"GOZU ZONE\",\"description\":\"Toujours plus pour vos jeux\",\"potentialAction\":[{\"@type\":\"SearchAction\",\"target\":{\"@type\":\"EntryPoint\",\"urlTemplate\":\"https:\/\/gozu.zone\/?s={search_term_string}\"},\"query-input\":{\"@type\":\"PropertyValueSpecification\",\"valueRequired\":true,\"valueName\":\"search_term_string\"}}],\"inLanguage\":\"fr-FR\"}]}<\/script>\n<!-- \/ Yoast SEO plugin. -->","yoast_head_json":{"title":"Acheter Keyforge - GOZU ZONE - Jeux et Accessoires","robots":{"index":"index","follow":"follow","max-snippet":"max-snippet:-1","max-image-preview":"max-image-preview:large","max-video-preview":"max-video-preview:-1"},"canonical":"https:\/\/gozu.zone\/?product=keyforge","og_locale":"fr_FR","og_type":"article","og_title":"Acheter Keyforge - GOZU ZONE - Jeux et Accessoires","og_description":"\u00e2ge : dur\u00e9e : nb joueurs:","og_url":"https:\/\/gozu.zone\/?product=keyforge","og_site_name":"GOZU ZONE","article_publisher":"https:\/\/www.facebook.com\/gozuzone\/","article_modified_time":"2021-03-24T10:55:46+00:00","og_image":[{"width":480,"height":480,"url":"https:\/\/gozu.zone\/wp-content\/uploads\/2018\/11\/KF01FR.jpg","type":"image\/jpeg"}],"twitter_card":"summary_large_image","twitter_site":"@gozuzone","schema":{"@context":"https:\/\/schema.org","@graph":[{"@type":"WebPage","@id":"https:\/\/gozu.zone\/?product=keyforge","url":"https:\/\/gozu.zone\/?product=keyforge","name":"Acheter Keyforge - GOZU ZONE - Jeux et Accessoires","isPartOf":{"@id":"https:\/\/gozu.zone\/#website"},"primaryImageOfPage":{"@id":"https:\/\/gozu.zone\/?product=keyforge#primaryimage"},"image":{"@id":"https:\/\/gozu.zone\/?product=keyforge#primaryimage"},"thumbnailUrl":"https:\/\/gozu.zone\/wp-content\/uploads\/2018\/11\/KF01FR.jpg","datePublished":"2018-11-22T08:25:09+00:00","dateModified":"2021-03-24T10:55:46+00:00","breadcrumb":{"@id":"https:\/\/gozu.zone\/?product=keyforge#breadcrumb"},"inLanguage":"fr-FR","potentialAction":[{"@type":"ReadAction","target":["https:\/\/gozu.zone\/?product=keyforge"]}]},{"@type":"ImageObject","inLanguage":"fr-FR","@id":"https:\/\/gozu.zone\/?product=keyforge#primaryimage","url":"https:\/\/gozu.zone\/wp-content\/uploads\/2018\/11\/KF01FR.jpg","contentUrl":"https:\/\/gozu.zone\/wp-content\/uploads\/2018\/11\/KF01FR.jpg","width":480,"height":480,"caption":"Keyforge"},{"@type":"BreadcrumbList","@id":"https:\/\/gozu.zone\/?product=keyforge#breadcrumb","itemListElement":[{"@type":"ListItem","position":1,"name":"Accueil","item":"https:\/\/gozu.zone\/"},{"@type":"ListItem","position":2,"name":"BOUTIQUE","item":"https:\/\/gozu.zone\/?page_id=308"},{"@type":"ListItem","position":3,"name":"Keyforge"}]},{"@type":"WebSite","@id":"https:\/\/gozu.zone\/#website","url":"https:\/\/gozu.zone\/","name":"GOZU ZONE","description":"Toujours plus pour vos jeux","potentialAction":[{"@type":"SearchAction","target":{"@type":"EntryPoint","urlTemplate":"https:\/\/gozu.zone\/?s={search_term_string}"},"query-input":{"@type":"PropertyValueSpecification","valueRequired":true,"valueName":"search_term_string"}}],"inLanguage":"fr-FR"}]}},"_links":{"self":[{"href":"https:\/\/gozu.zone\/index.php?rest_route=\/wp\/v2\/product\/8721","targetHints":{"allow":["GET"]}}],"collection":[{"href":"https:\/\/gozu.zone\/index.php?rest_route=\/wp\/v2\/product"}],"about":[{"href":"https:\/\/gozu.zone\/index.php?rest_route=\/wp\/v2\/types\/product"}],"replies":[{"embeddable":true,"href":"https:\/\/gozu.zone\/index.php?rest_route=%2Fwp%2Fv2%2Fcomments&post=8721"}],"wp:featuredmedia":[{"embeddable":true,"href":"https:\/\/gozu.zone\/index.php?rest_route=\/wp\/v2\/media\/8723"}],"wp:attachment":[{"href":"https:\/\/gozu.zone\/index.php?rest_route=%2Fwp%2Fv2%2Fmedia&parent=8721"}],"wp:term":[{"taxonomy":"product_brand","embeddable":true,"href":"https:\/\/gozu.zone\/index.php?rest_route=%2Fwp%2Fv2%2Fproduct_brand&post=8721"},{"taxonomy":"product_cat","embeddable":true,"href":"https:\/\/gozu.zone\/index.php?rest_route=%2Fwp%2Fv2%2Fproduct_cat&post=8721"},{"taxonomy":"product_tag","embeddable":true,"href":"https:\/\/gozu.zone\/index.php?rest_route=%2Fwp%2Fv2%2Fproduct_tag&post=8721"}],"curies":[{"name":"wp","href":"https:\/\/api.w.org\/{rel}","templated":true}]}}