{"id":8825,"date":"2018-12-12T19:59:59","date_gmt":"2018-12-12T19:59:59","guid":{"rendered":"https:\/\/gozu.zone\/?post_type=product&#038;p=8825"},"modified":"2025-03-26T09:02:51","modified_gmt":"2025-03-26T09:02:51","slug":"rangement-abyss-et-ses-extensions","status":"publish","type":"product","link":"https:\/\/gozu.zone\/?product=rangement-abyss-et-ses-extensions","title":{"rendered":"Rangement &#8211; Abyss et ses extensions \u2122"},"content":{"rendered":"<p>Vous avez achet\u00e9 <strong>Abyss et ses extensions\u00a0<\/strong>\u2122 (<em>kraken et l\u00e9viathan<\/em>), et vous aimeriez pouvoir ranger et trier efficacement le mat\u00e9riel de magnifique jeu ?<\/p>\n<p>Voici un kit sp\u00e9cialement con\u00e7u \u00e0 cet effet !<\/p>\n<p>&nbsp;<\/p>\n<h2>Contenu du kit :<\/h2>\n<ul>\n<li>4 distributeurs pour les cartes Tr\u00e9sors, Alli\u00e9s, Seigneurs et L\u00e9viathan ( compatible avant ou sans pochette ).<\/li>\n<li>2 modules pour les jetons et d\u00e9s.<\/li>\n<li>1 module pour les tuiles Monstres.<\/li>\n<li>2 modules pour les perles nacr\u00e9es\/noires qui viennent de chaque c\u00f4t\u00e9 des tuiles Lieux.<\/li>\n<li>2 supports pour maintenir le rangement avec le plateau.<br \/>\nde l&rsquo;espace pour accueillir les figurines dans leur thermoformage d&rsquo;origine et d&rsquo;\u00e9ventuelles extensions.<\/li>\n<\/ul>\n<p>&nbsp;<\/p>\n<p>&nbsp;<\/p>\n<p style=\"text-align: center;\"><iframe loading=\"lazy\" src=\"https:\/\/www.youtube.com\/embed\/6I5lN9crrmM\" width=\"560\" height=\"315\" frameborder=\"0\" allowfullscreen=\"allowfullscreen\"><\/iframe><\/p>\n<p>&nbsp;<\/p>\n<h2>Remarque :<\/h2>\n<ul>\n<li>Le rangement n&rsquo;engendre aucune sur-\u00e9paisseur de la boite.<\/li>\n<li>Il est possible de ranger la boite sur la tranche.<\/li>\n<li>Aucun pion ne s&rsquo;\u00e9chappe car le plateau vient bloquer les modules.<\/li>\n<\/ul>\n<p><span style=\"font-size: 90%;\"><em>* les pochettes utilis\u00e9es sont de la marque Arcane Tinmen. <\/em><em>Le rangement est compatible avec les pochettes\u00a0<strong>ffg<\/strong>\u00a0et <strong>ultrapro<\/strong> \u00e9galement.<\/em><\/span><\/p>\n<p>&nbsp;<\/p>\n<hr \/>\n<p>&nbsp;<\/p>\n<p class=\"disclaimer\"><span class=\"st\"><strong>Abyss\u00a0<\/strong>\u2122 <\/span> est un jeu \u00e9dit\u00e9 par<em> bombyx<\/em>. Gozu Zone propose de sa propre initiative des rangements compatibles avec ce jeu et ses extensions, qui demeurent la propri\u00e9t\u00e9 de l&rsquo;\u00e9diteur. Ce dernier n&rsquo;assume aucune responsabilit\u00e9 quant \u00e0 nos produits.<\/p>\n<p class=\"disclaimer\"><strong>Remarque<\/strong> : Ce rangement est propos\u00e9 en couleur\u00a0<strong>noire\u00a0<\/strong>par d\u00e9faut. Si vous souhaitez un coloris personnalis\u00e9, merci de contacter l&rsquo;\u00e9quipe via le chat en bas \u00e0 droite ! Nous nous ferons un plaisir d&rsquo;\u00e9tudier votre demande et nous vous r\u00e9pondrons\u00a0dans les plus brefs d\u00e9lais.<\/p>\n","protected":false},"excerpt":{"rendered":"<p>Pour ranger et trier\u00a0<strong>Abyss et ses extensions<\/strong> \u2122<\/p>\n","protected":false},"featured_media":15809,"comment_status":"open","ping_status":"closed","template":"","meta":{"_acf_changed":false},"product_brand":[],"product_cat":[758,311],"product_tag":[736,294,259,459],"class_list":{"0":"post-8825","1":"product","2":"type-product","3":"status-publish","4":"has-post-thumbnail","6":"product_cat-abyss","7":"product_cat-organiseurs","8":"product_tag-insert","9":"product_tag-organiseur","10":"product_tag-rangements","11":"product_tag-rangements-j2s","12":"product_shipping_class-livraisonstandard_colis","14":"first","15":"instock","16":"taxable","17":"shipping-taxable","18":"purchasable","19":"product-type-simple"},"acf":[],"yoast_head":"<!-- This site is optimized with the Yoast SEO plugin v25.3 - https:\/\/yoast.com\/wordpress\/plugins\/seo\/ -->\n<title>Acheter Rangement - Abyss et ses extensions \u2122 - GOZU ZONE - Jeux et Accessoires<\/title>\n<meta name=\"description\" content=\"Pour organiser Abyss avec ses extensions dans la boites de base et ainsi prot\u00e9ger votre jeu favoris et gagner du temps lors de l&#039;installation\" \/>\n<meta name=\"robots\" content=\"index, follow, max-snippet:-1, max-image-preview:large, max-video-preview:-1\" \/>\n<link rel=\"canonical\" href=\"https:\/\/gozu.zone\/?product=rangement-abyss-et-ses-extensions\" \/>\n<meta property=\"og:locale\" content=\"fr_FR\" \/>\n<meta property=\"og:type\" content=\"article\" \/>\n<meta property=\"og:title\" content=\"Acheter Rangement - Abyss et ses extensions \u2122 - GOZU ZONE - Jeux et Accessoires\" \/>\n<meta property=\"og:description\" content=\"Pour organiser Abyss avec ses extensions dans la boites de base et ainsi prot\u00e9ger votre jeu favoris et gagner du temps lors de l&#039;installation\" \/>\n<meta property=\"og:url\" content=\"https:\/\/gozu.zone\/?product=rangement-abyss-et-ses-extensions\" \/>\n<meta property=\"og:site_name\" content=\"GOZU ZONE\" \/>\n<meta property=\"article:publisher\" content=\"https:\/\/www.facebook.com\/gozuzone\/\" \/>\n<meta property=\"article:modified_time\" content=\"2025-03-26T09:02:51+00:00\" \/>\n<meta property=\"og:image\" content=\"https:\/\/gozu.zone\/wp-content\/uploads\/2018\/12\/Abyss_organizer-1.jpg\" \/>\n\t<meta property=\"og:image:width\" content=\"1200\" \/>\n\t<meta property=\"og:image:height\" content=\"1200\" \/>\n\t<meta property=\"og:image:type\" content=\"image\/jpeg\" \/>\n<meta name=\"twitter:card\" content=\"summary_large_image\" \/>\n<meta name=\"twitter:site\" content=\"@gozuzone\" \/>\n<meta name=\"twitter:label1\" content=\"Dur\u00e9e de lecture estim\u00e9e\" \/>\n\t<meta name=\"twitter:data1\" content=\"2 minutes\" \/>\n<script type=\"application\/ld+json\" class=\"yoast-schema-graph\">{\"@context\":\"https:\/\/schema.org\",\"@graph\":[{\"@type\":\"WebPage\",\"@id\":\"https:\/\/gozu.zone\/?product=rangement-abyss-et-ses-extensions\",\"url\":\"https:\/\/gozu.zone\/?product=rangement-abyss-et-ses-extensions\",\"name\":\"Acheter Rangement - Abyss et ses extensions \u2122 - GOZU ZONE - Jeux et Accessoires\",\"isPartOf\":{\"@id\":\"https:\/\/gozu.zone\/#website\"},\"primaryImageOfPage\":{\"@id\":\"https:\/\/gozu.zone\/?product=rangement-abyss-et-ses-extensions#primaryimage\"},\"image\":{\"@id\":\"https:\/\/gozu.zone\/?product=rangement-abyss-et-ses-extensions#primaryimage\"},\"thumbnailUrl\":\"https:\/\/gozu.zone\/wp-content\/uploads\/2018\/12\/Abyss_organizer-1.jpg\",\"datePublished\":\"2018-12-12T19:59:59+00:00\",\"dateModified\":\"2025-03-26T09:02:51+00:00\",\"description\":\"Pour organiser Abyss avec ses extensions dans la boites de base et ainsi prot\u00e9ger votre jeu favoris et gagner du temps lors de l'installation\",\"breadcrumb\":{\"@id\":\"https:\/\/gozu.zone\/?product=rangement-abyss-et-ses-extensions#breadcrumb\"},\"inLanguage\":\"fr-FR\",\"potentialAction\":[{\"@type\":\"ReadAction\",\"target\":[\"https:\/\/gozu.zone\/?product=rangement-abyss-et-ses-extensions\"]}]},{\"@type\":\"ImageObject\",\"inLanguage\":\"fr-FR\",\"@id\":\"https:\/\/gozu.zone\/?product=rangement-abyss-et-ses-extensions#primaryimage\",\"url\":\"https:\/\/gozu.zone\/wp-content\/uploads\/2018\/12\/Abyss_organizer-1.jpg\",\"contentUrl\":\"https:\/\/gozu.zone\/wp-content\/uploads\/2018\/12\/Abyss_organizer-1.jpg\",\"width\":1200,\"height\":1200},{\"@type\":\"BreadcrumbList\",\"@id\":\"https:\/\/gozu.zone\/?product=rangement-abyss-et-ses-extensions#breadcrumb\",\"itemListElement\":[{\"@type\":\"ListItem\",\"position\":1,\"name\":\"Accueil\",\"item\":\"https:\/\/gozu.zone\/\"},{\"@type\":\"ListItem\",\"position\":2,\"name\":\"BOUTIQUE\",\"item\":\"https:\/\/gozu.zone\/?page_id=308\"},{\"@type\":\"ListItem\",\"position\":3,\"name\":\"Rangement &#8211; Abyss et ses extensions \u2122\"}]},{\"@type\":\"WebSite\",\"@id\":\"https:\/\/gozu.zone\/#website\",\"url\":\"https:\/\/gozu.zone\/\",\"name\":\"GOZU ZONE\",\"description\":\"Toujours plus pour vos jeux\",\"potentialAction\":[{\"@type\":\"SearchAction\",\"target\":{\"@type\":\"EntryPoint\",\"urlTemplate\":\"https:\/\/gozu.zone\/?s={search_term_string}\"},\"query-input\":{\"@type\":\"PropertyValueSpecification\",\"valueRequired\":true,\"valueName\":\"search_term_string\"}}],\"inLanguage\":\"fr-FR\"}]}<\/script>\n<!-- \/ Yoast SEO plugin. -->","yoast_head_json":{"title":"Acheter Rangement - Abyss et ses extensions \u2122 - GOZU ZONE - Jeux et Accessoires","description":"Pour organiser Abyss avec ses extensions dans la boites de base et ainsi prot\u00e9ger votre jeu favoris et gagner du temps lors de l'installation","robots":{"index":"index","follow":"follow","max-snippet":"max-snippet:-1","max-image-preview":"max-image-preview:large","max-video-preview":"max-video-preview:-1"},"canonical":"https:\/\/gozu.zone\/?product=rangement-abyss-et-ses-extensions","og_locale":"fr_FR","og_type":"article","og_title":"Acheter Rangement - Abyss et ses extensions \u2122 - GOZU ZONE - Jeux et Accessoires","og_description":"Pour organiser Abyss avec ses extensions dans la boites de base et ainsi prot\u00e9ger votre jeu favoris et gagner du temps lors de l'installation","og_url":"https:\/\/gozu.zone\/?product=rangement-abyss-et-ses-extensions","og_site_name":"GOZU ZONE","article_publisher":"https:\/\/www.facebook.com\/gozuzone\/","article_modified_time":"2025-03-26T09:02:51+00:00","og_image":[{"width":1200,"height":1200,"url":"https:\/\/gozu.zone\/wp-content\/uploads\/2018\/12\/Abyss_organizer-1.jpg","type":"image\/jpeg"}],"twitter_card":"summary_large_image","twitter_site":"@gozuzone","twitter_misc":{"Dur\u00e9e de lecture estim\u00e9e":"2 minutes"},"schema":{"@context":"https:\/\/schema.org","@graph":[{"@type":"WebPage","@id":"https:\/\/gozu.zone\/?product=rangement-abyss-et-ses-extensions","url":"https:\/\/gozu.zone\/?product=rangement-abyss-et-ses-extensions","name":"Acheter Rangement - Abyss et ses extensions \u2122 - GOZU ZONE - Jeux et Accessoires","isPartOf":{"@id":"https:\/\/gozu.zone\/#website"},"primaryImageOfPage":{"@id":"https:\/\/gozu.zone\/?product=rangement-abyss-et-ses-extensions#primaryimage"},"image":{"@id":"https:\/\/gozu.zone\/?product=rangement-abyss-et-ses-extensions#primaryimage"},"thumbnailUrl":"https:\/\/gozu.zone\/wp-content\/uploads\/2018\/12\/Abyss_organizer-1.jpg","datePublished":"2018-12-12T19:59:59+00:00","dateModified":"2025-03-26T09:02:51+00:00","description":"Pour organiser Abyss avec ses extensions dans la boites de base et ainsi prot\u00e9ger votre jeu favoris et gagner du temps lors de l'installation","breadcrumb":{"@id":"https:\/\/gozu.zone\/?product=rangement-abyss-et-ses-extensions#breadcrumb"},"inLanguage":"fr-FR","potentialAction":[{"@type":"ReadAction","target":["https:\/\/gozu.zone\/?product=rangement-abyss-et-ses-extensions"]}]},{"@type":"ImageObject","inLanguage":"fr-FR","@id":"https:\/\/gozu.zone\/?product=rangement-abyss-et-ses-extensions#primaryimage","url":"https:\/\/gozu.zone\/wp-content\/uploads\/2018\/12\/Abyss_organizer-1.jpg","contentUrl":"https:\/\/gozu.zone\/wp-content\/uploads\/2018\/12\/Abyss_organizer-1.jpg","width":1200,"height":1200},{"@type":"BreadcrumbList","@id":"https:\/\/gozu.zone\/?product=rangement-abyss-et-ses-extensions#breadcrumb","itemListElement":[{"@type":"ListItem","position":1,"name":"Accueil","item":"https:\/\/gozu.zone\/"},{"@type":"ListItem","position":2,"name":"BOUTIQUE","item":"https:\/\/gozu.zone\/?page_id=308"},{"@type":"ListItem","position":3,"name":"Rangement &#8211; Abyss et ses extensions \u2122"}]},{"@type":"WebSite","@id":"https:\/\/gozu.zone\/#website","url":"https:\/\/gozu.zone\/","name":"GOZU ZONE","description":"Toujours plus pour vos jeux","potentialAction":[{"@type":"SearchAction","target":{"@type":"EntryPoint","urlTemplate":"https:\/\/gozu.zone\/?s={search_term_string}"},"query-input":{"@type":"PropertyValueSpecification","valueRequired":true,"valueName":"search_term_string"}}],"inLanguage":"fr-FR"}]}},"_links":{"self":[{"href":"https:\/\/gozu.zone\/index.php?rest_route=\/wp\/v2\/product\/8825","targetHints":{"allow":["GET"]}}],"collection":[{"href":"https:\/\/gozu.zone\/index.php?rest_route=\/wp\/v2\/product"}],"about":[{"href":"https:\/\/gozu.zone\/index.php?rest_route=\/wp\/v2\/types\/product"}],"replies":[{"embeddable":true,"href":"https:\/\/gozu.zone\/index.php?rest_route=%2Fwp%2Fv2%2Fcomments&post=8825"}],"wp:featuredmedia":[{"embeddable":true,"href":"https:\/\/gozu.zone\/index.php?rest_route=\/wp\/v2\/media\/15809"}],"wp:attachment":[{"href":"https:\/\/gozu.zone\/index.php?rest_route=%2Fwp%2Fv2%2Fmedia&parent=8825"}],"wp:term":[{"taxonomy":"product_brand","embeddable":true,"href":"https:\/\/gozu.zone\/index.php?rest_route=%2Fwp%2Fv2%2Fproduct_brand&post=8825"},{"taxonomy":"product_cat","embeddable":true,"href":"https:\/\/gozu.zone\/index.php?rest_route=%2Fwp%2Fv2%2Fproduct_cat&post=8825"},{"taxonomy":"product_tag","embeddable":true,"href":"https:\/\/gozu.zone\/index.php?rest_route=%2Fwp%2Fv2%2Fproduct_tag&post=8825"}],"curies":[{"name":"wp","href":"https:\/\/api.w.org\/{rel}","templated":true}]}}