{"id":9098,"date":"2019-02-16T13:48:34","date_gmt":"2019-02-16T13:48:34","guid":{"rendered":"https:\/\/gozu.zone\/?post_type=product&#038;p=9098"},"modified":"2019-05-30T18:20:22","modified_gmt":"2019-05-30T18:20:22","slug":"western-legends","status":"publish","type":"product","link":"https:\/\/gozu.zone\/?product=western-legends","title":{"rendered":"Western Legends"},"content":{"rendered":"\n<p>\n\nWyatt Earp, Buffalo Bill ou Jesse James, si ces noms vous font r\u00eaver, alors ce jeu est fait pour vous !<br>Prenez en mains le destin d\u2019une de ces figures incontournables et d\u00e9cidez de la fa\u00e7on dont il \u00e9crira sa l\u00e9gende !&nbsp;<br>Deviendra-t-il Marshall ? C\u00e9dera-t-il aux sir\u00e8nes de la criminalit\u00e9 devenant un desperado et la proie des autres et du Sh\u00e9rif ?&nbsp;<br>Sera-t-il&nbsp; un&nbsp; joueur de poker ? Un&nbsp; prospecteur ? Un marchand de b\u00e9tail ? Un peu de tout cela ?&nbsp;<\/p>\n\n\n\n<p>En tous cas, il vous faudra plus d\u2019une partie pour tester une premi\u00e8re fois tout le contenu du jeu !<\/p>\n\n\n\n<p>Le jeu offre une immense libert\u00e9 au joueur, soutenue par un magnifique mat\u00e9riel incluant des figurines, des cartes de poker qui servent les diff\u00e9rentes actions du jeu, des p\u00e9pites, un pr\u00e9sentoir du General Store plus vrai que nature et plus encore !<\/p>\n\n\n\n<p>Survivrez-vous&nbsp; \u00e0&nbsp; l\u2019Ouest&nbsp; Sauvage ?\n\n<\/p>\n\n\n\n<h3 class=\"wp-block-heading\">Contenu de Western Legends<\/h3>\n\n\n\n<ul class=\"wp-block-list\"><li>1 plateau de jeu<\/li><li>6 plateaux individuels<\/li><li>284 cartes (12 personnages, 48 objectifs, 13 armes , 52 de Poker, 40 histoires, 54 monnaies, 54 objets, 11 hommes en noir)<\/li><li>1 repose-cartes en 3D<\/li><li>36 p\u00e9pites d\u2019or<\/li><li>2 d\u00e9s<\/li><li>37 jetons<\/li><li>24 cubes en bois<\/li><li>13 figurines (6 cowboys avec leur socle, 6 bandits, 1 sh\u00e9riff)<\/li><li>2 aides de jeu<\/li><li>1 livret de r\u00e8gle<\/li><\/ul>\n","protected":false},"excerpt":{"rendered":"Western Legends est une aventure pour 2 \u00e0 6 joueurs dans le Far West am\u00e9ricain.\n<ul>\n<li><b>\u00e2ge :<\/b> 14 ans et +<\/li>\n<li><b>dur\u00e9e :<\/b> 90 min<\/li>\n<li><b>nb joueurs:<\/b> 2 \u00e0 6<\/li>\n<\/ul>\n<p><span style=\"color: #ff0000;\"><b><\/b><\/span><\/p>\n","protected":false},"featured_media":9122,"comment_status":"open","ping_status":"closed","template":"","meta":{"_acf_changed":false},"product_brand":[],"product_cat":[324,323],"product_tag":[720,686,413,412,387],"class_list":{"0":"post-9098","1":"product","2":"type-product","3":"status-publish","4":"has-post-thumbnail","6":"product_cat-experts","7":"product_cat-jeux","8":"product_tag-paris","9":"product_tag-points-daction","10":"product_tag-pouvoirs","11":"product_tag-risque","12":"product_tag-western","13":"product_shipping_class-livraisonstandard_colis","15":"first","16":"instock","17":"sale","18":"taxable","19":"shipping-taxable","20":"purchasable","21":"product-type-simple"},"acf":[],"yoast_head":"<!-- This site is optimized with the Yoast SEO plugin v25.3 - https:\/\/yoast.com\/wordpress\/plugins\/seo\/ -->\n<title>Acheter Western Legends - GOZU ZONE - Jeux et Accessoires<\/title>\n<meta name=\"robots\" content=\"index, follow, max-snippet:-1, max-image-preview:large, max-video-preview:-1\" \/>\n<link rel=\"canonical\" href=\"https:\/\/gozu.zone\/?product=western-legends\" \/>\n<meta property=\"og:locale\" content=\"fr_FR\" \/>\n<meta property=\"og:type\" content=\"article\" \/>\n<meta property=\"og:title\" content=\"Acheter Western Legends - GOZU ZONE - Jeux et Accessoires\" \/>\n<meta property=\"og:description\" content=\"\u00e2ge : dur\u00e9e : nb joueurs:\" \/>\n<meta property=\"og:url\" content=\"https:\/\/gozu.zone\/?product=western-legends\" \/>\n<meta property=\"og:site_name\" content=\"GOZU ZONE\" \/>\n<meta property=\"article:publisher\" content=\"https:\/\/www.facebook.com\/gozuzone\/\" \/>\n<meta property=\"article:modified_time\" content=\"2019-05-30T18:20:22+00:00\" \/>\n<meta property=\"og:image\" content=\"https:\/\/gozu.zone\/wp-content\/uploads\/2019\/02\/western-legends.jpg\" \/>\n\t<meta property=\"og:image:width\" content=\"640\" \/>\n\t<meta property=\"og:image:height\" content=\"640\" \/>\n\t<meta property=\"og:image:type\" content=\"image\/jpeg\" \/>\n<meta name=\"twitter:card\" content=\"summary_large_image\" \/>\n<meta name=\"twitter:site\" content=\"@gozuzone\" \/>\n<meta name=\"twitter:label1\" content=\"Dur\u00e9e de lecture estim\u00e9e\" \/>\n\t<meta name=\"twitter:data1\" content=\"1 minute\" \/>\n<script type=\"application\/ld+json\" class=\"yoast-schema-graph\">{\"@context\":\"https:\/\/schema.org\",\"@graph\":[{\"@type\":\"WebPage\",\"@id\":\"https:\/\/gozu.zone\/?product=western-legends\",\"url\":\"https:\/\/gozu.zone\/?product=western-legends\",\"name\":\"Acheter Western Legends - GOZU ZONE - Jeux et Accessoires\",\"isPartOf\":{\"@id\":\"https:\/\/gozu.zone\/#website\"},\"primaryImageOfPage\":{\"@id\":\"https:\/\/gozu.zone\/?product=western-legends#primaryimage\"},\"image\":{\"@id\":\"https:\/\/gozu.zone\/?product=western-legends#primaryimage\"},\"thumbnailUrl\":\"https:\/\/gozu.zone\/wp-content\/uploads\/2019\/02\/western-legends.jpg\",\"datePublished\":\"2019-02-16T13:48:34+00:00\",\"dateModified\":\"2019-05-30T18:20:22+00:00\",\"breadcrumb\":{\"@id\":\"https:\/\/gozu.zone\/?product=western-legends#breadcrumb\"},\"inLanguage\":\"fr-FR\",\"potentialAction\":[{\"@type\":\"ReadAction\",\"target\":[\"https:\/\/gozu.zone\/?product=western-legends\"]}]},{\"@type\":\"ImageObject\",\"inLanguage\":\"fr-FR\",\"@id\":\"https:\/\/gozu.zone\/?product=western-legends#primaryimage\",\"url\":\"https:\/\/gozu.zone\/wp-content\/uploads\/2019\/02\/western-legends.jpg\",\"contentUrl\":\"https:\/\/gozu.zone\/wp-content\/uploads\/2019\/02\/western-legends.jpg\",\"width\":640,\"height\":640},{\"@type\":\"BreadcrumbList\",\"@id\":\"https:\/\/gozu.zone\/?product=western-legends#breadcrumb\",\"itemListElement\":[{\"@type\":\"ListItem\",\"position\":1,\"name\":\"Accueil\",\"item\":\"https:\/\/gozu.zone\/\"},{\"@type\":\"ListItem\",\"position\":2,\"name\":\"BOUTIQUE\",\"item\":\"https:\/\/gozu.zone\/?page_id=308\"},{\"@type\":\"ListItem\",\"position\":3,\"name\":\"Western Legends\"}]},{\"@type\":\"WebSite\",\"@id\":\"https:\/\/gozu.zone\/#website\",\"url\":\"https:\/\/gozu.zone\/\",\"name\":\"GOZU ZONE\",\"description\":\"Toujours plus pour vos jeux\",\"potentialAction\":[{\"@type\":\"SearchAction\",\"target\":{\"@type\":\"EntryPoint\",\"urlTemplate\":\"https:\/\/gozu.zone\/?s={search_term_string}\"},\"query-input\":{\"@type\":\"PropertyValueSpecification\",\"valueRequired\":true,\"valueName\":\"search_term_string\"}}],\"inLanguage\":\"fr-FR\"}]}<\/script>\n<!-- \/ Yoast SEO plugin. -->","yoast_head_json":{"title":"Acheter Western Legends - GOZU ZONE - Jeux et Accessoires","robots":{"index":"index","follow":"follow","max-snippet":"max-snippet:-1","max-image-preview":"max-image-preview:large","max-video-preview":"max-video-preview:-1"},"canonical":"https:\/\/gozu.zone\/?product=western-legends","og_locale":"fr_FR","og_type":"article","og_title":"Acheter Western Legends - GOZU ZONE - Jeux et Accessoires","og_description":"\u00e2ge : dur\u00e9e : nb joueurs:","og_url":"https:\/\/gozu.zone\/?product=western-legends","og_site_name":"GOZU ZONE","article_publisher":"https:\/\/www.facebook.com\/gozuzone\/","article_modified_time":"2019-05-30T18:20:22+00:00","og_image":[{"width":640,"height":640,"url":"https:\/\/gozu.zone\/wp-content\/uploads\/2019\/02\/western-legends.jpg","type":"image\/jpeg"}],"twitter_card":"summary_large_image","twitter_site":"@gozuzone","twitter_misc":{"Dur\u00e9e de lecture estim\u00e9e":"1 minute"},"schema":{"@context":"https:\/\/schema.org","@graph":[{"@type":"WebPage","@id":"https:\/\/gozu.zone\/?product=western-legends","url":"https:\/\/gozu.zone\/?product=western-legends","name":"Acheter Western Legends - GOZU ZONE - Jeux et Accessoires","isPartOf":{"@id":"https:\/\/gozu.zone\/#website"},"primaryImageOfPage":{"@id":"https:\/\/gozu.zone\/?product=western-legends#primaryimage"},"image":{"@id":"https:\/\/gozu.zone\/?product=western-legends#primaryimage"},"thumbnailUrl":"https:\/\/gozu.zone\/wp-content\/uploads\/2019\/02\/western-legends.jpg","datePublished":"2019-02-16T13:48:34+00:00","dateModified":"2019-05-30T18:20:22+00:00","breadcrumb":{"@id":"https:\/\/gozu.zone\/?product=western-legends#breadcrumb"},"inLanguage":"fr-FR","potentialAction":[{"@type":"ReadAction","target":["https:\/\/gozu.zone\/?product=western-legends"]}]},{"@type":"ImageObject","inLanguage":"fr-FR","@id":"https:\/\/gozu.zone\/?product=western-legends#primaryimage","url":"https:\/\/gozu.zone\/wp-content\/uploads\/2019\/02\/western-legends.jpg","contentUrl":"https:\/\/gozu.zone\/wp-content\/uploads\/2019\/02\/western-legends.jpg","width":640,"height":640},{"@type":"BreadcrumbList","@id":"https:\/\/gozu.zone\/?product=western-legends#breadcrumb","itemListElement":[{"@type":"ListItem","position":1,"name":"Accueil","item":"https:\/\/gozu.zone\/"},{"@type":"ListItem","position":2,"name":"BOUTIQUE","item":"https:\/\/gozu.zone\/?page_id=308"},{"@type":"ListItem","position":3,"name":"Western Legends"}]},{"@type":"WebSite","@id":"https:\/\/gozu.zone\/#website","url":"https:\/\/gozu.zone\/","name":"GOZU ZONE","description":"Toujours plus pour vos jeux","potentialAction":[{"@type":"SearchAction","target":{"@type":"EntryPoint","urlTemplate":"https:\/\/gozu.zone\/?s={search_term_string}"},"query-input":{"@type":"PropertyValueSpecification","valueRequired":true,"valueName":"search_term_string"}}],"inLanguage":"fr-FR"}]}},"_links":{"self":[{"href":"https:\/\/gozu.zone\/index.php?rest_route=\/wp\/v2\/product\/9098","targetHints":{"allow":["GET"]}}],"collection":[{"href":"https:\/\/gozu.zone\/index.php?rest_route=\/wp\/v2\/product"}],"about":[{"href":"https:\/\/gozu.zone\/index.php?rest_route=\/wp\/v2\/types\/product"}],"replies":[{"embeddable":true,"href":"https:\/\/gozu.zone\/index.php?rest_route=%2Fwp%2Fv2%2Fcomments&post=9098"}],"wp:featuredmedia":[{"embeddable":true,"href":"https:\/\/gozu.zone\/index.php?rest_route=\/wp\/v2\/media\/9122"}],"wp:attachment":[{"href":"https:\/\/gozu.zone\/index.php?rest_route=%2Fwp%2Fv2%2Fmedia&parent=9098"}],"wp:term":[{"taxonomy":"product_brand","embeddable":true,"href":"https:\/\/gozu.zone\/index.php?rest_route=%2Fwp%2Fv2%2Fproduct_brand&post=9098"},{"taxonomy":"product_cat","embeddable":true,"href":"https:\/\/gozu.zone\/index.php?rest_route=%2Fwp%2Fv2%2Fproduct_cat&post=9098"},{"taxonomy":"product_tag","embeddable":true,"href":"https:\/\/gozu.zone\/index.php?rest_route=%2Fwp%2Fv2%2Fproduct_tag&post=9098"}],"curies":[{"name":"wp","href":"https:\/\/api.w.org\/{rel}","templated":true}]}}