{"id":9146,"date":"2019-02-17T17:50:57","date_gmt":"2019-02-17T17:50:57","guid":{"rendered":"https:\/\/gozu.zone\/?post_type=product&#038;p=9146"},"modified":"2024-05-14T16:45:23","modified_gmt":"2024-05-14T16:45:23","slug":"lile-au-tresor","status":"publish","type":"product","link":"https:\/\/gozu.zone\/?product=lile-au-tresor","title":{"rendered":"L&rsquo;Ile au Tr\u00e9sor"},"content":{"rendered":"\r\n<p>L&rsquo;\u00e9quipage de Long John Silver s&rsquo;est mutin\u00e9 et a accul\u00e9 et attach\u00e9 ce dernier ! Tour apr\u00e8s tour, ils l&rsquo;interrogent sur l&#8217;emplacement de son tr\u00e9sor et explorent l&rsquo;\u00eele en suivant ses indications, ou peut-\u00eatre ses mensonges ?Qui peut le dire&#8230; Car le vieux loup de mer a plus d&rsquo;un tour dans son sac et est en train de pr\u00e9parer sa fuite, avant bien s\u00fbr de r\u00e9cup\u00e9rer lui-m\u00eame son pr\u00e9cieux p\u00e9cule !L&rsquo;\u00cele au Tr\u00e9sor est un jeu de bluff et d&rsquo;aventures dans lequel un joueur incarne Long John, essayant de duper les autres et de les envoyer sur de fausses pistes&#8230;La chasse atteindra son paroxysme avec l&rsquo;\u00e9vasion de Long John, alors qu&rsquo;il tentera de garder son butin !<\/p>\r\n\r\n\r\n\r\n<p>Mais les autres pirates n&rsquo;ont pas l&rsquo;intention de le laisser faire&#8230; Chacun pour soi, et tous contre John !<\/p>\r\n\r\n\r\n\r\n<h2 class=\"wp-block-heading\">Aper\u00e7u de l&rsquo;Ile au Tr\u00e9sor<\/h2>\r\n\r\n\r\n\r\n<figure class=\"wp-block-embed-youtube wp-block-embed is-type-video is-provider-youtube wp-embed-aspect-16-9 wp-has-aspect-ratio\">\r\n<div class=\"wp-block-embed__wrapper\">https:\/\/youtu.be\/d8N2Gw3cOSQ<\/div>\r\n<\/figure>\r\n\r\n\r\n\r\n<h2 class=\"wp-block-heading\">Contenu de l&rsquo;Ile au Tr\u00e9sor<\/h2>\r\n\r\n\r\n\r\n<ul class=\"wp-block-list\">\r\n<li>1 Plateau de jeu<\/li>\r\n<li>1 Plateau Calendrier<\/li>\r\n<li>1 Piste Indice<\/li>\r\n<li>5 Mini cartes<\/li>\r\n<li>5 Paravents<\/li>\r\n<li>5 Figurines de pirates<\/li>\r\n<li>5 Feutres de couleurs<\/li>\r\n<li>5 Plateaux Action sp\u00e9ciales<\/li>\r\n<li>5 Pions Ordre du tour<\/li>\r\n<li>19 Cartes Indice<\/li>\r\n<li>11 Cartes Quartier<\/li>\r\n<li>8 Cartes Boussole<\/li>\r\n<li>6 Tuiles Bluff<\/li>\r\n<li>1 R\u00e8gle de d\u00e9placement<\/li>\r\n<li>1 Boussole<\/li>\r\n<li>1 Sextant<\/li>\r\n<li>2 Gabarit de recherche<\/li>\r\n<li>2 Livret de r\u00e8gles<\/li>\r\n<\/ul>\r\n","protected":false},"excerpt":{"rendered":"Percez le secret de Long John Silver, d\u00e9cryptez ses indices et localisez son tr\u00e9sor !\n<ul>\n<li><b>\u00e2ge :<\/b> 10 ans et +<\/li>\n<li><b>dur\u00e9e :<\/b> 60 min<\/li>\n<li><b>nb joueurs:<\/b> 2 \u00e0 5 <\/li>\n<\/ul>\n<p><span style=\"color: #ff0000;\"><b><\/b><\/span><\/p>\n","protected":false},"featured_media":9163,"comment_status":"open","ping_status":"closed","template":"","meta":{"_acf_changed":false},"product_brand":[],"product_cat":[323,361],"product_tag":[433,413],"class_list":{"0":"post-9146","1":"product","2":"type-product","3":"status-publish","4":"has-post-thumbnail","6":"product_cat-jeux","7":"product_cat-familiaux","8":"product_tag-pirates","9":"product_tag-pouvoirs","10":"product_shipping_class-livraisonstandard_colis","12":"first","13":"instock","14":"sale","15":"taxable","16":"shipping-taxable","17":"purchasable","18":"product-type-simple"},"acf":[],"yoast_head":"<!-- This site is optimized with the Yoast SEO plugin v25.3 - https:\/\/yoast.com\/wordpress\/plugins\/seo\/ -->\n<title>Acheter L&#039;Ile au Tr\u00e9sor - GOZU ZONE - Jeux et Accessoires<\/title>\n<meta name=\"robots\" content=\"index, follow, max-snippet:-1, max-image-preview:large, max-video-preview:-1\" \/>\n<link rel=\"canonical\" href=\"https:\/\/gozu.zone\/?product=lile-au-tresor\" \/>\n<meta property=\"og:locale\" content=\"fr_FR\" \/>\n<meta property=\"og:type\" content=\"article\" \/>\n<meta property=\"og:title\" content=\"Acheter L&#039;Ile au Tr\u00e9sor - GOZU ZONE - Jeux et Accessoires\" \/>\n<meta property=\"og:description\" content=\"\u00e2ge :  dur\u00e9e :  nb joueurs:\" \/>\n<meta property=\"og:url\" content=\"https:\/\/gozu.zone\/?product=lile-au-tresor\" \/>\n<meta property=\"og:site_name\" content=\"GOZU ZONE\" \/>\n<meta property=\"article:publisher\" content=\"https:\/\/www.facebook.com\/gozuzone\/\" \/>\n<meta property=\"article:modified_time\" content=\"2024-05-14T16:45:23+00:00\" \/>\n<meta property=\"og:image\" content=\"https:\/\/gozu.zone\/wp-content\/uploads\/2019\/02\/l-ile-au-tresor-gozu.jpg\" \/>\n\t<meta property=\"og:image:width\" content=\"640\" \/>\n\t<meta property=\"og:image:height\" content=\"640\" \/>\n\t<meta property=\"og:image:type\" content=\"image\/jpeg\" \/>\n<meta name=\"twitter:card\" content=\"summary_large_image\" \/>\n<meta name=\"twitter:site\" content=\"@gozuzone\" \/>\n<meta name=\"twitter:label1\" content=\"Dur\u00e9e de lecture estim\u00e9e\" \/>\n\t<meta name=\"twitter:data1\" content=\"1 minute\" \/>\n<script type=\"application\/ld+json\" class=\"yoast-schema-graph\">{\"@context\":\"https:\/\/schema.org\",\"@graph\":[{\"@type\":\"WebPage\",\"@id\":\"https:\/\/gozu.zone\/?product=lile-au-tresor\",\"url\":\"https:\/\/gozu.zone\/?product=lile-au-tresor\",\"name\":\"Acheter L'Ile au Tr\u00e9sor - GOZU ZONE - Jeux et Accessoires\",\"isPartOf\":{\"@id\":\"https:\/\/gozu.zone\/#website\"},\"primaryImageOfPage\":{\"@id\":\"https:\/\/gozu.zone\/?product=lile-au-tresor#primaryimage\"},\"image\":{\"@id\":\"https:\/\/gozu.zone\/?product=lile-au-tresor#primaryimage\"},\"thumbnailUrl\":\"https:\/\/gozu.zone\/wp-content\/uploads\/2019\/02\/l-ile-au-tresor-gozu.jpg\",\"datePublished\":\"2019-02-17T17:50:57+00:00\",\"dateModified\":\"2024-05-14T16:45:23+00:00\",\"breadcrumb\":{\"@id\":\"https:\/\/gozu.zone\/?product=lile-au-tresor#breadcrumb\"},\"inLanguage\":\"fr-FR\",\"potentialAction\":[{\"@type\":\"ReadAction\",\"target\":[\"https:\/\/gozu.zone\/?product=lile-au-tresor\"]}]},{\"@type\":\"ImageObject\",\"inLanguage\":\"fr-FR\",\"@id\":\"https:\/\/gozu.zone\/?product=lile-au-tresor#primaryimage\",\"url\":\"https:\/\/gozu.zone\/wp-content\/uploads\/2019\/02\/l-ile-au-tresor-gozu.jpg\",\"contentUrl\":\"https:\/\/gozu.zone\/wp-content\/uploads\/2019\/02\/l-ile-au-tresor-gozu.jpg\",\"width\":640,\"height\":640},{\"@type\":\"BreadcrumbList\",\"@id\":\"https:\/\/gozu.zone\/?product=lile-au-tresor#breadcrumb\",\"itemListElement\":[{\"@type\":\"ListItem\",\"position\":1,\"name\":\"Accueil\",\"item\":\"https:\/\/gozu.zone\/\"},{\"@type\":\"ListItem\",\"position\":2,\"name\":\"BOUTIQUE\",\"item\":\"https:\/\/gozu.zone\/?page_id=308\"},{\"@type\":\"ListItem\",\"position\":3,\"name\":\"L&rsquo;Ile au Tr\u00e9sor\"}]},{\"@type\":\"WebSite\",\"@id\":\"https:\/\/gozu.zone\/#website\",\"url\":\"https:\/\/gozu.zone\/\",\"name\":\"GOZU ZONE\",\"description\":\"Toujours plus pour vos jeux\",\"potentialAction\":[{\"@type\":\"SearchAction\",\"target\":{\"@type\":\"EntryPoint\",\"urlTemplate\":\"https:\/\/gozu.zone\/?s={search_term_string}\"},\"query-input\":{\"@type\":\"PropertyValueSpecification\",\"valueRequired\":true,\"valueName\":\"search_term_string\"}}],\"inLanguage\":\"fr-FR\"}]}<\/script>\n<!-- \/ Yoast SEO plugin. -->","yoast_head_json":{"title":"Acheter L'Ile au Tr\u00e9sor - GOZU ZONE - Jeux et Accessoires","robots":{"index":"index","follow":"follow","max-snippet":"max-snippet:-1","max-image-preview":"max-image-preview:large","max-video-preview":"max-video-preview:-1"},"canonical":"https:\/\/gozu.zone\/?product=lile-au-tresor","og_locale":"fr_FR","og_type":"article","og_title":"Acheter L'Ile au Tr\u00e9sor - GOZU ZONE - Jeux et Accessoires","og_description":"\u00e2ge :  dur\u00e9e :  nb joueurs:","og_url":"https:\/\/gozu.zone\/?product=lile-au-tresor","og_site_name":"GOZU ZONE","article_publisher":"https:\/\/www.facebook.com\/gozuzone\/","article_modified_time":"2024-05-14T16:45:23+00:00","og_image":[{"width":640,"height":640,"url":"https:\/\/gozu.zone\/wp-content\/uploads\/2019\/02\/l-ile-au-tresor-gozu.jpg","type":"image\/jpeg"}],"twitter_card":"summary_large_image","twitter_site":"@gozuzone","twitter_misc":{"Dur\u00e9e de lecture estim\u00e9e":"1 minute"},"schema":{"@context":"https:\/\/schema.org","@graph":[{"@type":"WebPage","@id":"https:\/\/gozu.zone\/?product=lile-au-tresor","url":"https:\/\/gozu.zone\/?product=lile-au-tresor","name":"Acheter L'Ile au Tr\u00e9sor - GOZU ZONE - Jeux et Accessoires","isPartOf":{"@id":"https:\/\/gozu.zone\/#website"},"primaryImageOfPage":{"@id":"https:\/\/gozu.zone\/?product=lile-au-tresor#primaryimage"},"image":{"@id":"https:\/\/gozu.zone\/?product=lile-au-tresor#primaryimage"},"thumbnailUrl":"https:\/\/gozu.zone\/wp-content\/uploads\/2019\/02\/l-ile-au-tresor-gozu.jpg","datePublished":"2019-02-17T17:50:57+00:00","dateModified":"2024-05-14T16:45:23+00:00","breadcrumb":{"@id":"https:\/\/gozu.zone\/?product=lile-au-tresor#breadcrumb"},"inLanguage":"fr-FR","potentialAction":[{"@type":"ReadAction","target":["https:\/\/gozu.zone\/?product=lile-au-tresor"]}]},{"@type":"ImageObject","inLanguage":"fr-FR","@id":"https:\/\/gozu.zone\/?product=lile-au-tresor#primaryimage","url":"https:\/\/gozu.zone\/wp-content\/uploads\/2019\/02\/l-ile-au-tresor-gozu.jpg","contentUrl":"https:\/\/gozu.zone\/wp-content\/uploads\/2019\/02\/l-ile-au-tresor-gozu.jpg","width":640,"height":640},{"@type":"BreadcrumbList","@id":"https:\/\/gozu.zone\/?product=lile-au-tresor#breadcrumb","itemListElement":[{"@type":"ListItem","position":1,"name":"Accueil","item":"https:\/\/gozu.zone\/"},{"@type":"ListItem","position":2,"name":"BOUTIQUE","item":"https:\/\/gozu.zone\/?page_id=308"},{"@type":"ListItem","position":3,"name":"L&rsquo;Ile au Tr\u00e9sor"}]},{"@type":"WebSite","@id":"https:\/\/gozu.zone\/#website","url":"https:\/\/gozu.zone\/","name":"GOZU ZONE","description":"Toujours plus pour vos jeux","potentialAction":[{"@type":"SearchAction","target":{"@type":"EntryPoint","urlTemplate":"https:\/\/gozu.zone\/?s={search_term_string}"},"query-input":{"@type":"PropertyValueSpecification","valueRequired":true,"valueName":"search_term_string"}}],"inLanguage":"fr-FR"}]}},"_links":{"self":[{"href":"https:\/\/gozu.zone\/index.php?rest_route=\/wp\/v2\/product\/9146","targetHints":{"allow":["GET"]}}],"collection":[{"href":"https:\/\/gozu.zone\/index.php?rest_route=\/wp\/v2\/product"}],"about":[{"href":"https:\/\/gozu.zone\/index.php?rest_route=\/wp\/v2\/types\/product"}],"replies":[{"embeddable":true,"href":"https:\/\/gozu.zone\/index.php?rest_route=%2Fwp%2Fv2%2Fcomments&post=9146"}],"wp:featuredmedia":[{"embeddable":true,"href":"https:\/\/gozu.zone\/index.php?rest_route=\/wp\/v2\/media\/9163"}],"wp:attachment":[{"href":"https:\/\/gozu.zone\/index.php?rest_route=%2Fwp%2Fv2%2Fmedia&parent=9146"}],"wp:term":[{"taxonomy":"product_brand","embeddable":true,"href":"https:\/\/gozu.zone\/index.php?rest_route=%2Fwp%2Fv2%2Fproduct_brand&post=9146"},{"taxonomy":"product_cat","embeddable":true,"href":"https:\/\/gozu.zone\/index.php?rest_route=%2Fwp%2Fv2%2Fproduct_cat&post=9146"},{"taxonomy":"product_tag","embeddable":true,"href":"https:\/\/gozu.zone\/index.php?rest_route=%2Fwp%2Fv2%2Fproduct_tag&post=9146"}],"curies":[{"name":"wp","href":"https:\/\/api.w.org\/{rel}","templated":true}]}}