{"id":9393,"date":"2019-03-17T21:22:19","date_gmt":"2019-03-17T21:22:19","guid":{"rendered":"https:\/\/gozu.zone\/?post_type=product&#038;p=9393"},"modified":"2020-05-12T10:32:26","modified_gmt":"2020-05-12T10:32:26","slug":"ecryme-chemins-de-traverse","status":"publish","type":"product","link":"https:\/\/gozu.zone\/?product=ecryme-chemins-de-traverse","title":{"rendered":"\u00c9CRYME &#8211; Chemins de traverse"},"content":{"rendered":"<hr class=\"wp-block-separator\" \/>\r\n\r\n\r\n<figure class=\"wp-block-image\"><img loading=\"lazy\" decoding=\"async\" width=\"640\" height=\"363\" class=\"wp-image-9386\" src=\"http:\/\/pro.gozu.zone\/wp-content\/uploads\/2019\/03\/Ecryme_Logo.jpg\" alt=\"\" srcset=\"https:\/\/gozu.zone\/wp-content\/uploads\/2019\/03\/Ecryme_Logo.jpg 640w, https:\/\/gozu.zone\/wp-content\/uploads\/2019\/03\/Ecryme_Logo-510x289.jpg 510w, https:\/\/gozu.zone\/wp-content\/uploads\/2019\/03\/Ecryme_Logo-300x170.jpg 300w, https:\/\/gozu.zone\/wp-content\/uploads\/2019\/03\/Ecryme_Logo-570x323.jpg 570w\" sizes=\"auto, (max-width: 640px) 100vw, 640px\" \/><\/figure>\r\n\r\n\r\n\r\n<p>Sur les traverses, la vie au contact de l&rsquo;\u00e9cryme est dangereuse et \u00e9prouvante. Survivre n&rsquo;est pas un vain mot mais une r\u00e9alit\u00e9 quotidienne o\u00f9 la moindre erreur se paie de sa raison ou de sa vie. Pourtant, la mer acide offre un oc\u00e9an de possibilit\u00e9s \u00e0 qui sait s&rsquo;en saisir. Loin du tumulte et de l&rsquo;ordre scl\u00e9ros\u00e9 des cit\u00e9s, la fortune sourit aux audacieux et aux d\u00e9sesp\u00e9r\u00e9s.<\/p>\r\n\r\n\r\n\r\n<p>Chemins de Traverse est le deuxi\u00e8me suppl\u00e9ment d&rsquo;Ecryme. Il d\u00e9crit en d\u00e9tail l&rsquo;\u00e9cryme, son \u00e9cologie et ceux qui ont fait le choix de vivre \u00e0 sa proximit\u00e9. L&rsquo;immense r\u00e9seau de ponts constitu\u00e9 par les traverses n&rsquo;est pas simplement une \u00e9tape entre les cit\u00e9s de la Toile ; il constitue un univers \u00e0 part enti\u00e8re, p\u00e9tri d&rsquo;intrigues, de conflits et de d\u00e9fis \u00e0 relever.<\/p>\r\n\r\n\r\n\r\n<h2 class=\"wp-block-heading\">Contenu de \u00c9CRYME &#8211; Chemins de traverse<\/h2>\r\n\r\n\r\n\r\n<ul class=\"wp-block-list\">\r\n<li>Les diff\u00e9rentes fa\u00e7ons de voyager et les risques qui en d\u00e9coulent.<\/li>\r\n<li>Les soubresauts politiques agitant les seigneuries traversi\u00e8res.<\/li>\r\n<li>Dix lieux hauts en couleurs.<\/li>\r\n<li>Des r\u00e8gles suppl\u00e9mentaires incluant notamment la cr\u00e9ation d&rsquo;a\u00e9rotats.<\/li>\r\n<li>Sept nouvelles d&rsquo;ambiance.<\/li>\r\n<li>Deux grosses ballades pr\u00eates \u00e0 jouer\u00a0<\/li>\r\n<\/ul>\r\n","protected":false},"excerpt":{"rendered":"<p>Chemins de Traverse est le deuxi\u00e8me suppl\u00e9ment d&rsquo;\u00c9CRYME. Il d\u00e9crit en d\u00e9tail l&rsquo;\u00e9cryme, son \u00e9cologie et ceux qui ont fait le choix de vivre \u00e0 sa proximit\u00e9.<\/p>\n","protected":false},"featured_media":9488,"comment_status":"open","ping_status":"closed","template":"","meta":{"_acf_changed":false},"product_brand":[],"product_cat":[735,323,724,728],"product_tag":[],"class_list":{"0":"post-9393","1":"product","2":"type-product","3":"status-publish","4":"has-post-thumbnail","6":"product_cat-ecryme","7":"product_cat-jeux","8":"product_cat-jeux-de-role","9":"product_cat-victorien-et-contemporain","10":"product_shipping_class-livraisonstandard_colis","12":"first","13":"instock","14":"taxable","15":"shipping-taxable","16":"purchasable","17":"product-type-simple"},"acf":[],"yoast_head":"<!-- This site is optimized with the Yoast SEO plugin v25.3 - https:\/\/yoast.com\/wordpress\/plugins\/seo\/ -->\n<title>Acheter \u00c9CRYME - Chemins de traverse - GOZU ZONE - Jeux et Accessoires<\/title>\n<meta name=\"robots\" content=\"index, follow, max-snippet:-1, max-image-preview:large, max-video-preview:-1\" \/>\n<link rel=\"canonical\" href=\"https:\/\/gozu.zone\/?product=ecryme-chemins-de-traverse\" \/>\n<meta property=\"og:locale\" content=\"fr_FR\" \/>\n<meta property=\"og:type\" content=\"article\" \/>\n<meta property=\"og:title\" content=\"Acheter \u00c9CRYME - Chemins de traverse - GOZU ZONE - Jeux et Accessoires\" \/>\n<meta property=\"og:description\" content=\"Chemins de Traverse est le deuxi\u00e8me suppl\u00e9ment d&#039;\u00c9CRYME. Il d\u00e9crit en d\u00e9tail l&#039;\u00e9cryme, son \u00e9cologie et ceux qui ont fait le choix de vivre \u00e0 sa proximit\u00e9.\" \/>\n<meta property=\"og:url\" content=\"https:\/\/gozu.zone\/?product=ecryme-chemins-de-traverse\" \/>\n<meta property=\"og:site_name\" content=\"GOZU ZONE\" \/>\n<meta property=\"article:publisher\" content=\"https:\/\/www.facebook.com\/gozuzone\/\" \/>\n<meta property=\"article:modified_time\" content=\"2020-05-12T10:32:26+00:00\" \/>\n<meta property=\"og:image\" content=\"https:\/\/gozu.zone\/wp-content\/uploads\/2019\/03\/ecryme-chemins-de-traverse.jpg\" \/>\n\t<meta property=\"og:image:width\" content=\"450\" \/>\n\t<meta property=\"og:image:height\" content=\"450\" \/>\n\t<meta property=\"og:image:type\" content=\"image\/jpeg\" \/>\n<meta name=\"twitter:card\" content=\"summary_large_image\" \/>\n<meta name=\"twitter:site\" content=\"@gozuzone\" \/>\n<meta name=\"twitter:label1\" content=\"Dur\u00e9e de lecture estim\u00e9e\" \/>\n\t<meta name=\"twitter:data1\" content=\"1 minute\" \/>\n<script type=\"application\/ld+json\" class=\"yoast-schema-graph\">{\"@context\":\"https:\/\/schema.org\",\"@graph\":[{\"@type\":\"WebPage\",\"@id\":\"https:\/\/gozu.zone\/?product=ecryme-chemins-de-traverse\",\"url\":\"https:\/\/gozu.zone\/?product=ecryme-chemins-de-traverse\",\"name\":\"Acheter \u00c9CRYME - Chemins de traverse - GOZU ZONE - Jeux et Accessoires\",\"isPartOf\":{\"@id\":\"https:\/\/gozu.zone\/#website\"},\"primaryImageOfPage\":{\"@id\":\"https:\/\/gozu.zone\/?product=ecryme-chemins-de-traverse#primaryimage\"},\"image\":{\"@id\":\"https:\/\/gozu.zone\/?product=ecryme-chemins-de-traverse#primaryimage\"},\"thumbnailUrl\":\"https:\/\/gozu.zone\/wp-content\/uploads\/2019\/03\/ecryme-chemins-de-traverse.jpg\",\"datePublished\":\"2019-03-17T21:22:19+00:00\",\"dateModified\":\"2020-05-12T10:32:26+00:00\",\"breadcrumb\":{\"@id\":\"https:\/\/gozu.zone\/?product=ecryme-chemins-de-traverse#breadcrumb\"},\"inLanguage\":\"fr-FR\",\"potentialAction\":[{\"@type\":\"ReadAction\",\"target\":[\"https:\/\/gozu.zone\/?product=ecryme-chemins-de-traverse\"]}]},{\"@type\":\"ImageObject\",\"inLanguage\":\"fr-FR\",\"@id\":\"https:\/\/gozu.zone\/?product=ecryme-chemins-de-traverse#primaryimage\",\"url\":\"https:\/\/gozu.zone\/wp-content\/uploads\/2019\/03\/ecryme-chemins-de-traverse.jpg\",\"contentUrl\":\"https:\/\/gozu.zone\/wp-content\/uploads\/2019\/03\/ecryme-chemins-de-traverse.jpg\",\"width\":450,\"height\":450},{\"@type\":\"BreadcrumbList\",\"@id\":\"https:\/\/gozu.zone\/?product=ecryme-chemins-de-traverse#breadcrumb\",\"itemListElement\":[{\"@type\":\"ListItem\",\"position\":1,\"name\":\"Accueil\",\"item\":\"https:\/\/gozu.zone\/\"},{\"@type\":\"ListItem\",\"position\":2,\"name\":\"BOUTIQUE\",\"item\":\"https:\/\/gozu.zone\/?page_id=308\"},{\"@type\":\"ListItem\",\"position\":3,\"name\":\"\u00c9CRYME &#8211; Chemins de traverse\"}]},{\"@type\":\"WebSite\",\"@id\":\"https:\/\/gozu.zone\/#website\",\"url\":\"https:\/\/gozu.zone\/\",\"name\":\"GOZU ZONE\",\"description\":\"Toujours plus pour vos jeux\",\"potentialAction\":[{\"@type\":\"SearchAction\",\"target\":{\"@type\":\"EntryPoint\",\"urlTemplate\":\"https:\/\/gozu.zone\/?s={search_term_string}\"},\"query-input\":{\"@type\":\"PropertyValueSpecification\",\"valueRequired\":true,\"valueName\":\"search_term_string\"}}],\"inLanguage\":\"fr-FR\"}]}<\/script>\n<!-- \/ Yoast SEO plugin. -->","yoast_head_json":{"title":"Acheter \u00c9CRYME - Chemins de traverse - GOZU ZONE - Jeux et Accessoires","robots":{"index":"index","follow":"follow","max-snippet":"max-snippet:-1","max-image-preview":"max-image-preview:large","max-video-preview":"max-video-preview:-1"},"canonical":"https:\/\/gozu.zone\/?product=ecryme-chemins-de-traverse","og_locale":"fr_FR","og_type":"article","og_title":"Acheter \u00c9CRYME - Chemins de traverse - GOZU ZONE - Jeux et Accessoires","og_description":"Chemins de Traverse est le deuxi\u00e8me suppl\u00e9ment d'\u00c9CRYME. Il d\u00e9crit en d\u00e9tail l'\u00e9cryme, son \u00e9cologie et ceux qui ont fait le choix de vivre \u00e0 sa proximit\u00e9.","og_url":"https:\/\/gozu.zone\/?product=ecryme-chemins-de-traverse","og_site_name":"GOZU ZONE","article_publisher":"https:\/\/www.facebook.com\/gozuzone\/","article_modified_time":"2020-05-12T10:32:26+00:00","og_image":[{"width":450,"height":450,"url":"https:\/\/gozu.zone\/wp-content\/uploads\/2019\/03\/ecryme-chemins-de-traverse.jpg","type":"image\/jpeg"}],"twitter_card":"summary_large_image","twitter_site":"@gozuzone","twitter_misc":{"Dur\u00e9e de lecture estim\u00e9e":"1 minute"},"schema":{"@context":"https:\/\/schema.org","@graph":[{"@type":"WebPage","@id":"https:\/\/gozu.zone\/?product=ecryme-chemins-de-traverse","url":"https:\/\/gozu.zone\/?product=ecryme-chemins-de-traverse","name":"Acheter \u00c9CRYME - Chemins de traverse - GOZU ZONE - Jeux et Accessoires","isPartOf":{"@id":"https:\/\/gozu.zone\/#website"},"primaryImageOfPage":{"@id":"https:\/\/gozu.zone\/?product=ecryme-chemins-de-traverse#primaryimage"},"image":{"@id":"https:\/\/gozu.zone\/?product=ecryme-chemins-de-traverse#primaryimage"},"thumbnailUrl":"https:\/\/gozu.zone\/wp-content\/uploads\/2019\/03\/ecryme-chemins-de-traverse.jpg","datePublished":"2019-03-17T21:22:19+00:00","dateModified":"2020-05-12T10:32:26+00:00","breadcrumb":{"@id":"https:\/\/gozu.zone\/?product=ecryme-chemins-de-traverse#breadcrumb"},"inLanguage":"fr-FR","potentialAction":[{"@type":"ReadAction","target":["https:\/\/gozu.zone\/?product=ecryme-chemins-de-traverse"]}]},{"@type":"ImageObject","inLanguage":"fr-FR","@id":"https:\/\/gozu.zone\/?product=ecryme-chemins-de-traverse#primaryimage","url":"https:\/\/gozu.zone\/wp-content\/uploads\/2019\/03\/ecryme-chemins-de-traverse.jpg","contentUrl":"https:\/\/gozu.zone\/wp-content\/uploads\/2019\/03\/ecryme-chemins-de-traverse.jpg","width":450,"height":450},{"@type":"BreadcrumbList","@id":"https:\/\/gozu.zone\/?product=ecryme-chemins-de-traverse#breadcrumb","itemListElement":[{"@type":"ListItem","position":1,"name":"Accueil","item":"https:\/\/gozu.zone\/"},{"@type":"ListItem","position":2,"name":"BOUTIQUE","item":"https:\/\/gozu.zone\/?page_id=308"},{"@type":"ListItem","position":3,"name":"\u00c9CRYME &#8211; Chemins de traverse"}]},{"@type":"WebSite","@id":"https:\/\/gozu.zone\/#website","url":"https:\/\/gozu.zone\/","name":"GOZU ZONE","description":"Toujours plus pour vos jeux","potentialAction":[{"@type":"SearchAction","target":{"@type":"EntryPoint","urlTemplate":"https:\/\/gozu.zone\/?s={search_term_string}"},"query-input":{"@type":"PropertyValueSpecification","valueRequired":true,"valueName":"search_term_string"}}],"inLanguage":"fr-FR"}]}},"_links":{"self":[{"href":"https:\/\/gozu.zone\/index.php?rest_route=\/wp\/v2\/product\/9393","targetHints":{"allow":["GET"]}}],"collection":[{"href":"https:\/\/gozu.zone\/index.php?rest_route=\/wp\/v2\/product"}],"about":[{"href":"https:\/\/gozu.zone\/index.php?rest_route=\/wp\/v2\/types\/product"}],"replies":[{"embeddable":true,"href":"https:\/\/gozu.zone\/index.php?rest_route=%2Fwp%2Fv2%2Fcomments&post=9393"}],"wp:featuredmedia":[{"embeddable":true,"href":"https:\/\/gozu.zone\/index.php?rest_route=\/wp\/v2\/media\/9488"}],"wp:attachment":[{"href":"https:\/\/gozu.zone\/index.php?rest_route=%2Fwp%2Fv2%2Fmedia&parent=9393"}],"wp:term":[{"taxonomy":"product_brand","embeddable":true,"href":"https:\/\/gozu.zone\/index.php?rest_route=%2Fwp%2Fv2%2Fproduct_brand&post=9393"},{"taxonomy":"product_cat","embeddable":true,"href":"https:\/\/gozu.zone\/index.php?rest_route=%2Fwp%2Fv2%2Fproduct_cat&post=9393"},{"taxonomy":"product_tag","embeddable":true,"href":"https:\/\/gozu.zone\/index.php?rest_route=%2Fwp%2Fv2%2Fproduct_tag&post=9393"}],"curies":[{"name":"wp","href":"https:\/\/api.w.org\/{rel}","templated":true}]}}