{"id":9484,"date":"2019-04-12T18:51:41","date_gmt":"2019-04-12T18:51:41","guid":{"rendered":"https:\/\/gozu.zone\/?post_type=product&#038;p=9484"},"modified":"2025-10-04T12:00:29","modified_gmt":"2025-10-04T12:00:29","slug":"horreur-a-arkham-jce-le-salaire-du-peche","status":"publish","type":"product","link":"https:\/\/gozu.zone\/?product=horreur-a-arkham-jce-le-salaire-du-peche","title":{"rendered":"Horreur \u00e0 Arkham &#8211; JCE : Le Salaire du P\u00e9ch\u00e9"},"content":{"rendered":"<p><em>Le Salaire du P\u00e9ch\u00e9<\/em> contient le Sc\u00e9nario IV de la campagne Le Cercle Bris\u00e9.<\/p>\n<p>Ce paquet contient 60 cartes fixes, avec de nouvelles cartes Joueur destin\u00e9es \u00e0 am\u00e9liorer vos decks existants et un nouveau sc\u00e9nario qui peut \u00eatre jou\u00e9 soit en mode Ind\u00e9pendant, soit au sein de la campagne \u00a0<em>Le Cercle Bris\u00e9.<\/em><\/p>\n<div>\n<h2>Pour ranger et prot\u00e9ger votre jeu<\/h2>\n<ul>\n<li><a href=\"http:\/\/pro.gozu.zone\/?product=rangement-horreur-a-arkham\" target=\"_blank\" rel=\"noopener noreferrer\">Le rangement GOZU ZONE<\/a><\/li>\n<li><a href=\"http:\/\/pro.gozu.zone\/?product_cat=format-standard\" target=\"_blank\" rel=\"noopener noreferrer\">Les pochettes au format STANDARD<\/a><\/li>\n<\/ul>\n<\/div>\n<div class=\"disclaimer material\">\n<h2><\/h2>\n<h2>Contenu de Horreur \u00e0 Arkham JCE : <em>Le Salaire du P\u00e9ch\u00e9<\/em><\/h2>\n<ul>\n<li>\u00a0les cartes 151-185 de la campagne\n<div class=\"product_collection_name\"><span class=\"color_grey_medium float_left no-border\">Le Cercle Bris\u00e9.<\/span><\/div>\n<div class=\"clear\"><\/div>\n<\/li>\n<\/ul>\n<\/div>\n","protected":false},"excerpt":{"rendered":"<p><span class=\"color_grey_medium add-left add-right float_left no-border text_small\"><strong>Campagne 4 : Le Cercle Bris\u00e9<\/strong>\u00a0&#8211;<em> Le Salaire du P\u00e9ch\u00e9<\/em><strong><em>\u00a0<\/em><\/strong>&#8211;\u00a0Sc\u00e9nario IV<\/span> N\u00e9cessite l\u2019extension deluxe <a href=\"http:\/\/pro.gozu.zone\/?product=horreur-a-arkham-jce-le-cercle-brise\" target=\"_blank\" rel=\"noopener\">Le Cercle Bris\u00e9<\/a>\u00a0pour jouer.<\/p>\n<ul>\n<li><strong>\u00c2ge<\/strong> : 14\u00a0ans et +<\/li>\n<li><strong>Dur\u00e9e<\/strong> : 30 &#8211; 60 min<\/li>\n<li><strong>Joueurs<\/strong> :\u00a01 \u00e0 4<\/li>\n<\/ul>\n","protected":false},"featured_media":9485,"comment_status":"open","ping_status":"closed","template":"","meta":{"_acf_changed":false},"product_brand":[],"product_cat":[327],"product_tag":[177,383,515,506,505],"class_list":{"0":"post-9484","1":"product","2":"type-product","3":"status-publish","4":"has-post-thumbnail","6":"product_cat-extensions","7":"product_tag-cartes","8":"product_tag-combinaison","9":"product_tag-horreur","10":"product_tag-litterature","11":"product_tag-scenario","12":"product_shipping_class-livraisonstandard_enveloppe-fr","14":"first","15":"instock","16":"sale","17":"taxable","18":"shipping-taxable","19":"purchasable","20":"product-type-simple"},"acf":[],"yoast_head":"<!-- This site is optimized with the Yoast SEO plugin v25.3 - https:\/\/yoast.com\/wordpress\/plugins\/seo\/ -->\n<title>Acheter Horreur \u00e0 Arkham - JCE : Le Salaire du P\u00e9ch\u00e9 - GOZU ZONE - Jeux et Accessoires<\/title>\n<meta name=\"robots\" content=\"index, follow, max-snippet:-1, max-image-preview:large, max-video-preview:-1\" \/>\n<link rel=\"canonical\" href=\"http:\/\/pro.gozu.zone\/?product=offre-speciale-horreur-a-arkham\" \/>\n<meta property=\"og:locale\" content=\"fr_FR\" \/>\n<meta property=\"og:type\" content=\"article\" \/>\n<meta property=\"og:title\" content=\"Acheter Horreur \u00e0 Arkham - JCE : Le Salaire du P\u00e9ch\u00e9 - GOZU ZONE - Jeux et Accessoires\" \/>\n<meta property=\"og:description\" content=\"Campagne 4 : Le Cercle Bris\u00e9\u00a0- Le Salaire du P\u00e9ch\u00e9\u00a0-\u00a0Sc\u00e9nario IV N\u00e9cessite l\u2019extension deluxe Le Cercle Bris\u00e9\u00a0pour jouer.   \u00c2ge : 14\u00a0ans et +  Dur\u00e9e : 30 - 60 min  Joueurs :\u00a01 \u00e0 4\" \/>\n<meta property=\"og:url\" content=\"http:\/\/pro.gozu.zone\/?product=offre-speciale-horreur-a-arkham\" \/>\n<meta property=\"og:site_name\" content=\"GOZU ZONE\" \/>\n<meta property=\"article:publisher\" content=\"https:\/\/www.facebook.com\/gozuzone\/\" \/>\n<meta property=\"article:modified_time\" content=\"2025-10-04T12:00:29+00:00\" \/>\n<meta property=\"og:image\" content=\"https:\/\/gozu.zone\/wp-content\/uploads\/2019\/04\/horreur-arkham-jce-le-salaire-du-peche.jpg\" \/>\n\t<meta property=\"og:image:width\" content=\"480\" \/>\n\t<meta property=\"og:image:height\" content=\"480\" \/>\n\t<meta property=\"og:image:type\" content=\"image\/jpeg\" \/>\n<meta name=\"twitter:card\" content=\"summary_large_image\" \/>\n<meta name=\"twitter:site\" content=\"@gozuzone\" \/>\n<script type=\"application\/ld+json\" class=\"yoast-schema-graph\">{\"@context\":\"https:\/\/schema.org\",\"@graph\":[{\"@type\":\"WebPage\",\"@id\":\"https:\/\/gozu.zone\/?product=horreur-a-arkham-jce-le-salaire-du-peche\",\"url\":\"http:\/\/pro.gozu.zone\/?product=offre-speciale-horreur-a-arkham\",\"name\":\"Acheter Horreur \u00e0 Arkham - JCE : Le Salaire du P\u00e9ch\u00e9 - GOZU ZONE - Jeux et Accessoires\",\"isPartOf\":{\"@id\":\"https:\/\/gozu.zone\/#website\"},\"primaryImageOfPage\":{\"@id\":\"http:\/\/pro.gozu.zone\/?product=offre-speciale-horreur-a-arkham#primaryimage\"},\"image\":{\"@id\":\"http:\/\/pro.gozu.zone\/?product=offre-speciale-horreur-a-arkham#primaryimage\"},\"thumbnailUrl\":\"https:\/\/gozu.zone\/wp-content\/uploads\/2019\/04\/horreur-arkham-jce-le-salaire-du-peche.jpg\",\"datePublished\":\"2019-04-12T18:51:41+00:00\",\"dateModified\":\"2025-10-04T12:00:29+00:00\",\"breadcrumb\":{\"@id\":\"http:\/\/pro.gozu.zone\/?product=offre-speciale-horreur-a-arkham#breadcrumb\"},\"inLanguage\":\"fr-FR\",\"potentialAction\":[{\"@type\":\"ReadAction\",\"target\":[\"http:\/\/pro.gozu.zone\/?product=offre-speciale-horreur-a-arkham\"]}]},{\"@type\":\"ImageObject\",\"inLanguage\":\"fr-FR\",\"@id\":\"http:\/\/pro.gozu.zone\/?product=offre-speciale-horreur-a-arkham#primaryimage\",\"url\":\"https:\/\/gozu.zone\/wp-content\/uploads\/2019\/04\/horreur-arkham-jce-le-salaire-du-peche.jpg\",\"contentUrl\":\"https:\/\/gozu.zone\/wp-content\/uploads\/2019\/04\/horreur-arkham-jce-le-salaire-du-peche.jpg\",\"width\":480,\"height\":480},{\"@type\":\"BreadcrumbList\",\"@id\":\"http:\/\/pro.gozu.zone\/?product=offre-speciale-horreur-a-arkham#breadcrumb\",\"itemListElement\":[{\"@type\":\"ListItem\",\"position\":1,\"name\":\"Accueil\",\"item\":\"https:\/\/gozu.zone\/\"},{\"@type\":\"ListItem\",\"position\":2,\"name\":\"BOUTIQUE\",\"item\":\"https:\/\/gozu.zone\/?page_id=308\"},{\"@type\":\"ListItem\",\"position\":3,\"name\":\"Horreur \u00e0 Arkham &#8211; JCE : Le Salaire du P\u00e9ch\u00e9\"}]},{\"@type\":\"WebSite\",\"@id\":\"https:\/\/gozu.zone\/#website\",\"url\":\"https:\/\/gozu.zone\/\",\"name\":\"GOZU ZONE\",\"description\":\"Toujours plus pour vos jeux\",\"potentialAction\":[{\"@type\":\"SearchAction\",\"target\":{\"@type\":\"EntryPoint\",\"urlTemplate\":\"https:\/\/gozu.zone\/?s={search_term_string}\"},\"query-input\":{\"@type\":\"PropertyValueSpecification\",\"valueRequired\":true,\"valueName\":\"search_term_string\"}}],\"inLanguage\":\"fr-FR\"}]}<\/script>\n<!-- \/ Yoast SEO plugin. -->","yoast_head_json":{"title":"Acheter Horreur \u00e0 Arkham - JCE : Le Salaire du P\u00e9ch\u00e9 - GOZU ZONE - Jeux et Accessoires","robots":{"index":"index","follow":"follow","max-snippet":"max-snippet:-1","max-image-preview":"max-image-preview:large","max-video-preview":"max-video-preview:-1"},"canonical":"http:\/\/pro.gozu.zone\/?product=offre-speciale-horreur-a-arkham","og_locale":"fr_FR","og_type":"article","og_title":"Acheter Horreur \u00e0 Arkham - JCE : Le Salaire du P\u00e9ch\u00e9 - GOZU ZONE - Jeux et Accessoires","og_description":"Campagne 4 : Le Cercle Bris\u00e9\u00a0- Le Salaire du P\u00e9ch\u00e9\u00a0-\u00a0Sc\u00e9nario IV N\u00e9cessite l\u2019extension deluxe Le Cercle Bris\u00e9\u00a0pour jouer.   \u00c2ge : 14\u00a0ans et +  Dur\u00e9e : 30 - 60 min  Joueurs :\u00a01 \u00e0 4","og_url":"http:\/\/pro.gozu.zone\/?product=offre-speciale-horreur-a-arkham","og_site_name":"GOZU ZONE","article_publisher":"https:\/\/www.facebook.com\/gozuzone\/","article_modified_time":"2025-10-04T12:00:29+00:00","og_image":[{"width":480,"height":480,"url":"https:\/\/gozu.zone\/wp-content\/uploads\/2019\/04\/horreur-arkham-jce-le-salaire-du-peche.jpg","type":"image\/jpeg"}],"twitter_card":"summary_large_image","twitter_site":"@gozuzone","schema":{"@context":"https:\/\/schema.org","@graph":[{"@type":"WebPage","@id":"https:\/\/gozu.zone\/?product=horreur-a-arkham-jce-le-salaire-du-peche","url":"http:\/\/pro.gozu.zone\/?product=offre-speciale-horreur-a-arkham","name":"Acheter Horreur \u00e0 Arkham - JCE : Le Salaire du P\u00e9ch\u00e9 - GOZU ZONE - Jeux et Accessoires","isPartOf":{"@id":"https:\/\/gozu.zone\/#website"},"primaryImageOfPage":{"@id":"http:\/\/pro.gozu.zone\/?product=offre-speciale-horreur-a-arkham#primaryimage"},"image":{"@id":"http:\/\/pro.gozu.zone\/?product=offre-speciale-horreur-a-arkham#primaryimage"},"thumbnailUrl":"https:\/\/gozu.zone\/wp-content\/uploads\/2019\/04\/horreur-arkham-jce-le-salaire-du-peche.jpg","datePublished":"2019-04-12T18:51:41+00:00","dateModified":"2025-10-04T12:00:29+00:00","breadcrumb":{"@id":"http:\/\/pro.gozu.zone\/?product=offre-speciale-horreur-a-arkham#breadcrumb"},"inLanguage":"fr-FR","potentialAction":[{"@type":"ReadAction","target":["http:\/\/pro.gozu.zone\/?product=offre-speciale-horreur-a-arkham"]}]},{"@type":"ImageObject","inLanguage":"fr-FR","@id":"http:\/\/pro.gozu.zone\/?product=offre-speciale-horreur-a-arkham#primaryimage","url":"https:\/\/gozu.zone\/wp-content\/uploads\/2019\/04\/horreur-arkham-jce-le-salaire-du-peche.jpg","contentUrl":"https:\/\/gozu.zone\/wp-content\/uploads\/2019\/04\/horreur-arkham-jce-le-salaire-du-peche.jpg","width":480,"height":480},{"@type":"BreadcrumbList","@id":"http:\/\/pro.gozu.zone\/?product=offre-speciale-horreur-a-arkham#breadcrumb","itemListElement":[{"@type":"ListItem","position":1,"name":"Accueil","item":"https:\/\/gozu.zone\/"},{"@type":"ListItem","position":2,"name":"BOUTIQUE","item":"https:\/\/gozu.zone\/?page_id=308"},{"@type":"ListItem","position":3,"name":"Horreur \u00e0 Arkham &#8211; JCE : Le Salaire du P\u00e9ch\u00e9"}]},{"@type":"WebSite","@id":"https:\/\/gozu.zone\/#website","url":"https:\/\/gozu.zone\/","name":"GOZU ZONE","description":"Toujours plus pour vos jeux","potentialAction":[{"@type":"SearchAction","target":{"@type":"EntryPoint","urlTemplate":"https:\/\/gozu.zone\/?s={search_term_string}"},"query-input":{"@type":"PropertyValueSpecification","valueRequired":true,"valueName":"search_term_string"}}],"inLanguage":"fr-FR"}]}},"_links":{"self":[{"href":"https:\/\/gozu.zone\/index.php?rest_route=\/wp\/v2\/product\/9484","targetHints":{"allow":["GET"]}}],"collection":[{"href":"https:\/\/gozu.zone\/index.php?rest_route=\/wp\/v2\/product"}],"about":[{"href":"https:\/\/gozu.zone\/index.php?rest_route=\/wp\/v2\/types\/product"}],"replies":[{"embeddable":true,"href":"https:\/\/gozu.zone\/index.php?rest_route=%2Fwp%2Fv2%2Fcomments&post=9484"}],"wp:featuredmedia":[{"embeddable":true,"href":"https:\/\/gozu.zone\/index.php?rest_route=\/wp\/v2\/media\/9485"}],"wp:attachment":[{"href":"https:\/\/gozu.zone\/index.php?rest_route=%2Fwp%2Fv2%2Fmedia&parent=9484"}],"wp:term":[{"taxonomy":"product_brand","embeddable":true,"href":"https:\/\/gozu.zone\/index.php?rest_route=%2Fwp%2Fv2%2Fproduct_brand&post=9484"},{"taxonomy":"product_cat","embeddable":true,"href":"https:\/\/gozu.zone\/index.php?rest_route=%2Fwp%2Fv2%2Fproduct_cat&post=9484"},{"taxonomy":"product_tag","embeddable":true,"href":"https:\/\/gozu.zone\/index.php?rest_route=%2Fwp%2Fv2%2Fproduct_tag&post=9484"}],"curies":[{"name":"wp","href":"https:\/\/api.w.org\/{rel}","templated":true}]}}