{"id":9557,"date":"2019-04-25T18:37:05","date_gmt":"2019-04-25T18:37:05","guid":{"rendered":"https:\/\/gozu.zone\/?post_type=product&#038;p=9557"},"modified":"2019-04-25T18:47:10","modified_gmt":"2019-04-25T18:47:10","slug":"the-witcher-livre-de-base","status":"publish","type":"product","link":"https:\/\/gozu.zone\/?product=the-witcher-livre-de-base","title":{"rendered":"THE WITCHER \u2013 Livre de base"},"content":{"rendered":"\n<p>\n\nEn pleine Troisi\u00e8me Guerre nilfgaardienne,&nbsp;<strong>Geralt de Riv<\/strong>, le Loup Blanc, \u00e9cume le Continent \u00e0 la recherche de son amour perdu. Mais il ne s\u2019agit pas du seul r\u00e9cit. Un million d\u2019autres aventures se jouent au travers de ce vaste continent et vous \u00eates au centre de l\u2019une d\u2019entre elles !<\/p>\n\n\n\n<p>Le jeu de r\u00f4le The Witcher vous permet de raconter vos propres histoires dans le l\u00e9gendaire monde du&nbsp;<strong>Sorceleur<\/strong>. Aventurez-vous sur le Continent, interagissez avec des l\u00e9gendes vivantes comme Yennefer de Vengerberg ou Vernon Roche, et influencez les politiques locales. Choisissez votre camp et combattez dans la brutale Troisi\u00e8me Guerre nilfgaardienne, ou jouez vos propres aventures et couvrez-vous de gloire !<br>Le jeu de r\u00f4le The Witcher inclut :<\/p>\n\n\n\n<ul class=\"wp-block-list\"><li>Neuf professions uniques : incarnez un artisan, un barde, un criminel, un docteur, un homme d\u2019armes, un mage, un marchand, un pr\u00eatre ou un sorceleur.<br><\/li><li>Un bestiaire monstrueux : traversez des contr\u00e9es sauvages et chassez de nombreux monstres, depuis les embarrassants nekkers aux imposants et hypnotiques fiellons.<br><\/li><li>De nombreux sorts et invocations : faites appel \u00e0 la magie chaotique du monde du Sorceleur pour manipuler les \u00e9l\u00e9ments et invoquer des tornades ou des pluies de feu.<br><\/li><li>Un syst\u00e8me de combat visc\u00e9ral : habilit\u00e9 et tactique sont ma\u00eetres alors que le moindre faux pas peut \u00eatre fatal.<\/li><\/ul>\n","protected":false},"excerpt":{"rendered":"<p>Le jeu de r\u00f4le The Witcher vous permet de raconter vos propres histoires dans le l\u00e9gendaire monde du Sorceleur<\/p>\n","protected":false},"featured_media":9558,"comment_status":"open","ping_status":"closed","template":"","meta":{"_acf_changed":false},"product_brand":[],"product_cat":[323,724,726],"product_tag":[352,515,398],"class_list":{"0":"post-9557","1":"product","2":"type-product","3":"status-publish","4":"has-post-thumbnail","6":"product_cat-jeux","7":"product_cat-jeux-de-role","8":"product_cat-medieval-et-fantastique","9":"product_tag-fantastique","10":"product_tag-horreur","11":"product_tag-medieval","12":"product_shipping_class-livraisonstandard_colis","14":"first","15":"instock","16":"taxable","17":"shipping-taxable","18":"purchasable","19":"product-type-simple"},"acf":[],"yoast_head":"<!-- This site is optimized with the Yoast SEO plugin v25.3 - https:\/\/yoast.com\/wordpress\/plugins\/seo\/ -->\n<title>Acheter THE WITCHER \u2013 Livre de base - GOZU ZONE - Jeux et Accessoires<\/title>\n<meta name=\"robots\" content=\"index, follow, max-snippet:-1, max-image-preview:large, max-video-preview:-1\" \/>\n<link rel=\"canonical\" href=\"https:\/\/gozu.zone\/?product=the-witcher-livre-de-base\" \/>\n<meta property=\"og:locale\" content=\"fr_FR\" \/>\n<meta property=\"og:type\" content=\"article\" \/>\n<meta property=\"og:title\" content=\"Acheter THE WITCHER \u2013 Livre de base - GOZU ZONE - Jeux et Accessoires\" \/>\n<meta property=\"og:description\" content=\"Le jeu de r\u00f4le The Witcher vous permet de raconter vos propres histoires dans le l\u00e9gendaire monde du Sorceleur\" \/>\n<meta property=\"og:url\" content=\"https:\/\/gozu.zone\/?product=the-witcher-livre-de-base\" \/>\n<meta property=\"og:site_name\" content=\"GOZU ZONE\" \/>\n<meta property=\"article:publisher\" content=\"https:\/\/www.facebook.com\/gozuzone\/\" \/>\n<meta property=\"article:modified_time\" content=\"2019-04-25T18:47:10+00:00\" \/>\n<meta property=\"og:image\" content=\"https:\/\/gozu.zone\/wp-content\/uploads\/2019\/04\/the-witcher-livre-de-base.jpg\" \/>\n\t<meta property=\"og:image:width\" content=\"680\" \/>\n\t<meta property=\"og:image:height\" content=\"680\" \/>\n\t<meta property=\"og:image:type\" content=\"image\/jpeg\" \/>\n<meta name=\"twitter:card\" content=\"summary_large_image\" \/>\n<meta name=\"twitter:site\" content=\"@gozuzone\" \/>\n<meta name=\"twitter:label1\" content=\"Dur\u00e9e de lecture estim\u00e9e\" \/>\n\t<meta name=\"twitter:data1\" content=\"1 minute\" \/>\n<script type=\"application\/ld+json\" class=\"yoast-schema-graph\">{\"@context\":\"https:\/\/schema.org\",\"@graph\":[{\"@type\":\"WebPage\",\"@id\":\"https:\/\/gozu.zone\/?product=the-witcher-livre-de-base\",\"url\":\"https:\/\/gozu.zone\/?product=the-witcher-livre-de-base\",\"name\":\"Acheter THE WITCHER \u2013 Livre de base - GOZU ZONE - Jeux et Accessoires\",\"isPartOf\":{\"@id\":\"https:\/\/gozu.zone\/#website\"},\"primaryImageOfPage\":{\"@id\":\"https:\/\/gozu.zone\/?product=the-witcher-livre-de-base#primaryimage\"},\"image\":{\"@id\":\"https:\/\/gozu.zone\/?product=the-witcher-livre-de-base#primaryimage\"},\"thumbnailUrl\":\"https:\/\/gozu.zone\/wp-content\/uploads\/2019\/04\/the-witcher-livre-de-base.jpg\",\"datePublished\":\"2019-04-25T18:37:05+00:00\",\"dateModified\":\"2019-04-25T18:47:10+00:00\",\"breadcrumb\":{\"@id\":\"https:\/\/gozu.zone\/?product=the-witcher-livre-de-base#breadcrumb\"},\"inLanguage\":\"fr-FR\",\"potentialAction\":[{\"@type\":\"ReadAction\",\"target\":[\"https:\/\/gozu.zone\/?product=the-witcher-livre-de-base\"]}]},{\"@type\":\"ImageObject\",\"inLanguage\":\"fr-FR\",\"@id\":\"https:\/\/gozu.zone\/?product=the-witcher-livre-de-base#primaryimage\",\"url\":\"https:\/\/gozu.zone\/wp-content\/uploads\/2019\/04\/the-witcher-livre-de-base.jpg\",\"contentUrl\":\"https:\/\/gozu.zone\/wp-content\/uploads\/2019\/04\/the-witcher-livre-de-base.jpg\",\"width\":680,\"height\":680},{\"@type\":\"BreadcrumbList\",\"@id\":\"https:\/\/gozu.zone\/?product=the-witcher-livre-de-base#breadcrumb\",\"itemListElement\":[{\"@type\":\"ListItem\",\"position\":1,\"name\":\"Accueil\",\"item\":\"https:\/\/gozu.zone\/\"},{\"@type\":\"ListItem\",\"position\":2,\"name\":\"BOUTIQUE\",\"item\":\"https:\/\/gozu.zone\/?page_id=308\"},{\"@type\":\"ListItem\",\"position\":3,\"name\":\"THE WITCHER \u2013 Livre de base\"}]},{\"@type\":\"WebSite\",\"@id\":\"https:\/\/gozu.zone\/#website\",\"url\":\"https:\/\/gozu.zone\/\",\"name\":\"GOZU ZONE\",\"description\":\"Toujours plus pour vos jeux\",\"potentialAction\":[{\"@type\":\"SearchAction\",\"target\":{\"@type\":\"EntryPoint\",\"urlTemplate\":\"https:\/\/gozu.zone\/?s={search_term_string}\"},\"query-input\":{\"@type\":\"PropertyValueSpecification\",\"valueRequired\":true,\"valueName\":\"search_term_string\"}}],\"inLanguage\":\"fr-FR\"}]}<\/script>\n<!-- \/ Yoast SEO plugin. -->","yoast_head_json":{"title":"Acheter THE WITCHER \u2013 Livre de base - GOZU ZONE - Jeux et Accessoires","robots":{"index":"index","follow":"follow","max-snippet":"max-snippet:-1","max-image-preview":"max-image-preview:large","max-video-preview":"max-video-preview:-1"},"canonical":"https:\/\/gozu.zone\/?product=the-witcher-livre-de-base","og_locale":"fr_FR","og_type":"article","og_title":"Acheter THE WITCHER \u2013 Livre de base - GOZU ZONE - Jeux et Accessoires","og_description":"Le jeu de r\u00f4le The Witcher vous permet de raconter vos propres histoires dans le l\u00e9gendaire monde du Sorceleur","og_url":"https:\/\/gozu.zone\/?product=the-witcher-livre-de-base","og_site_name":"GOZU ZONE","article_publisher":"https:\/\/www.facebook.com\/gozuzone\/","article_modified_time":"2019-04-25T18:47:10+00:00","og_image":[{"width":680,"height":680,"url":"https:\/\/gozu.zone\/wp-content\/uploads\/2019\/04\/the-witcher-livre-de-base.jpg","type":"image\/jpeg"}],"twitter_card":"summary_large_image","twitter_site":"@gozuzone","twitter_misc":{"Dur\u00e9e de lecture estim\u00e9e":"1 minute"},"schema":{"@context":"https:\/\/schema.org","@graph":[{"@type":"WebPage","@id":"https:\/\/gozu.zone\/?product=the-witcher-livre-de-base","url":"https:\/\/gozu.zone\/?product=the-witcher-livre-de-base","name":"Acheter THE WITCHER \u2013 Livre de base - GOZU ZONE - Jeux et Accessoires","isPartOf":{"@id":"https:\/\/gozu.zone\/#website"},"primaryImageOfPage":{"@id":"https:\/\/gozu.zone\/?product=the-witcher-livre-de-base#primaryimage"},"image":{"@id":"https:\/\/gozu.zone\/?product=the-witcher-livre-de-base#primaryimage"},"thumbnailUrl":"https:\/\/gozu.zone\/wp-content\/uploads\/2019\/04\/the-witcher-livre-de-base.jpg","datePublished":"2019-04-25T18:37:05+00:00","dateModified":"2019-04-25T18:47:10+00:00","breadcrumb":{"@id":"https:\/\/gozu.zone\/?product=the-witcher-livre-de-base#breadcrumb"},"inLanguage":"fr-FR","potentialAction":[{"@type":"ReadAction","target":["https:\/\/gozu.zone\/?product=the-witcher-livre-de-base"]}]},{"@type":"ImageObject","inLanguage":"fr-FR","@id":"https:\/\/gozu.zone\/?product=the-witcher-livre-de-base#primaryimage","url":"https:\/\/gozu.zone\/wp-content\/uploads\/2019\/04\/the-witcher-livre-de-base.jpg","contentUrl":"https:\/\/gozu.zone\/wp-content\/uploads\/2019\/04\/the-witcher-livre-de-base.jpg","width":680,"height":680},{"@type":"BreadcrumbList","@id":"https:\/\/gozu.zone\/?product=the-witcher-livre-de-base#breadcrumb","itemListElement":[{"@type":"ListItem","position":1,"name":"Accueil","item":"https:\/\/gozu.zone\/"},{"@type":"ListItem","position":2,"name":"BOUTIQUE","item":"https:\/\/gozu.zone\/?page_id=308"},{"@type":"ListItem","position":3,"name":"THE WITCHER \u2013 Livre de base"}]},{"@type":"WebSite","@id":"https:\/\/gozu.zone\/#website","url":"https:\/\/gozu.zone\/","name":"GOZU ZONE","description":"Toujours plus pour vos jeux","potentialAction":[{"@type":"SearchAction","target":{"@type":"EntryPoint","urlTemplate":"https:\/\/gozu.zone\/?s={search_term_string}"},"query-input":{"@type":"PropertyValueSpecification","valueRequired":true,"valueName":"search_term_string"}}],"inLanguage":"fr-FR"}]}},"_links":{"self":[{"href":"https:\/\/gozu.zone\/index.php?rest_route=\/wp\/v2\/product\/9557","targetHints":{"allow":["GET"]}}],"collection":[{"href":"https:\/\/gozu.zone\/index.php?rest_route=\/wp\/v2\/product"}],"about":[{"href":"https:\/\/gozu.zone\/index.php?rest_route=\/wp\/v2\/types\/product"}],"replies":[{"embeddable":true,"href":"https:\/\/gozu.zone\/index.php?rest_route=%2Fwp%2Fv2%2Fcomments&post=9557"}],"wp:featuredmedia":[{"embeddable":true,"href":"https:\/\/gozu.zone\/index.php?rest_route=\/wp\/v2\/media\/9558"}],"wp:attachment":[{"href":"https:\/\/gozu.zone\/index.php?rest_route=%2Fwp%2Fv2%2Fmedia&parent=9557"}],"wp:term":[{"taxonomy":"product_brand","embeddable":true,"href":"https:\/\/gozu.zone\/index.php?rest_route=%2Fwp%2Fv2%2Fproduct_brand&post=9557"},{"taxonomy":"product_cat","embeddable":true,"href":"https:\/\/gozu.zone\/index.php?rest_route=%2Fwp%2Fv2%2Fproduct_cat&post=9557"},{"taxonomy":"product_tag","embeddable":true,"href":"https:\/\/gozu.zone\/index.php?rest_route=%2Fwp%2Fv2%2Fproduct_tag&post=9557"}],"curies":[{"name":"wp","href":"https:\/\/api.w.org\/{rel}","templated":true}]}}